CRAN Package Check Results for Package GGally

Last updated on 2014-04-23 12:48:18.

Flavor Version Tinstall Tcheck Ttotal Status Flags
r-devel-linux-x86_64-debian-clang 0.4.5 2.18 50.42 52.60 OK
r-devel-linux-x86_64-debian-gcc 0.4.5 2.15 50.48 52.62 OK
r-devel-linux-x86_64-fedora-clang 0.4.5 104.36 OK
r-devel-linux-x86_64-fedora-gcc 0.4.5 101.36 OK
r-devel-osx-x86_64-clang 0.4.5 95.96 OK
r-devel-osx-x86_64-gcc 0.4.5 ERROR
r-devel-windows-ix86+x86_64 0.4.5 7.00 99.00 106.00 OK
r-patched-linux-x86_64 0.4.5 2.29 50.40 52.69 OK
r-patched-solaris-sparc 0.4.5 553.90 OK
r-patched-solaris-x86 0.4.5 125.80 OK
r-release-linux-ix86 0.4.5 3.00 81.00 84.00 OK
r-release-linux-x86_64 0.4.5 2.30 48.25 50.55 OK
r-release-osx-x86_64-mavericks 0.4.5 WARN
r-release-osx-x86_64-snowleopard 0.4.5 OK
r-release-windows-ix86+x86_64 0.4.5 8.00 84.00 92.00 OK
r-oldrel-windows-ix86+x86_64 0.4.5 9.00 80.00 89.00 OK

Check Details

Version: 0.4.5
Check: package dependencies
Result: ERROR
    Package required but not available: ‘ggplot2’
    
    Packages suggested but not available for checking: ‘intergraph’ ‘scales’
    
    See the information on DESCRIPTION files in the chapter ‘Creating R
    packages’ of the ‘Writing R Extensions’ manual.
Flavor: r-devel-osx-x86_64-gcc

Version: 0.4.5
Check: Rd cross-references
Result: NOTE
    Package unavailable to check Rd xrefs: ‘arm’
Flavor: r-release-osx-x86_64-mavericks

Version: 0.4.5
Check: PDF version of manual
Result: WARNING
    LaTeX errors when creating PDF version.
    This typically indicates Rd problems.
    LaTeX errors found:
    ! LaTeX Error: File `upquote.sty' not found.
    
    Type X to quit or <RETURN> to proceed,
    or enter new name. (Default extension: sty)
    
    46413d92/Rd2.tex:8: ==> Fatal error occurred, no output PDF file produced!
Flavor: r-release-osx-x86_64-mavericks