CRAN Package Check Results for Package GGally

Last updated on 2016-02-13 21:47:09.

Flavor Version Tinstall Tcheck Ttotal Status Flags
r-devel-linux-x86_64-debian-gcc 1.0.1 2.26 148.96 151.22 NOTE
r-devel-linux-x86_64-fedora-clang 1.0.1 269.96 NOTE
r-devel-linux-x86_64-fedora-gcc 1.0.1 258.90 NOTE
r-devel-osx-x86_64-clang 1.0.1 299.27 NOTE
r-devel-windows-ix86+x86_64 1.0.1 11.00 231.00 242.00 NOTE
r-patched-linux-x86_64 1.0.1 2.63 147.77 150.40 NOTE
r-patched-solaris-sparc 1.0.1 1450.20 NOTE
r-patched-solaris-x86 1.0.1 297.70 NOTE
r-release-linux-x86_64 1.0.1 2.84 142.26 145.11 NOTE
r-release-osx-x86_64-mavericks 1.0.1 NOTE
r-release-windows-ix86+x86_64 1.0.1 11.00 250.00 261.00 NOTE
r-oldrel-windows-ix86+x86_64 1.0.0 16.00 327.00 343.00 NOTE

Check Details

Version: 1.0.1
Check: installed package size
Result: NOTE
     installed size is 7.7Mb
     sub-directories of 1Mb or more:
     doc 6.8Mb
Flavors: r-devel-linux-x86_64-debian-gcc, r-devel-linux-x86_64-fedora-clang, r-devel-linux-x86_64-fedora-gcc, r-devel-osx-x86_64-clang, r-devel-windows-ix86+x86_64, r-patched-linux-x86_64, r-patched-solaris-sparc, r-patched-solaris-x86, r-release-linux-x86_64, r-release-osx-x86_64-mavericks, r-release-windows-ix86+x86_64

Version: 1.0.0
Check: installed package size
Result: NOTE
     installed size is 7.6Mb
     sub-directories of 1Mb or more:
     doc 6.8Mb
Flavor: r-oldrel-windows-ix86+x86_64