CRAN Package Check Results for Package GGally

Last updated on 2016-04-29 19:49:47.

Flavor Version Tinstall Tcheck Ttotal Status Flags
r-devel-linux-x86_64-debian-gcc 1.0.1 2.42 147.60 150.02 NOTE
r-devel-linux-x86_64-fedora-clang 1.0.1 279.51 NOTE
r-devel-linux-x86_64-fedora-gcc 1.0.1 269.26 NOTE
r-devel-osx-x86_64-clang 1.0.1 304.04 NOTE
r-devel-windows-ix86+x86_64 1.0.1 7.00 253.00 260.00 NOTE
r-patched-linux-x86_64 1.0.1 2.32 145.26 147.58 NOTE
r-patched-solaris-sparc 1.0.1 1676.50 NOTE
r-patched-solaris-x86 1.0.1 309.60 NOTE
r-release-linux-x86_64 1.0.1 2.68 149.68 152.36 NOTE
r-release-osx-x86_64-mavericks 1.0.1 NOTE
r-release-windows-ix86+x86_64 1.0.1 8.00 239.00 247.00 NOTE
r-oldrel-windows-ix86+x86_64 1.0.0 16.00 362.00 378.00 NOTE

Check Details

Version: 1.0.1
Check: installed package size
Result: NOTE
     installed size is 7.7Mb
     sub-directories of 1Mb or more:
     doc 6.8Mb
Flavors: r-devel-linux-x86_64-debian-gcc, r-devel-linux-x86_64-fedora-clang, r-devel-linux-x86_64-fedora-gcc, r-devel-osx-x86_64-clang, r-devel-windows-ix86+x86_64, r-patched-linux-x86_64, r-patched-solaris-sparc, r-patched-solaris-x86, r-release-linux-x86_64, r-release-osx-x86_64-mavericks, r-release-windows-ix86+x86_64

Version: 1.0.0
Check: installed package size
Result: NOTE
     installed size is 7.6Mb
     sub-directories of 1Mb or more:
     doc 6.8Mb
Flavor: r-oldrel-windows-ix86+x86_64