CRAN Package Check Results for Package GGally

Last updated on 2015-08-28 10:49:02.

Flavor Version Tinstall Tcheck Ttotal Status Flags
r-devel-linux-x86_64-debian-clang 0.5.0 2.02 43.30 45.33 NOTE
r-devel-linux-x86_64-debian-gcc 0.5.0 1.82 41.19 43.01 NOTE
r-devel-linux-x86_64-fedora-clang 0.5.0 84.23 NOTE
r-devel-linux-x86_64-fedora-gcc 0.5.0 79.56 NOTE
r-devel-osx-x86_64-clang 0.5.0 86.50 NOTE
r-devel-windows-ix86+x86_64 0.5.0 9.00 73.00 82.00 NOTE
r-patched-linux-x86_64 0.5.0 1.97 42.49 44.46 NOTE
r-patched-solaris-sparc 0.5.0 540.80 NOTE
r-patched-solaris-x86 0.5.0 120.80 NOTE
r-release-linux-x86_64 0.5.0 2.10 43.43 45.53 NOTE
r-release-osx-x86_64-mavericks 0.5.0 NOTE
r-release-windows-ix86+x86_64 0.5.0 10.00 77.00 87.00 NOTE
r-oldrel-windows-ix86+x86_64 0.5.0 15.00 103.00 118.00 OK

Check Details

Version: 0.5.0
Check: DESCRIPTION meta-information
Result: NOTE
    Malformed Title field: should not end in a period.
Flavors: r-devel-linux-x86_64-debian-clang, r-devel-linux-x86_64-debian-gcc, r-devel-linux-x86_64-fedora-clang, r-devel-linux-x86_64-fedora-gcc, r-devel-osx-x86_64-clang, r-devel-windows-ix86+x86_64, r-patched-linux-x86_64, r-patched-solaris-sparc, r-patched-solaris-x86, r-release-linux-x86_64, r-release-osx-x86_64-mavericks, r-release-windows-ix86+x86_64

Version: 0.5.0
Check: R code for possible problems
Result: NOTE
    ggally_cor : cor_fn: no visible global function definition for ‘cor’
    ggally_cor: no visible global function definition for ‘complete.cases’
    ggcorr: no visible global function definition for ‘cor’
    ggnet: no visible global function definition for ‘quantile’
    ggnet: no visible global function definition for ‘head’
    ggnet: no visible global function definition for ‘na.omit’
    ggparcoord : inner_rescaler_default: no visible global function
     definition for ‘sd’
    ggparcoord : inner_rescaler_default: no visible global function
     definition for ‘median’
    ggparcoord : inner_rescaler_default: no visible global function
     definition for ‘mad’
    ggparcoord: no visible global function definition for ‘complete.cases’
    ggparcoord : <anonymous>: no visible global function definition for
     ‘median’
    ggparcoord: no visible global function definition for ‘lm’
    ggparcoord: no visible global function definition for ‘spline’
    ggsurv_m: no visible binding for global variable ‘time’
    ggsurv_s: no visible binding for global variable ‘time’
    make_ggpair_text: no visible global function definition for ‘str’
    singleClassOrder : <anonymous>: no visible global function definition
     for ‘lm’
    uppertriangle: no visible global function definition for ‘cor’
    Undefined global functions or variables:
     complete.cases cor head lm mad median na.omit quantile sd spline str
     time
    Consider adding
     importFrom("stats", "complete.cases", "cor", "lm", "mad", "median",
     "na.omit", "quantile", "sd", "spline", "time")
     importFrom("utils", "head", "str")
    to your NAMESPACE.
Flavors: r-devel-linux-x86_64-debian-clang, r-devel-linux-x86_64-debian-gcc, r-devel-linux-x86_64-fedora-clang, r-devel-linux-x86_64-fedora-gcc, r-devel-windows-ix86+x86_64

Version: 0.5.0
Check: package dependencies
Result: NOTE
    Package suggested but not available for checking: ‘arm’
Flavor: r-release-osx-x86_64-mavericks

Version: 0.5.0
Check: Rd cross-references
Result: NOTE
    Package unavailable to check Rd xrefs: ‘arm’
Flavor: r-release-osx-x86_64-mavericks