Last updated on 2023-12-02 08:49:49 CET.
Flavor | Version | Tinstall | Tcheck | Ttotal | Status | Flags |
---|---|---|---|---|---|---|
r-devel-linux-x86_64-debian-clang | 2.2.0 | 14.78 | 187.37 | 202.15 | OK | |
r-devel-linux-x86_64-debian-gcc | 2.2.0 | 11.47 | 138.16 | 149.63 | OK | |
r-devel-linux-x86_64-fedora-clang | 2.2.0 | 248.26 | OK | |||
r-devel-linux-x86_64-fedora-gcc | 2.2.0 | 270.06 | OK | |||
r-devel-windows-x86_64 | 2.2.0 | 14.00 | 167.00 | 181.00 | OK | |
r-patched-linux-x86_64 | 2.2.0 | 12.28 | 180.75 | 193.03 | OK | |
r-release-linux-x86_64 | 2.2.0 | 10.63 | 175.40 | 186.03 | OK | |
r-release-macos-arm64 | 2.2.0 | 75.00 | OK | |||
r-release-macos-x86_64 | 2.2.0 | 251.00 | OK | |||
r-release-windows-x86_64 | 2.2.0 | 20.00 | 208.00 | 228.00 | OK | |
r-oldrel-macos-arm64 | 2.2.0 | 73.00 | OK | |||
r-oldrel-macos-x86_64 | 2.1.2 | 246.00 | NOTE | |||
r-oldrel-windows-x86_64 | 2.2.0 | 20.00 | 196.00 | 216.00 | OK |
Version: 2.1.2
Check: package dependencies
Result: NOTE
Package suggested but not available for checking: ‘scagnostics’
Flavor: r-oldrel-macos-x86_64