CRAN Package Check Results for Package GGally

Last updated on 2015-04-28 03:47:20.

Flavor Version Tinstall Tcheck Ttotal Status Flags
r-devel-linux-x86_64-debian-clang 0.5.0 1.91 31.94 33.85 ERROR
r-devel-linux-x86_64-debian-gcc 0.5.0 2.69 42.06 44.76 NOTE
r-devel-linux-x86_64-fedora-clang 0.5.0 87.24 NOTE
r-devel-linux-x86_64-fedora-gcc 0.5.0 80.39 NOTE
r-devel-osx-x86_64-clang 0.5.0 77.74 NOTE
r-devel-windows-ix86+x86_64 0.5.0 6.00 65.00 71.00 NOTE
r-patched-linux-x86_64 0.5.0 1.94 40.80 42.74 NOTE
r-patched-solaris-sparc 0.5.0 509.60 NOTE
r-patched-solaris-x86 0.5.0 109.60 NOTE
r-release-linux-x86_64 0.5.0 1.84 41.88 43.72 NOTE
r-release-osx-x86_64-mavericks 0.5.0 NOTE
r-release-osx-x86_64-snowleopard 0.5.0 ERROR
r-release-windows-ix86+x86_64 0.5.0 10.00 88.00 98.00 NOTE
r-oldrel-windows-ix86+x86_64 0.5.0 9.00 78.00 87.00 OK

Check Details

Version: 0.5.0
Check: DESCRIPTION meta-information
Result: NOTE
    Malformed Title field: should not end in a period.
Flavors: r-devel-linux-x86_64-debian-clang, r-devel-linux-x86_64-debian-gcc, r-devel-linux-x86_64-fedora-clang, r-devel-linux-x86_64-fedora-gcc, r-devel-osx-x86_64-clang, r-devel-windows-ix86+x86_64, r-patched-solaris-sparc, r-patched-solaris-x86, r-release-linux-x86_64, r-release-osx-x86_64-mavericks, r-release-windows-ix86+x86_64

Version: 0.5.0
Check: examples
Result: ERROR
    Running examples in ‘GGally-Ex.R’ failed
    The error most likely occurred in:
    
    > ### Name: ggally_facethist
    > ### Title: Plots the Histograms by Faceting
    > ### Aliases: ggally_facethist
    > ### Keywords: hplot
    >
    > ### ** Examples
    >
    > data(tips, package = "reshape")
    > ggally_facethist(tips, mapping = ggplot2::aes(x = tip, y = sex))
    stat_bin: binwidth defaulted to range/30. Use 'binwidth = x' to adjust this.
    stat_bin: binwidth defaulted to range/30. Use 'binwidth = x' to adjust this.
    > ggally_facethist(tips, mapping = ggplot2::aes_string(x = "tip", y = "sex"), binwidth = 0.1)
    Warning in loop_apply(n, do.ply) :
     position_stack requires constant width: output may be incorrect
    Warning in loop_apply(n, do.ply) :
     position_stack requires constant width: output may be incorrect
    Error: incompatible types (from closure to double) in subassignment type fix
    Execution halted
Flavor: r-devel-linux-x86_64-debian-clang

Version: 0.5.0
Check: package dependencies
Result: NOTE
    Package suggested but not available for checking: ‘arm’
Flavor: r-release-osx-x86_64-mavericks

Version: 0.5.0
Check: Rd cross-references
Result: NOTE
    Package unavailable to check Rd xrefs: ‘arm’
Flavor: r-release-osx-x86_64-mavericks

Version: 0.5.0
Check: package dependencies
Result: ERROR
    Package required but not available: ‘ggplot2’
    
    Packages suggested but not available for checking:
     ‘intergraph’ ‘scales’ ‘tnet’
    
    See section ‘The DESCRIPTION file’ in the ‘Writing R Extensions’
    manual.
Flavor: r-release-osx-x86_64-snowleopard