CRAN Package Check Results for Package GGally

Last updated on 2017-04-23 15:48:21.

Flavor Version Tinstall Tcheck Ttotal Status Flags
r-devel-linux-x86_64-debian-clang 1.3.0 2.38 212.55 214.93 OK
r-devel-linux-x86_64-debian-gcc 1.3.0 2.34 208.33 210.66 OK
r-devel-linux-x86_64-fedora-clang 1.3.0 399.03 OK --no-stop-on-test-error
r-devel-linux-x86_64-fedora-gcc 1.3.0 389.04 OK --no-stop-on-test-error
r-devel-windows-ix86+x86_64 1.3.0 13.00 434.00 447.00 OK
r-patched-linux-x86_64 1.3.0 2.47 207.56 210.03 OK
r-patched-solaris-sparc 1.3.0 2177.50 OK
r-patched-solaris-x86 1.3.0 445.20 OK
r-release-linux-x86_64 1.3.0 2.68 203.17 205.85 OK
r-release-windows-ix86+x86_64 1.3.0 7.00 308.00 315.00 OK
r-release-osx-x86_64 1.3.0 ERROR
r-oldrel-windows-ix86+x86_64 1.3.0 7.00 303.00 310.00 OK
r-oldrel-osx-x86_64 1.3.0 OK

Check Details

Version: 1.3.0
Check: package dependencies
Result: ERROR
    Package suggested but not available for checking: ‘packagedocs’
    
    VignetteBuilder package required for checking but not installed: ‘packagedocs’
    
    See section ‘The DESCRIPTION file’ in the ‘Writing R Extensions’
    manual.
Flavor: r-release-osx-x86_64