CRAN Package Check Results for Package GGally

Last updated on 2015-03-01 12:47:37.

Flavor Version Tinstall Tcheck Ttotal Status Flags
r-devel-linux-x86_64-debian-clang 0.5.0 2.04 42.24 44.28 NOTE
r-devel-linux-x86_64-debian-gcc 0.5.0 1.83 41.83 43.66 NOTE
r-devel-linux-x86_64-fedora-clang 0.5.0 86.56 NOTE
r-devel-linux-x86_64-fedora-gcc 0.5.0 85.23 NOTE
r-devel-osx-x86_64-clang 0.5.0 79.30 NOTE
r-devel-windows-ix86+x86_64 0.5.0 9.00 64.00 73.00 NOTE
r-patched-linux-x86_64 0.5.0 2.71 52.87 55.58 OK
r-patched-solaris-sparc 0.5.0 614.40 OK
r-patched-solaris-x86 0.5.0 131.90 OK
r-release-linux-ix86 0.5.0 3.29 62.52 65.82 OK
r-release-linux-x86_64 0.5.0 2.73 53.20 55.92 OK
r-release-osx-x86_64-mavericks 0.5.0 OK
r-release-osx-x86_64-snowleopard 0.5.0 OK
r-release-windows-ix86+x86_64 0.5.0 10.00 89.00 99.00 OK
r-oldrel-windows-ix86+x86_64 0.5.0 10.00 91.00 101.00 OK

Check Details

Version: 0.5.0
Check: DESCRIPTION meta-information
Result: NOTE
    Malformed Title field: should not end in a period.
Flavors: r-devel-linux-x86_64-debian-clang, r-devel-linux-x86_64-debian-gcc, r-devel-linux-x86_64-fedora-clang, r-devel-linux-x86_64-fedora-gcc, r-devel-osx-x86_64-clang, r-devel-windows-ix86+x86_64