CRAN Package Check Results for Package GGally

Last updated on 2016-05-27 09:50:14.

Flavor Version Tinstall Tcheck Ttotal Status Flags
r-devel-linux-x86_64-debian-gcc 1.0.1 2.55 148.31 150.86 NOTE
r-devel-linux-x86_64-fedora-clang 1.0.1 278.86 NOTE
r-devel-linux-x86_64-fedora-gcc 1.0.1 282.09 NOTE
r-devel-osx-x86_64-clang 1.0.1 310.03 NOTE
r-devel-windows-ix86+x86_64 1.0.1 8.00 238.00 246.00 NOTE
r-patched-linux-x86_64 1.0.1 2.35 145.47 147.82 NOTE
r-patched-solaris-sparc 1.0.1 1591.40 NOTE
r-patched-solaris-x86 1.0.1 307.20 NOTE
r-release-linux-x86_64 1.0.1 2.48 148.10 150.58 NOTE
r-release-osx-x86_64-mavericks 1.0.1 NOTE
r-release-windows-ix86+x86_64 1.0.1 12.00 236.00 248.00 NOTE
r-oldrel-windows-ix86+x86_64 1.0.1 9.00 279.00 288.00 NOTE

Check Details

Version: 1.0.1
Check: installed package size
Result: NOTE
     installed size is 7.7Mb
     sub-directories of 1Mb or more:
     doc 6.8Mb
Flavors: r-devel-linux-x86_64-debian-gcc, r-devel-linux-x86_64-fedora-clang, r-devel-linux-x86_64-fedora-gcc, r-devel-osx-x86_64-clang, r-devel-windows-ix86+x86_64, r-patched-linux-x86_64, r-patched-solaris-sparc, r-patched-solaris-x86, r-release-linux-x86_64, r-release-osx-x86_64-mavericks, r-release-windows-ix86+x86_64, r-oldrel-windows-ix86+x86_64