CRAN Package Check Results for Package GGally

Last updated on 2016-06-30 19:46:39.

Flavor Version Tinstall Tcheck Ttotal Status Flags
r-devel-linux-x86_64-debian-gcc 1.1.0 2.74 181.36 184.11 NOTE
r-devel-linux-x86_64-fedora-clang 1.1.0 317.52 NOTE
r-devel-linux-x86_64-fedora-gcc 1.1.0 300.97 NOTE
r-devel-osx-x86_64-clang 1.1.0 258.83 NOTE
r-devel-windows-ix86+x86_64 1.1.0 9.00 289.00 298.00 NOTE
r-patched-linux-x86_64 1.1.0 2.83 179.67 182.49 NOTE
r-patched-solaris-sparc 1.1.0 1777.10 NOTE
r-patched-solaris-x86 1.1.0 351.90 NOTE
r-release-linux-x86_64 1.1.0 2.56 171.67 174.22 NOTE
r-release-osx-x86_64-mavericks 1.1.0 NOTE
r-release-windows-ix86+x86_64 1.1.0 13.00 357.00 370.00 NOTE
r-oldrel-windows-ix86+x86_64 1.1.0 6.00 2.00 8.00 ERROR

Check Details

Version: 1.1.0
Check: installed package size
Result: NOTE
     installed size is 10.5Mb
     sub-directories of 1Mb or more:
     doc 9.7Mb
Flavors: r-devel-linux-x86_64-debian-gcc, r-devel-linux-x86_64-fedora-clang, r-devel-linux-x86_64-fedora-gcc, r-devel-osx-x86_64-clang, r-devel-windows-ix86+x86_64, r-patched-linux-x86_64, r-patched-solaris-sparc, r-patched-solaris-x86, r-release-linux-x86_64, r-release-osx-x86_64-mavericks, r-release-windows-ix86+x86_64

Version: 1.1.0
Check: package dependencies
Result: ERROR
    Package required and available but unsuitable version: 'grid'
    
    See section 'The DESCRIPTION file' in the 'Writing R Extensions'
    manual.
Flavor: r-oldrel-windows-ix86+x86_64