CRAN Package Check Results for Package GGally

Last updated on 2015-05-25 18:46:57.

Flavor Version Tinstall Tcheck Ttotal Status Flags
r-devel-linux-x86_64-debian-clang 0.5.0 1.96 41.53 43.49 NOTE
r-devel-linux-x86_64-debian-gcc 0.5.0 1.87 44.60 46.47 NOTE
r-devel-linux-x86_64-fedora-clang 0.5.0 83.57 NOTE
r-devel-linux-x86_64-fedora-gcc 0.5.0 83.19 NOTE
r-devel-osx-x86_64-clang 0.5.0 75.61 NOTE
r-devel-windows-ix86+x86_64 0.5.0 8.00 72.00 80.00 NOTE
r-patched-linux-x86_64 0.5.0 1.96 41.22 43.18 NOTE
r-patched-solaris-sparc 0.5.0 522.30 NOTE
r-patched-solaris-x86 0.5.0 117.10 NOTE
r-release-linux-x86_64 0.5.0 1.92 44.52 46.44 NOTE
r-release-osx-x86_64-mavericks 0.5.0 NOTE
r-release-osx-x86_64-snowleopard 0.5.0 ERROR
r-release-windows-ix86+x86_64 0.5.0 7.00 70.00 77.00 NOTE
r-oldrel-windows-ix86+x86_64 0.5.0 11.00 86.00 97.00 OK

Check Details

Version: 0.5.0
Check: DESCRIPTION meta-information
Result: NOTE
    Malformed Title field: should not end in a period.
Flavors: r-devel-linux-x86_64-debian-clang, r-devel-linux-x86_64-debian-gcc, r-devel-linux-x86_64-fedora-clang, r-devel-linux-x86_64-fedora-gcc, r-devel-osx-x86_64-clang, r-devel-windows-ix86+x86_64, r-patched-linux-x86_64, r-patched-solaris-sparc, r-patched-solaris-x86, r-release-linux-x86_64, r-release-osx-x86_64-mavericks, r-release-windows-ix86+x86_64

Version: 0.5.0
Check: package dependencies
Result: NOTE
    Package suggested but not available for checking: ‘arm’
Flavor: r-release-osx-x86_64-mavericks

Version: 0.5.0
Check: Rd cross-references
Result: NOTE
    Package unavailable to check Rd xrefs: ‘arm’
Flavor: r-release-osx-x86_64-mavericks

Version: 0.5.0
Check: package dependencies
Result: ERROR
    Package required but not available: ‘ggplot2’
    
    Packages suggested but not available for checking:
     ‘intergraph’ ‘scales’ ‘tnet’
    
    See section ‘The DESCRIPTION file’ in the ‘Writing R Extensions’
    manual.
Flavor: r-release-osx-x86_64-snowleopard