CRAN Package Check Results for Package GGally

Last updated on 2015-07-03 23:47:34.

Flavor Version Tinstall Tcheck Ttotal Status Flags
r-devel-linux-x86_64-debian-clang 0.5.0 2.29 42.22 44.51 NOTE
r-devel-linux-x86_64-debian-gcc 0.5.0 1.88 41.97 43.84 NOTE
r-devel-linux-x86_64-fedora-clang 0.5.0 86.11 NOTE
r-devel-linux-x86_64-fedora-gcc 0.5.0 80.52 NOTE
r-devel-osx-x86_64-clang 0.5.0 78.56 NOTE
r-devel-windows-ix86+x86_64 0.5.0 7.00 70.00 77.00 NOTE
r-patched-linux-x86_64 0.5.0 1.93 45.92 47.86 NOTE
r-patched-solaris-sparc 0.5.0 522.30 NOTE
r-patched-solaris-x86 0.5.0 119.70 NOTE
r-release-linux-x86_64 0.5.0 1.96 43.45 45.42 NOTE
r-release-osx-x86_64-mavericks 0.5.0 NOTE
r-release-windows-ix86+x86_64 0.5.0 10.00 62.00 72.00 NOTE
r-oldrel-windows-ix86+x86_64 0.5.0 10.00 89.00 99.00 OK

Check Details

Version: 0.5.0
Check: DESCRIPTION meta-information
Result: NOTE
    Malformed Title field: should not end in a period.
Flavors: r-devel-linux-x86_64-debian-clang, r-devel-linux-x86_64-debian-gcc, r-devel-linux-x86_64-fedora-clang, r-devel-linux-x86_64-fedora-gcc, r-devel-osx-x86_64-clang, r-devel-windows-ix86+x86_64, r-patched-linux-x86_64, r-patched-solaris-sparc, r-patched-solaris-x86, r-release-linux-x86_64, r-release-osx-x86_64-mavericks, r-release-windows-ix86+x86_64

Version: 0.5.0
Check: R code for possible problems
Result: NOTE
    ggally_cor : cor_fn: no visible global function definition for ‘cor’
    ggally_cor: no visible global function definition for ‘complete.cases’
    ggcorr: no visible global function definition for ‘cor’
    ggnet: no visible global function definition for ‘quantile’
    ggnet: no visible global function definition for ‘head’
    ggnet: no visible global function definition for ‘na.omit’
    ggparcoord : inner_rescaler_default: no visible global function
     definition for ‘sd’
    ggparcoord : inner_rescaler_default: no visible global function
     definition for ‘median’
    ggparcoord : inner_rescaler_default: no visible global function
     definition for ‘mad’
    ggparcoord: no visible global function definition for ‘complete.cases’
    ggparcoord : <anonymous>: no visible global function definition for
     ‘median’
    ggparcoord: no visible global function definition for ‘lm’
    ggparcoord: no visible global function definition for ‘spline’
    ggsurv_m: no visible binding for global variable ‘time’
    ggsurv_s: no visible binding for global variable ‘time’
    make_ggpair_text: no visible global function definition for ‘str’
    singleClassOrder : <anonymous>: no visible global function definition
     for ‘lm’
    uppertriangle: no visible global function definition for ‘cor’
    Undefined global functions or variables:
     complete.cases cor head lm mad median na.omit quantile sd spline str
     time
Flavors: r-devel-linux-x86_64-debian-clang, r-devel-linux-x86_64-debian-gcc, r-devel-linux-x86_64-fedora-clang, r-devel-linux-x86_64-fedora-gcc, r-devel-windows-ix86+x86_64

Version: 0.5.0
Check: package dependencies
Result: NOTE
    Package suggested but not available for checking: ‘arm’
Flavor: r-release-osx-x86_64-mavericks

Version: 0.5.0
Check: Rd cross-references
Result: NOTE
    Package unavailable to check Rd xrefs: ‘arm’
Flavor: r-release-osx-x86_64-mavericks