CRAN Package Check Results for Package GIGrvg

Last updated on 2015-07-06 11:48:05.

Flavor Version Tinstall Tcheck Ttotal Status Flags
r-devel-linux-x86_64-debian-clang 0.3 0.89 8.26 9.14 NOTE
r-devel-linux-x86_64-debian-gcc 0.3 0.90 8.29 9.18 NOTE
r-devel-linux-x86_64-fedora-clang 0.3 17.20 NOTE
r-devel-linux-x86_64-fedora-gcc 0.3 16.04 NOTE
r-devel-osx-x86_64-clang 0.3 19.17 NOTE
r-devel-windows-ix86+x86_64 0.3 6.00 19.00 25.00 NOTE
r-patched-linux-x86_64 0.3 0.97 8.74 9.71 NOTE
r-patched-solaris-sparc 0.3 118.90 NOTE
r-patched-solaris-x86 0.3 28.90 NOTE
r-release-linux-x86_64 0.3 0.96 8.64 9.60 NOTE
r-release-osx-x86_64-mavericks 0.3 NOTE
r-release-windows-ix86+x86_64 0.3 6.00 21.00 27.00 NOTE
r-oldrel-windows-ix86+x86_64 0.3 9.00 30.00 39.00 OK

Check Details

Version: 0.3
Check: DESCRIPTION meta-information
Result: NOTE
    Malformed Description field: should contain one or more complete sentences.
Flavors: r-devel-linux-x86_64-debian-clang, r-devel-linux-x86_64-debian-gcc, r-devel-linux-x86_64-fedora-clang, r-devel-linux-x86_64-fedora-gcc, r-devel-osx-x86_64-clang, r-devel-windows-ix86+x86_64, r-patched-linux-x86_64, r-patched-solaris-sparc, r-patched-solaris-x86, r-release-linux-x86_64, r-release-osx-x86_64-mavericks, r-release-windows-ix86+x86_64