CRAN Package Check Results for Package GIGrvg

Last updated on 2015-03-04 03:46:48.

Flavor Version Tinstall Tcheck Ttotal Status Flags
r-devel-linux-x86_64-debian-clang 0.3 0.90 9.72 10.62 NOTE
r-devel-linux-x86_64-debian-gcc 0.3 0.93 8.97 9.90 NOTE
r-devel-linux-x86_64-fedora-clang 0.3 18.79 NOTE
r-devel-linux-x86_64-fedora-gcc 0.3 17.64 NOTE
r-devel-osx-x86_64-clang 0.3 22.69 NOTE
r-devel-windows-ix86+x86_64 0.3 10.00 21.00 31.00 NOTE
r-patched-linux-x86_64 0.3 0.99 9.52 10.51 OK
r-patched-solaris-sparc 0.3 150.30 OK
r-patched-solaris-x86 0.3 31.80 OK
r-release-linux-ix86 0.3 1.39 16.32 17.71 OK
r-release-linux-x86_64 0.3 0.97 9.51 10.48 OK
r-release-osx-x86_64-mavericks 0.3 OK
r-release-osx-x86_64-snowleopard 0.3 OK
r-release-windows-ix86+x86_64 0.3 6.00 20.00 26.00 OK
r-oldrel-windows-ix86+x86_64 0.3 6.00 24.00 30.00 OK

Check Details

Version: 0.3
Check: DESCRIPTION meta-information
Result: NOTE
    Malformed Description field: should contain one or more complete sentences.
Flavors: r-devel-linux-x86_64-debian-clang, r-devel-linux-x86_64-debian-gcc, r-devel-linux-x86_64-fedora-clang, r-devel-linux-x86_64-fedora-gcc, r-devel-osx-x86_64-clang, r-devel-windows-ix86+x86_64