CRAN Package Check Results for Package GIGrvg

Last updated on 2017-04-24 18:47:18.

Flavor Version Tinstall Tcheck Ttotal Status Flags
r-devel-linux-x86_64-debian-clang 0.4 1.07 10.55 11.62 NOTE
r-devel-linux-x86_64-debian-gcc 0.4 1.05 10.41 11.46 NOTE
r-devel-linux-x86_64-fedora-clang 0.4 19.67 NOTE --no-stop-on-test-error
r-devel-linux-x86_64-fedora-gcc 0.4 18.73 NOTE --no-stop-on-test-error
r-devel-windows-ix86+x86_64 0.4 OK
r-patched-linux-x86_64 0.4 1.01 10.38 11.39 NOTE
r-patched-solaris-sparc 0.4 138.80 OK
r-patched-solaris-x86 0.4 28.60 OK
r-release-linux-x86_64 0.4 1.04 10.48 11.51 NOTE
r-release-windows-ix86+x86_64 0.4 8.00 30.00 38.00 OK
r-release-osx-x86_64 0.4 OK
r-oldrel-windows-ix86+x86_64 0.4 17.00 28.00 45.00 OK
r-oldrel-osx-x86_64 0.4 OK

Check Details

Version: 0.4
Check: compiled code
Result: NOTE
    File ‘GIGrvg/libs/GIGrvg.so’:
     Found no calls to: ‘R_registerRoutines’, ‘R_useDynamicSymbols’
    
    It is good practice to register native routines and to disable symbol
    search.
    
    See ‘Writing portable packages’ in the ‘Writing R Extensions’ manual.
Flavors: r-devel-linux-x86_64-debian-clang, r-devel-linux-x86_64-debian-gcc, r-patched-linux-x86_64, r-release-linux-x86_64

Version: 0.4
Flags: --no-stop-on-test-error
Check: compiled code
Result: NOTE
    File ‘GIGrvg/libs/GIGrvg.so’:
     Found no calls to: ‘R_registerRoutines’, ‘R_useDynamicSymbols’
    
    It is good practice to register native routines and to disable symbol
    search.
    
    See ‘Writing portable packages’ in the ‘Writing R Extensions’ manual.
Flavors: r-devel-linux-x86_64-fedora-clang, r-devel-linux-x86_64-fedora-gcc