CRAN Package Check Results for Package GIGrvg

Last updated on 2014-04-23 07:54:59.

Flavor Version Tinstall Tcheck Ttotal Status Flags
r-devel-linux-x86_64-debian-clang 0.2 0.91 9.39 10.30 OK
r-devel-linux-x86_64-debian-gcc 0.2 1.12 8.99 10.11 OK
r-devel-linux-x86_64-fedora-clang 0.2 19.24 OK
r-devel-linux-x86_64-fedora-gcc 0.2 17.48 OK
r-devel-osx-x86_64-clang 0.2 22.81 OK
r-devel-osx-x86_64-gcc 0.2 NOTE
r-devel-windows-ix86+x86_64 0.2 5.00 18.00 23.00 OK
r-patched-linux-x86_64 0.2 0.93 9.13 10.06 OK
r-patched-solaris-sparc 0.2 113.20 OK
r-patched-solaris-x86 0.2 30.20 OK
r-release-linux-ix86 0.2 2.00 21.00 23.00 OK
r-release-linux-x86_64 0.2 0.92 8.90 9.83 OK
r-release-osx-x86_64-mavericks 0.2 OK
r-release-osx-x86_64-snowleopard 0.2 OK
r-release-windows-ix86+x86_64 0.2 12.00 26.00 38.00 OK
r-oldrel-windows-ix86+x86_64 0.2 5.00 20.00 25.00 OK

Check Details

Version: 0.2
Check: Rd cross-references
Result: NOTE
    Packages unavailable to check Rd xrefs: ‘Runuran’, ‘ghyp’
Flavor: r-devel-osx-x86_64-gcc