CRAN Package Check Results for Package GIGrvg

Last updated on 2017-05-26 20:47:35.

Flavor Version Tinstall Tcheck Ttotal Status Flags
r-devel-linux-x86_64-debian-clang 0.4 1.15 10.56 11.71 NOTE
r-devel-linux-x86_64-debian-gcc 0.4 1.05 10.63 11.68 NOTE
r-devel-linux-x86_64-fedora-clang 0.4 19.60 NOTE
r-devel-linux-x86_64-fedora-gcc 0.4 18.80 NOTE
r-devel-windows-ix86+x86_64 0.4 13.00 40.00 53.00 OK
r-patched-linux-x86_64 0.4 1.25 11.03 12.28 NOTE
r-patched-solaris-sparc 0.4 138.80 OK
r-patched-solaris-x86 0.4 28.20 OK
r-release-linux-x86_64 0.4 1.15 10.36 11.51 NOTE
r-release-windows-ix86+x86_64 0.4 8.00 30.00 38.00 OK
r-release-osx-x86_64 0.4 OK
r-oldrel-windows-ix86+x86_64 0.4 17.00 28.00 45.00 OK
r-oldrel-osx-x86_64 0.4 OK

Additional issues

rchk

Check Details

Version: 0.4
Check: compiled code
Result: NOTE
    File ‘GIGrvg/libs/GIGrvg.so’:
     Found no calls to: ‘R_registerRoutines’, ‘R_useDynamicSymbols’
    
    It is good practice to register native routines and to disable symbol
    search.
    
    See ‘Writing portable packages’ in the ‘Writing R Extensions’ manual.
Flavors: r-devel-linux-x86_64-debian-clang, r-devel-linux-x86_64-debian-gcc, r-devel-linux-x86_64-fedora-clang, r-devel-linux-x86_64-fedora-gcc, r-patched-linux-x86_64, r-release-linux-x86_64