CRAN Package Check Results for Package GIGrvg

Last updated on 2015-04-19 23:49:14.

Flavor Version Tinstall Tcheck Ttotal Status Flags
r-devel-linux-x86_64-debian-clang 0.3 0.91 8.87 9.78 NOTE
r-devel-linux-x86_64-debian-gcc 0.3 0.94 8.97 9.91 NOTE
r-devel-linux-x86_64-fedora-clang 0.3 18.74 NOTE
r-devel-linux-x86_64-fedora-gcc 0.3 18.51 NOTE
r-devel-osx-x86_64-clang 0.3 23.51 NOTE
r-devel-windows-ix86+x86_64 0.3 7.00 22.00 29.00 NOTE
r-patched-linux-x86_64 0.3 0.95 8.70 9.65 NOTE
r-patched-solaris-sparc 0.3 126.90 NOTE
r-patched-solaris-x86 0.3 28.10 NOTE
r-release-linux-x86_64 0.3 0.93 8.70 9.63 NOTE
r-release-osx-x86_64-mavericks 0.3 NOTE
r-release-osx-x86_64-snowleopard 0.3 NOTE
r-release-windows-ix86+x86_64 0.3 4.00 20.00 24.00 NOTE
r-oldrel-windows-ix86+x86_64 0.3 9.00 30.00 39.00 OK

Check Details

Version: 0.3
Check: DESCRIPTION meta-information
Result: NOTE
    Malformed Description field: should contain one or more complete sentences.
Flavors: r-devel-linux-x86_64-debian-clang, r-devel-linux-x86_64-debian-gcc, r-devel-linux-x86_64-fedora-clang, r-devel-linux-x86_64-fedora-gcc, r-devel-osx-x86_64-clang, r-devel-windows-ix86+x86_64, r-patched-linux-x86_64, r-patched-solaris-sparc, r-patched-solaris-x86, r-release-linux-x86_64, r-release-osx-x86_64-mavericks, r-release-osx-x86_64-snowleopard, r-release-windows-ix86+x86_64