CRAN Package Check Results for Package GISTools

Last updated on 2014-11-23 19:47:46.

Flavor Version Tinstall Tcheck Ttotal Status Flags
r-devel-linux-x86_64-debian-clang 0.7-4 2.35 28.47 30.82 OK
r-devel-linux-x86_64-debian-gcc 0.7-4 1.78 27.32 29.11 OK
r-devel-linux-x86_64-fedora-clang 0.7-4 72.33 OK
r-devel-linux-x86_64-fedora-gcc 0.7-4 62.00 OK
r-devel-osx-x86_64-clang 0.7-4 59.11 OK
r-devel-windows-ix86+x86_64 0.7-4 9.00 48.00 57.00 OK
r-patched-linux-x86_64 0.7-4 1.76 28.46 30.22 OK
r-patched-solaris-sparc 0.7-4 348.80 OK
r-patched-solaris-x86 0.7-4 89.60 OK
r-release-linux-ix86 0.7-4 2.46 36.55 39.01 OK
r-release-linux-x86_64 0.7-4 1.99 28.39 30.38 OK
r-release-osx-x86_64-mavericks 0.7-4 ERROR
r-release-osx-x86_64-snowleopard 0.7-4 OK
r-release-windows-ix86+x86_64 0.7-4 8.00 50.00 58.00 OK
r-oldrel-windows-ix86+x86_64 0.7-4 8.00 53.00 61.00 OK

Check Details

Version: 0.7-4
Check: package dependencies
Result: ERROR
    Package required but not available: ‘rgeos’
    
    See the information on DESCRIPTION files in the chapter ‘Creating R
    packages’ of the ‘Writing R Extensions’ manual.
Flavor: r-release-osx-x86_64-mavericks