CRAN Package Check Results for Package GISTools

Last updated on 2015-03-03 22:48:19.

Flavor Version Tinstall Tcheck Ttotal Status Flags
r-devel-linux-x86_64-debian-clang 0.7-4 1.68 24.81 26.48 OK
r-devel-linux-x86_64-debian-gcc 0.7-4 1.56 24.36 25.92 OK
r-devel-linux-x86_64-fedora-clang 0.7-4 51.42 OK
r-devel-linux-x86_64-fedora-gcc 0.7-4 51.35 OK
r-devel-osx-x86_64-clang 0.7-4 55.09 OK
r-devel-windows-ix86+x86_64 0.7-4 7.00 45.00 52.00 OK
r-patched-linux-x86_64 0.7-4 1.94 28.90 30.84 OK
r-patched-solaris-sparc 0.7-4 408.00 OK
r-patched-solaris-x86 0.7-4 91.20 OK
r-release-linux-ix86 0.7-4 2.58 37.58 40.15 OK
r-release-linux-x86_64 0.7-4 2.80 32.84 35.64 OK
r-release-osx-x86_64-mavericks 0.7-4 ERROR
r-release-osx-x86_64-snowleopard 0.7-4 OK
r-release-windows-ix86+x86_64 0.7-4 13.00 72.00 85.00 OK
r-oldrel-windows-ix86+x86_64 0.7-4 9.00 54.00 63.00 OK

Check Details

Version: 0.7-4
Check: package dependencies
Result: ERROR
    Package required but not available: ‘rgeos’
    
    See section ‘The DESCRIPTION file’ in the ‘Writing R Extensions’
    manual.
Flavor: r-release-osx-x86_64-mavericks