CRAN Package Check Results for Package GISTools

Last updated on 2014-04-24 19:53:59.

Flavor Version Tinstall Tcheck Ttotal Status Flags
r-devel-linux-x86_64-debian-clang 0.7-2 1.94 30.00 31.94 OK
r-devel-linux-x86_64-debian-gcc 0.7-2 1.88 30.00 31.88 OK
r-devel-linux-x86_64-fedora-clang 0.7-2 65.74 OK
r-devel-linux-x86_64-fedora-gcc 0.7-2 62.85 OK
r-devel-osx-x86_64-clang 0.7-2 62.95 OK
r-devel-osx-x86_64-gcc 0.7-2 ERROR
r-devel-windows-ix86+x86_64 0.7-2 8.00 47.00 55.00 OK
r-patched-linux-x86_64 0.7-2 1.82 29.54 31.36 OK
r-patched-solaris-sparc 0.7-2 372.50 OK
r-patched-solaris-x86 0.7-2 91.50 OK
r-release-linux-ix86 0.7-2 4.00 80.00 84.00 OK
r-release-linux-x86_64 0.7-2 1.85 29.38 31.22 OK
r-release-osx-x86_64-mavericks 0.7-2 ERROR
r-release-osx-x86_64-snowleopard 0.7-2 OK
r-release-windows-ix86+x86_64 0.7-2 8.00 51.00 59.00 OK
r-oldrel-windows-ix86+x86_64 0.7-2 9.00 54.00 63.00 OK

Check Details

Version: 0.7-2
Check: package dependencies
Result: ERROR
    Packages required but not available: ‘maptools’ ‘rgeos’
    
    See the information on DESCRIPTION files in the chapter ‘Creating R
    packages’ of the ‘Writing R Extensions’ manual.
Flavors: r-devel-osx-x86_64-gcc, r-release-osx-x86_64-mavericks