CRAN Package Check Results for Package GISTools

Last updated on 2014-07-25 12:47:32.

Flavor Version Tinstall Tcheck Ttotal Status Flags
r-devel-linux-x86_64-debian-clang 0.7-2 1.75 28.08 29.84 OK
r-devel-linux-x86_64-debian-gcc 0.7-2 1.79 27.82 29.61 OK
r-devel-linux-x86_64-fedora-clang 0.7-2 64.96 OK
r-devel-linux-x86_64-fedora-gcc 0.7-2 62.76 OK
r-devel-osx-x86_64-clang 0.7-2 70.96 OK
r-devel-windows-ix86+x86_64 0.7-2 7.00 47.00 54.00 OK
r-patched-linux-x86_64 0.7-2 1.87 28.29 30.16 OK
r-patched-solaris-sparc 0.7-2 372.50 OK
r-patched-solaris-x86 0.7-2 87.90 OK
r-release-linux-ix86 0.7-2 2.40 58.11 60.51 OK
r-release-linux-x86_64 0.7-2 1.78 29.03 30.81 OK
r-release-osx-x86_64-mavericks 0.7-2 ERROR
r-release-osx-x86_64-snowleopard 0.7-2 OK
r-release-windows-ix86+x86_64 0.7-2 6.00 46.00 52.00 OK
r-oldrel-windows-ix86+x86_64 0.7-2 8.00 53.00 61.00 OK

Check Details

Version: 0.7-2
Check: package dependencies
Result: ERROR
    Package required but not available: ‘rgeos’
    
    See the information on DESCRIPTION files in the chapter ‘Creating R
    packages’ of the ‘Writing R Extensions’ manual.
Flavor: r-release-osx-x86_64-mavericks