CRAN Package Check Results for Package GISTools

Last updated on 2014-08-28 14:47:29.

Flavor Version Tinstall Tcheck Ttotal Status Flags
r-devel-linux-x86_64-debian-clang 0.7-3 1.88 28.20 30.08 OK
r-devel-linux-x86_64-debian-gcc 0.7-3 2.44 27.62 30.06 OK
r-devel-linux-x86_64-fedora-clang 0.7-3 64.08 OK
r-devel-linux-x86_64-fedora-gcc 0.7-3 61.00 OK
r-devel-osx-x86_64-clang 0.7-3 58.05 OK
r-devel-windows-ix86+x86_64 0.7-3 9.00 51.00 60.00 OK
r-patched-linux-x86_64 0.7-3 1.77 28.56 30.32 OK
r-patched-solaris-sparc 0.7-3 343.60 OK
r-patched-solaris-x86 0.7-3 89.80 OK
r-release-linux-ix86 0.7-3 2.48 40.99 43.47 OK
r-release-linux-x86_64 0.7-3 1.82 28.98 30.80 OK
r-release-osx-x86_64-mavericks 0.7-3 ERROR
r-release-osx-x86_64-snowleopard 0.7-3 OK
r-release-windows-ix86+x86_64 0.7-3 6.00 51.00 57.00 OK
r-oldrel-windows-ix86+x86_64 0.7-3 9.00 54.00 63.00 OK

Check Details

Version: 0.7-3
Check: package dependencies
Result: ERROR
    Package required but not available: ‘rgeos’
    
    See the information on DESCRIPTION files in the chapter ‘Creating R
    packages’ of the ‘Writing R Extensions’ manual.
Flavor: r-release-osx-x86_64-mavericks