CRAN Package Check Results for Package GISTools

Last updated on 2014-12-22 23:48:47.

Flavor Version Tinstall Tcheck Ttotal Status Flags
r-devel-linux-x86_64-debian-clang 0.7-4 2.20 30.89 33.09 OK
r-devel-linux-x86_64-debian-gcc 0.7-4 1.97 28.08 30.06 OK
r-devel-linux-x86_64-fedora-clang 0.7-4 66.94 OK
r-devel-linux-x86_64-fedora-gcc 0.7-4 63.53 OK
r-devel-osx-x86_64-clang 0.7-4 58.42 OK
r-devel-windows-ix86+x86_64 0.7-4 9.00 52.00 61.00 OK
r-patched-linux-x86_64 0.7-4 1.75 28.33 30.08 OK
r-patched-solaris-sparc 0.7-4 390.30 OK
r-patched-solaris-x86 0.7-4 90.60 OK
r-release-linux-ix86 0.7-4 2.41 36.62 39.02 OK
r-release-linux-x86_64 0.7-4 1.74 31.51 33.25 OK
r-release-osx-x86_64-mavericks 0.7-4 ERROR
r-release-osx-x86_64-snowleopard 0.7-4 OK
r-release-windows-ix86+x86_64 0.7-4 8.00 54.00 62.00 OK
r-oldrel-windows-ix86+x86_64 0.7-4 8.00 55.00 63.00 OK

Check Details

Version: 0.7-4
Check: package dependencies
Result: ERROR
    Package required but not available: ‘rgeos’
    
    See the information on DESCRIPTION files in the chapter ‘Creating R
    packages’ of the ‘Writing R Extensions’ manual.
Flavor: r-release-osx-x86_64-mavericks