CRAN Package Check Results for Package GISTools

Last updated on 2016-12-10 12:53:43.

Flavor Version Tinstall Tcheck Ttotal Status Flags
r-devel-linux-x86_64-debian-clang 0.7-4 1.88 29.04 30.92 NOTE
r-devel-linux-x86_64-debian-gcc 0.7-4 2.00 29.03 31.03 NOTE
r-devel-linux-x86_64-fedora-clang 0.7-4 56.82 NOTE --no-stop-on-test-error
r-devel-linux-x86_64-fedora-gcc 0.7-4 53.86 NOTE --no-stop-on-test-error
r-devel-macos-x86_64-clang 0.7-4 44.35 NOTE --no-stop-on-test-error
r-devel-windows-ix86+x86_64 0.7-4 8.00 67.00 75.00 NOTE
r-patched-linux-x86_64 0.7-4 1.63 24.82 26.46 NOTE
r-patched-solaris-sparc 0.7-4 312.90 NOTE
r-patched-solaris-x86 0.7-4 69.40 NOTE
r-release-linux-x86_64 0.7-4 1.69 25.10 26.78 NOTE
r-release-osx-x86_64-mavericks 0.7-4 NOTE
r-release-windows-ix86+x86_64 0.7-4 9.00 58.00 67.00 NOTE
r-oldrel-windows-ix86+x86_64 0.7-4 10.00 58.00 68.00 OK

Check Details

Version: 0.7-4
Check: R code for possible problems
Result: NOTE
    choro.legend: no visible global function definition for ‘strwidth’
    choro.legend: no visible global function definition for ‘legend’
    choro.legend: no visible global function definition for ‘text’
    jitter.points: no visible global function definition for ‘rnorm’
    level.plot: no visible global function definition for ‘.filled.contour’
    map.scale: no visible global function definition for ‘par’
    map.scale: no visible global function definition for ‘rect’
    map.scale: no visible global function definition for ‘lines’
    map.scale: no visible global function definition for ‘text’
    map.scale: no visible global function definition for ‘strheight’
    north.arrow: no visible global function definition for ‘polygon’
    north.arrow: no visible global function definition for ‘text’
    north.arrow: no visible global function definition for ‘strheight’
    poly.labels: no visible global function definition for ‘slot’
    poly.labels : <anonymous>: no visible global function definition for
     ‘slot’
    quantileCuts: no visible global function definition for ‘quantile’
    sdCuts: no visible global function definition for ‘sd’
    Undefined global functions or variables:
     .filled.contour legend lines par polygon quantile rect rnorm sd slot
     strheight strwidth text
    Consider adding
     importFrom("graphics", ".filled.contour", "legend", "lines", "par",
     "polygon", "rect", "strheight", "strwidth", "text")
     importFrom("methods", "slot")
     importFrom("stats", "quantile", "rnorm", "sd")
    to your NAMESPACE file (and ensure that your DESCRIPTION Imports field
    contains 'methods').
Flavors: r-devel-linux-x86_64-debian-clang, r-devel-linux-x86_64-debian-gcc, r-devel-windows-ix86+x86_64, r-patched-linux-x86_64, r-patched-solaris-sparc, r-patched-solaris-x86, r-release-linux-x86_64, r-release-osx-x86_64-mavericks, r-release-windows-ix86+x86_64

Version: 0.7-4
Flags: --no-stop-on-test-error
Check: R code for possible problems
Result: NOTE
    choro.legend: no visible global function definition for ‘strwidth’
    choro.legend: no visible global function definition for ‘legend’
    choro.legend: no visible global function definition for ‘text’
    jitter.points: no visible global function definition for ‘rnorm’
    level.plot: no visible global function definition for ‘.filled.contour’
    map.scale: no visible global function definition for ‘par’
    map.scale: no visible global function definition for ‘rect’
    map.scale: no visible global function definition for ‘lines’
    map.scale: no visible global function definition for ‘text’
    map.scale: no visible global function definition for ‘strheight’
    north.arrow: no visible global function definition for ‘polygon’
    north.arrow: no visible global function definition for ‘text’
    north.arrow: no visible global function definition for ‘strheight’
    poly.labels: no visible global function definition for ‘slot’
    poly.labels : <anonymous>: no visible global function definition for
     ‘slot’
    quantileCuts: no visible global function definition for ‘quantile’
    sdCuts: no visible global function definition for ‘sd’
    Undefined global functions or variables:
     .filled.contour legend lines par polygon quantile rect rnorm sd slot
     strheight strwidth text
    Consider adding
     importFrom("graphics", ".filled.contour", "legend", "lines", "par",
     "polygon", "rect", "strheight", "strwidth", "text")
     importFrom("methods", "slot")
     importFrom("stats", "quantile", "rnorm", "sd")
    to your NAMESPACE file (and ensure that your DESCRIPTION Imports field
    contains 'methods').
Flavors: r-devel-linux-x86_64-fedora-clang, r-devel-linux-x86_64-fedora-gcc, r-devel-macos-x86_64-clang