CRAN Package Check Results for Package GISTools

Last updated on 2014-10-23 03:48:47.

Flavor Version Tinstall Tcheck Ttotal Status Flags
r-devel-linux-x86_64-debian-clang 0.7-4 1.85 28.28 30.13 OK
r-devel-linux-x86_64-debian-gcc 0.7-4 1.69 28.42 30.12 OK
r-devel-linux-x86_64-fedora-clang 0.7-4 64.59 OK
r-devel-linux-x86_64-fedora-gcc 0.7-4 60.39 OK
r-devel-osx-x86_64-clang 0.7-4 58.00 OK
r-devel-windows-ix86+x86_64 0.7-4 8.00 50.00 58.00 OK
r-patched-linux-x86_64 0.7-4 1.80 29.72 31.52 OK
r-patched-solaris-sparc 0.7-4 348.80 OK
r-patched-solaris-x86 0.7-4 89.40 OK
r-release-linux-ix86 0.7-4 2.63 39.18 41.81 OK
r-release-linux-x86_64 0.7-4 1.82 29.69 31.51 OK
r-release-osx-x86_64-mavericks 0.7-4 ERROR
r-release-osx-x86_64-snowleopard 0.7-4 OK
r-release-windows-ix86+x86_64 0.7-4 7.00 54.00 61.00 OK
r-oldrel-windows-ix86+x86_64 0.7-4 8.00 54.00 62.00 OK

Check Details

Version: 0.7-4
Check: package dependencies
Result: ERROR
    Package required but not available: ‘rgeos’
    
    See the information on DESCRIPTION files in the chapter ‘Creating R
    packages’ of the ‘Writing R Extensions’ manual.
Flavor: r-release-osx-x86_64-mavericks