CRAN Package Check Results for Package GISTools

Last updated on 2015-05-24 19:47:53.

Flavor Version Tinstall Tcheck Ttotal Status Flags
r-devel-linux-x86_64-debian-clang 0.7-4 1.65 24.54 26.19 OK
r-devel-linux-x86_64-debian-gcc 0.7-4 1.74 24.27 26.01 OK
r-devel-linux-x86_64-fedora-clang 0.7-4 53.06 OK
r-devel-linux-x86_64-fedora-gcc 0.7-4 48.37 OK
r-devel-osx-x86_64-clang 0.7-4 52.75 OK
r-devel-windows-ix86+x86_64 0.7-4 7.00 46.00 53.00 OK
r-patched-linux-x86_64 0.7-4 1.71 24.22 25.93 OK
r-patched-solaris-sparc 0.7-4 333.20 OK
r-patched-solaris-x86 0.7-4 76.50 OK
r-release-linux-x86_64 0.7-4 1.67 25.22 26.89 OK
r-release-osx-x86_64-mavericks 0.7-4 OK
r-release-osx-x86_64-snowleopard 0.7-4 ERROR
r-release-windows-ix86+x86_64 0.7-4 6.00 43.00 49.00 OK
r-oldrel-windows-ix86+x86_64 0.7-4 10.00 52.00 62.00 OK

Check Details

Version: 0.7-4
Check: package dependencies
Result: ERROR
    Package required but not available: ‘rgeos’
    
    See section ‘The DESCRIPTION file’ in the ‘Writing R Extensions’
    manual.
Flavor: r-release-osx-x86_64-snowleopard