CRAN Package Check Results for Package GISTools

Last updated on 2015-07-01 16:47:23.

Flavor Version Tinstall Tcheck Ttotal Status Flags
r-devel-linux-x86_64-debian-clang 0.7-4 1.58 24.66 26.24 NOTE
r-devel-linux-x86_64-debian-gcc 0.7-4 1.63 23.69 25.32 NOTE
r-devel-linux-x86_64-fedora-clang 0.7-4 49.76 NOTE
r-devel-linux-x86_64-fedora-gcc 0.7-4 45.60 NOTE
r-devel-osx-x86_64-clang 0.7-4 53.71 OK
r-devel-windows-ix86+x86_64 0.7-4 9.00 48.00 57.00 NOTE
r-patched-linux-x86_64 0.7-4 1.59 24.36 25.95 OK
r-patched-solaris-sparc 0.7-4 333.20 OK
r-patched-solaris-x86 0.7-4 76.50 OK
r-release-linux-x86_64 0.7-4 1.63 24.31 25.94 OK
r-release-osx-x86_64-mavericks 0.7-4 OK
r-release-windows-ix86+x86_64 0.7-4 7.00 48.00 55.00 OK
r-oldrel-windows-ix86+x86_64 0.7-4 10.00 54.00 64.00 OK

Check Details

Version: 0.7-4
Check: R code for possible problems
Result: NOTE
    choro.legend: no visible global function definition for ‘strwidth’
    choro.legend: no visible global function definition for ‘legend’
    choro.legend: no visible global function definition for ‘text’
    jitter.points: no visible global function definition for ‘rnorm’
    level.plot: no visible global function definition for ‘.filled.contour’
    map.scale: no visible global function definition for ‘par’
    map.scale: no visible global function definition for ‘rect’
    map.scale: no visible global function definition for ‘lines’
    map.scale: no visible global function definition for ‘text’
    map.scale: no visible global function definition for ‘strheight’
    north.arrow: no visible global function definition for ‘polygon’
    north.arrow: no visible global function definition for ‘text’
    north.arrow: no visible global function definition for ‘strheight’
    poly.labels: no visible global function definition for ‘slot’
    poly.labels : <anonymous>: no visible global function definition for
     ‘slot’
    quantileCuts: no visible global function definition for ‘quantile’
    sdCuts: no visible global function definition for ‘sd’
Flavors: r-devel-linux-x86_64-debian-clang, r-devel-linux-x86_64-debian-gcc, r-devel-linux-x86_64-fedora-clang, r-devel-linux-x86_64-fedora-gcc, r-devel-windows-ix86+x86_64