CRAN Package Check Results for Package GISTools

Last updated on 2014-09-02 15:48:57.

Flavor Version Tinstall Tcheck Ttotal Status Flags
r-devel-linux-x86_64-debian-clang 0.7-3 2.41 28.04 30.45 OK
r-devel-linux-x86_64-debian-gcc 0.7-3 1.75 27.61 29.36 OK
r-devel-linux-x86_64-fedora-clang 0.7-3 63.71 OK
r-devel-linux-x86_64-fedora-gcc 0.7-3 61.31 OK
r-devel-osx-x86_64-clang 0.7-3 59.05 OK
r-devel-windows-ix86+x86_64 0.7-3 8.00 48.00 56.00 OK
r-patched-linux-x86_64 0.7-3 1.78 28.68 30.46 OK
r-patched-solaris-sparc 0.7-3 343.60 OK
r-patched-solaris-x86 0.7-3 89.20 OK
r-release-linux-ix86 0.7-3 2.44 38.96 41.40 OK
r-release-linux-x86_64 0.7-3 2.64 29.27 31.91 OK
r-release-osx-x86_64-mavericks 0.7-3 ERROR
r-release-osx-x86_64-snowleopard 0.7-3 OK
r-release-windows-ix86+x86_64 0.7-3 9.00 52.00 61.00 OK
r-oldrel-windows-ix86+x86_64 0.7-3 10.00 54.00 64.00 OK

Check Details

Version: 0.7-3
Check: package dependencies
Result: ERROR
    Package required but not available: ‘rgeos’
    
    See the information on DESCRIPTION files in the chapter ‘Creating R
    packages’ of the ‘Writing R Extensions’ manual.
Flavor: r-release-osx-x86_64-mavericks