CRAN Package Check Results for Package GISTools

Last updated on 2015-01-30 14:48:49.

Flavor Version Tinstall Tcheck Ttotal Status Flags
r-devel-linux-x86_64-debian-clang 0.7-4 1.80 24.35 26.15 OK
r-devel-linux-x86_64-debian-gcc 0.7-4 1.62 24.23 25.84 OK
r-devel-linux-x86_64-fedora-clang 0.7-4 60.26 OK
r-devel-linux-x86_64-fedora-gcc 0.7-4 56.87 OK
r-devel-osx-x86_64-clang 0.7-4 60.75 OK
r-devel-windows-ix86+x86_64 0.7-4 8.00 43.00 51.00 OK
r-patched-linux-x86_64 0.7-4 2.05 30.69 32.74 OK
r-patched-solaris-sparc 0.7-4 390.30 OK
r-patched-solaris-x86 0.7-4 91.50 OK
r-release-linux-ix86 0.7-4 2.46 36.87 39.33 OK
r-release-linux-x86_64 0.7-4 1.95 28.92 30.87 OK
r-release-osx-x86_64-mavericks 0.7-4 ERROR
r-release-osx-x86_64-snowleopard 0.7-4 OK
r-release-windows-ix86+x86_64 0.7-4 9.00 50.00 59.00 OK
r-oldrel-windows-ix86+x86_64 0.7-4 8.00 57.00 65.00 OK

Check Details

Version: 0.7-4
Check: package dependencies
Result: ERROR
    Package required but not available: ‘rgeos’
    
    See the information on DESCRIPTION files in the chapter ‘Creating R
    packages’ of the ‘Writing R Extensions’ manual.
Flavor: r-release-osx-x86_64-mavericks