CRAN Package Check Results for Package GLDEX

Last updated on 2017-11-22 22:57:16 CET.

Flavor Version Tinstall Tcheck Ttotal Status Flags
r-devel-linux-x86_64-debian-clang 2.0.0.5 2.45 31.90 34.35 NOTE
r-devel-linux-x86_64-debian-gcc 2.0.0.5 2.93 70.80 73.73 NOTE
r-devel-linux-x86_64-fedora-clang 2.0.0.5 61.87 NOTE
r-devel-linux-x86_64-fedora-gcc 2.0.0.5 63.34 NOTE
r-devel-windows-ix86+x86_64 2.0.0.5 14.00 73.00 87.00 OK
r-patched-linux-x86_64 2.0.0.5 2.52 33.78 36.30 NOTE
r-patched-solaris-x86 2.0.0.5 88.30 OK
r-release-linux-x86_64 2.0.0.5 2.64 33.72 36.35 NOTE
r-release-windows-ix86+x86_64 2.0.0.5 11.00 103.00 114.00 OK
r-release-osx-x86_64 2.0.0.5 OK
r-oldrel-windows-ix86+x86_64 2.0.0.5 12.00 102.00 114.00 OK
r-oldrel-osx-x86_64 2.0.0.5 OK

Check Details

Version: 2.0.0.5
Check: compiled code
Result: NOTE
    File ‘GLDEX/libs/GLDEX.so’:
     Found no calls to: ‘R_registerRoutines’, ‘R_useDynamicSymbols’
    
    It is good practice to register native routines and to disable symbol
    search.
    
    See ‘Writing portable packages’ in the ‘Writing R Extensions’ manual.
Flavors: r-devel-linux-x86_64-debian-clang, r-devel-linux-x86_64-debian-gcc, r-devel-linux-x86_64-fedora-clang, r-devel-linux-x86_64-fedora-gcc, r-patched-linux-x86_64, r-release-linux-x86_64