CRAN Package Check Results for Package GLDEX

Last updated on 2015-07-02 03:46:50.

Flavor Version Tinstall Tcheck Ttotal Status Flags
r-devel-linux-x86_64-debian-clang 2.0.0.2 2.42 28.93 31.35 NOTE
r-devel-linux-x86_64-debian-gcc 2.0.0.2 2.44 29.29 31.72 NOTE
r-devel-linux-x86_64-fedora-clang 2.0.0.2 59.44 NOTE
r-devel-linux-x86_64-fedora-gcc 2.0.0.2 53.60 NOTE
r-devel-osx-x86_64-clang 2.0.0.2 64.20 OK
r-devel-windows-ix86+x86_64 2.0.0.2 11.00 55.00 66.00 NOTE
r-patched-linux-x86_64 2.0.0.2 2.48 29.13 31.62 OK
r-patched-solaris-sparc 2.0.0.2 458.60 OK
r-patched-solaris-x86 2.0.0.2 84.90 OK
r-release-linux-x86_64 2.0.0.2 2.52 28.85 31.36 OK
r-release-osx-x86_64-mavericks 2.0.0.2 OK
r-release-windows-ix86+x86_64 2.0.0.2 11.00 64.00 75.00 OK
r-oldrel-windows-ix86+x86_64 2.0.0.2 18.00 62.00 80.00 OK

Check Details

Version: 2.0.0.2
Check: R code for possible problems
Result: NOTE
    fun.auto.bimodal.ml: no visible global function definition for ‘optim’
    fun.auto.bimodal.pml: no visible global function definition for ‘optim’
    fun.auto.bimodal.qs: no visible global function definition for ‘optim’
    fun.auto.mm.fmkl: no visible global function definition for ‘optim’
    fun.auto.perc.rs: no visible global function definition for ‘optim’
    fun.bimodal.fit.ml: no visible global function definition for ‘optim’
    fun.bimodal.fit.pml: no visible global function definition for ‘optim’
    fun.fit.gl.v.lm : <anonymous>: no visible global function definition
     for ‘optim’
    fun.fit.gl.v.lma: no visible global function definition for ‘optim’
    fun.fit.gl.v2a: no visible binding for global variable ‘nclass.scott’
    fun.fit.gl.v2a : <anonymous>: no visible global function definition for
     ‘optim’
    fun.fit.gl.v2a.nw: no visible binding for global variable
     ‘nclass.scott’
    fun.fit.gl.v2a.nw : <anonymous>: no visible global function definition
     for ‘optim’
    fun.fit.gl.v2b: no visible binding for global variable ‘nclass.scott’
    fun.fit.gl.v2b: no visible global function definition for ‘optim’
    fun.fit.gl.v2b.nw: no visible binding for global variable
     ‘nclass.scott’
    fun.fit.gl.v2b.nw: no visible global function definition for ‘optim’
    fun.fit.gl.v3 : <anonymous>: no visible global function definition for
     ‘optim’
    fun.fit.gl.v3a: no visible global function definition for ‘optim’
    fun.fit.gl.v3m : <anonymous>: no visible global function definition for
     ‘optim’
    fun.fit.gl.v4: no visible binding for global variable ‘nclass.scott’
    fun.fit.gl.v4 : <anonymous>: no visible global function definition for
     ‘optim’
    fun.fit.gl.v4a: no visible global function definition for ‘optim’
    fun.fit.gl.v6 : <anonymous>: no visible global function definition for
     ‘optim’
    fun.fit.gl.v6a: no visible global function definition for ‘optim’
    fun.fmkl.L30: no visible global function definition for ‘integrate’
    fun.fmkl.L40: no visible global function definition for ‘integrate’
    fun.fmkl0: no visible global function definition for ‘integrate’
    fun.moments: no visible global function definition for ‘na.omit’
    fun.moments.r: no visible global function definition for ‘na.omit’
    fun.nclass.e: no visible global function definition for ‘var’
    fun.plot.fit : <anonymous>: no visible global function definition for
     ‘lines’
    fun.plot.fit: no visible global function definition for ‘legend’
    fun.plot.fit.bm: no visible global function definition for ‘lines’
    fun.plot.fit.bm: no visible global function definition for ‘legend’
    fun.plot.many.gld: no visible global function definition for ‘matplot’
    fun.plot.many.gld : <anonymous>: no visible global function definition
     for ‘lines’
    fun.plot.many.gld: no visible global function definition for ‘legend’
    histsu: no visible global function definition for ‘nclass.Sturges’
    histsu: no visible global function definition for ‘nclass.FD’
    histsu: no visible global function definition for ‘nclass.scott’
    ks.gof: no visible global function definition for ‘ks.test’
    optim.fun.qs: no visible global function definition for ‘quantile’
    optim.fun6: no visible global function definition for ‘quantile’
    qqplot.gld: no visible global function definition for ‘quantile’
    qqplot.gld: no visible global function definition for ‘plot’
    qqplot.gld: no visible global function definition for ‘lines’
    qqplot.gld: no visible global function definition for ‘legend’
    qqplot.gld: no visible global function definition for ‘qqplot’
    qqplot.gld: no visible global function definition for ‘abline’
    qqplot.gld.bi: no visible global function definition for ‘quantile’
    qqplot.gld.bi: no visible global function definition for ‘plot’
    qqplot.gld.bi: no visible global function definition for ‘lines’
    qqplot.gld.bi: no visible global function definition for ‘legend’
    qqplot.gld.bi: no visible global function definition for ‘qqplot’
    qqplot.gld.bi: no visible global function definition for ‘abline’
    rgl: no visible global function definition for ‘runif’
    rnorm.pseudo: no visible global function definition for ‘rnorm’
    runif.pseudo: no visible global function definition for ‘runif’
    starship: no visible global function definition for ‘optim’
    starship.adaptivegrid: no visible global function definition for
     ‘quantile’
Flavors: r-devel-linux-x86_64-debian-clang, r-devel-linux-x86_64-debian-gcc, r-devel-linux-x86_64-fedora-clang, r-devel-linux-x86_64-fedora-gcc, r-devel-windows-ix86+x86_64