CRAN Package Check Results for Package GLDEX

Last updated on 2017-02-25 23:47:41.

Flavor Version Tinstall Tcheck Ttotal Status Flags
r-devel-linux-x86_64-debian-clang 2.0.0.5 2.53 33.03 35.56 NOTE
r-devel-linux-x86_64-debian-gcc 2.0.0.5 2.68 32.56 35.24 NOTE
r-devel-linux-x86_64-fedora-clang 2.0.0.5 62.42 NOTE --no-stop-on-test-error
r-devel-linux-x86_64-fedora-gcc 2.0.0.5 61.14 NOTE --no-stop-on-test-error
r-devel-macos-x86_64-clang 2.0.0.5 56.72 NOTE --no-stop-on-test-error
r-devel-windows-ix86+x86_64 2.0.0.5 22.00 97.00 119.00 OK
r-patched-linux-x86_64 2.0.0.5 2.29 30.94 33.23 OK
r-patched-solaris-sparc 2.0.0.5 463.90 OK
r-patched-solaris-x86 2.0.0.5 78.50 OK
r-release-linux-x86_64 2.0.0.5 2.48 30.89 33.37 OK
r-release-osx-x86_64-mavericks 2.0.0.5 OK
r-release-windows-ix86+x86_64 2.0.0.5 18.00 91.00 109.00 OK
r-oldrel-windows-ix86+x86_64 2.0.0.5 23.00 65.00 88.00 OK

Check Details

Version: 2.0.0.5
Check: compiled code
Result: NOTE
    File ‘GLDEX/libs/GLDEX.so’:
     Found no calls to: ‘R_registerRoutines’, ‘R_useDynamicSymbols’
    
    It is good practice to register native routines and to disable symbol
    search.
    
    See ‘Writing portable packages’ in the ‘Writing R Extensions’ manual.
Flavors: r-devel-linux-x86_64-debian-clang, r-devel-linux-x86_64-debian-gcc

Version: 2.0.0.5
Flags: --no-stop-on-test-error
Check: compiled code
Result: NOTE
    File ‘GLDEX/libs/GLDEX.so’:
     Found no calls to: ‘R_registerRoutines’, ‘R_useDynamicSymbols’
    
    It is good practice to register native routines and to disable symbol
    search.
    
    See ‘Writing portable packages’ in the ‘Writing R Extensions’ manual.
Flavors: r-devel-linux-x86_64-fedora-clang, r-devel-linux-x86_64-fedora-gcc, r-devel-macos-x86_64-clang