CRAN Package Check Results for Package GLDEX

Last updated on 2017-05-28 21:46:54.

Flavor Version Tinstall Tcheck Ttotal Status Flags
r-devel-linux-x86_64-debian-clang 2.0.0.5 2.67 35.05 37.71 NOTE
r-devel-linux-x86_64-debian-gcc 2.0.0.5 2.71 34.65 37.37 NOTE
r-devel-linux-x86_64-fedora-clang 2.0.0.5 65.07 NOTE
r-devel-linux-x86_64-fedora-gcc 2.0.0.5 61.86 NOTE
r-devel-windows-ix86+x86_64 2.0.0.5 12.00 78.00 90.00 OK
r-patched-linux-x86_64 2.0.0.5 2.88 35.94 38.82 NOTE
r-patched-solaris-sparc 2.0.0.5 540.40 OK
r-patched-solaris-x86 2.0.0.5 85.60 OK
r-release-linux-x86_64 2.0.0.5 2.77 33.95 36.71 NOTE
r-release-windows-ix86+x86_64 2.0.0.5 19.00 98.00 117.00 OK
r-release-osx-x86_64 2.0.0.5 OK
r-oldrel-windows-ix86+x86_64 2.0.0.5 19.00 70.00 89.00 OK
r-oldrel-osx-x86_64 2.0.0.5 OK

Check Details

Version: 2.0.0.5
Check: compiled code
Result: NOTE
    File ‘GLDEX/libs/GLDEX.so’:
     Found no calls to: ‘R_registerRoutines’, ‘R_useDynamicSymbols’
    
    It is good practice to register native routines and to disable symbol
    search.
    
    See ‘Writing portable packages’ in the ‘Writing R Extensions’ manual.
Flavors: r-devel-linux-x86_64-debian-clang, r-devel-linux-x86_64-debian-gcc, r-devel-linux-x86_64-fedora-clang, r-devel-linux-x86_64-fedora-gcc, r-patched-linux-x86_64, r-release-linux-x86_64