CRAN Package Check Results for Package GLDEX

Last updated on 2017-09-22 19:46:50.

Flavor Version Tinstall Tcheck Ttotal Status Flags
r-devel-linux-x86_64-debian-clang 2.0.0.5 2.35 33.74 36.09 NOTE
r-devel-linux-x86_64-debian-gcc 2.0.0.5 2.70 33.02 35.72 NOTE
r-devel-linux-x86_64-fedora-clang 2.0.0.5 66.19 NOTE
r-devel-linux-x86_64-fedora-gcc 2.0.0.5 64.05 NOTE
r-devel-windows-ix86+x86_64 2.0.0.5 13.00 73.00 86.00 OK
r-patched-linux-x86_64 2.0.0.5 2.60 33.82 36.42 NOTE
r-patched-solaris-x86 2.0.0.5 88.50 OK
r-release-linux-x86_64 2.0.0.5 2.57 34.40 36.97 NOTE
r-release-windows-ix86+x86_64 2.0.0.5 12.00 76.00 88.00 OK
r-release-osx-x86_64 2.0.0.5 OK
r-oldrel-windows-ix86+x86_64 2.0.0.5 11.00 69.00 80.00 OK
r-oldrel-osx-x86_64 2.0.0.5 OK

Check Details

Version: 2.0.0.5
Check: compiled code
Result: NOTE
    File ‘GLDEX/libs/GLDEX.so’:
     Found no calls to: ‘R_registerRoutines’, ‘R_useDynamicSymbols’
    
    It is good practice to register native routines and to disable symbol
    search.
    
    See ‘Writing portable packages’ in the ‘Writing R Extensions’ manual.
Flavors: r-devel-linux-x86_64-debian-clang, r-devel-linux-x86_64-debian-gcc, r-devel-linux-x86_64-fedora-clang, r-devel-linux-x86_64-fedora-gcc, r-patched-linux-x86_64, r-release-linux-x86_64