CRAN Package Check Results for Package GLDEX

Last updated on 2019-07-18 08:50:42 CEST.

Flavor Version Tinstall Tcheck Ttotal Status Flags
r-devel-linux-x86_64-debian-clang 2.0.0.5 10.32 53.88 64.20 OK
r-devel-linux-x86_64-debian-gcc 2.0.0.5 8.84 42.06 50.90 OK
r-devel-linux-x86_64-fedora-clang 2.0.0.5 75.81 NOTE
r-devel-linux-x86_64-fedora-gcc 2.0.0.5 73.45 NOTE
r-devel-windows-ix86+x86_64 2.0.0.5 24.00 80.00 104.00 OK
r-patched-linux-x86_64 2.0.0.5 11.55 54.20 65.75 OK
r-patched-solaris-x86 2.0.0.5 107.80 OK
r-release-linux-x86_64 2.0.0.5 11.11 53.87 64.98 OK
r-release-windows-ix86+x86_64 2.0.0.5 23.00 110.00 133.00 OK
r-release-osx-x86_64 2.0.0.5 OK
r-oldrel-windows-ix86+x86_64 2.0.0.5 16.00 104.00 120.00 OK
r-oldrel-osx-x86_64 2.0.0.5 OK

Check Details

Version: 2.0.0.5
Check: compiled code
Result: NOTE
    File ‘GLDEX/libs/GLDEX.so’:
     Found no calls to: ‘R_registerRoutines’, ‘R_useDynamicSymbols’
    
    It is good practice to register native routines and to disable symbol
    search.
    
    See ‘Writing portable packages’ in the ‘Writing R Extensions’ manual.
Flavors: r-devel-linux-x86_64-fedora-clang, r-devel-linux-x86_64-fedora-gcc