CRAN Package Check Results for Package GLDEX

Last updated on 2017-03-30 19:47:45.

Flavor Version Tinstall Tcheck Ttotal Status Flags
r-devel-linux-x86_64-debian-clang 2.0.0.5 2.66 33.81 36.47 NOTE
r-devel-linux-x86_64-debian-gcc 2.0.0.5 2.63 32.69 35.32 NOTE
r-devel-linux-x86_64-fedora-clang 2.0.0.5 62.06 NOTE --no-stop-on-test-error
r-devel-linux-x86_64-fedora-gcc 2.0.0.5 61.32 NOTE --no-stop-on-test-error
r-devel-macos-x86_64-clang 2.0.0.5 55.33 NOTE --no-stop-on-test-error
r-devel-windows-ix86+x86_64 2.0.0.5 12.00 69.00 81.00 OK
r-patched-linux-x86_64 2.0.0.5 2.49 33.27 35.76 NOTE
r-patched-solaris-sparc 2.0.0.5 540.40 OK
r-patched-solaris-x86 2.0.0.5 86.60 OK
r-release-linux-x86_64 2.0.0.5 2.52 30.48 33.00 OK
r-release-osx-x86_64-mavericks 2.0.0.5 OK
r-release-windows-ix86+x86_64 2.0.0.5 26.00 98.00 124.00 OK
r-oldrel-windows-ix86+x86_64 2.0.0.5 20.00 90.00 110.00 OK

Check Details

Version: 2.0.0.5
Check: compiled code
Result: NOTE
    File ‘GLDEX/libs/GLDEX.so’:
     Found no calls to: ‘R_registerRoutines’, ‘R_useDynamicSymbols’
    
    It is good practice to register native routines and to disable symbol
    search.
    
    See ‘Writing portable packages’ in the ‘Writing R Extensions’ manual.
Flavors: r-devel-linux-x86_64-debian-clang, r-devel-linux-x86_64-debian-gcc, r-patched-linux-x86_64

Version: 2.0.0.5
Flags: --no-stop-on-test-error
Check: compiled code
Result: NOTE
    File ‘GLDEX/libs/GLDEX.so’:
     Found no calls to: ‘R_registerRoutines’, ‘R_useDynamicSymbols’
    
    It is good practice to register native routines and to disable symbol
    search.
    
    See ‘Writing portable packages’ in the ‘Writing R Extensions’ manual.
Flavors: r-devel-linux-x86_64-fedora-clang, r-devel-linux-x86_64-fedora-gcc, r-devel-macos-x86_64-clang