CRAN Package Check Results for Package GLDEX

Last updated on 2018-02-22 11:57:52 CET.

Flavor Version Tinstall Tcheck Ttotal Status Flags
r-devel-linux-x86_64-debian-clang 2.0.0.5 9.08 45.18 54.26 NOTE
r-devel-linux-x86_64-debian-gcc 2.0.0.5 8.71 39.34 48.05 NOTE
r-devel-linux-x86_64-fedora-clang 2.0.0.5 73.66 NOTE
r-devel-linux-x86_64-fedora-gcc 2.0.0.5 70.20 NOTE
r-devel-windows-ix86+x86_64 2.0.0.5 27.00 76.00 103.00 OK
r-patched-linux-x86_64 2.0.0.5 3.55 53.42 56.97 NOTE
r-patched-solaris-x86 2.0.0.5 87.50 OK
r-release-linux-x86_64 2.0.0.5 3.27 54.02 57.29 NOTE
r-release-windows-ix86+x86_64 2.0.0.5 19.00 101.00 120.00 OK
r-release-osx-x86_64 2.0.0.5 OK
r-oldrel-windows-ix86+x86_64 2.0.0.5 11.00 101.00 112.00 OK
r-oldrel-osx-x86_64 2.0.0.5 OK

Check Details

Version: 2.0.0.5
Check: compiled code
Result: NOTE
    File ‘GLDEX/libs/GLDEX.so’:
     Found no calls to: ‘R_registerRoutines’, ‘R_useDynamicSymbols’
    
    It is good practice to register native routines and to disable symbol
    search.
    
    See ‘Writing portable packages’ in the ‘Writing R Extensions’ manual.
Flavors: r-devel-linux-x86_64-debian-clang, r-devel-linux-x86_64-debian-gcc, r-devel-linux-x86_64-fedora-clang, r-devel-linux-x86_64-fedora-gcc, r-patched-linux-x86_64, r-release-linux-x86_64