CRAN Package Check Results for Package GLDEX

Last updated on 2018-04-25 19:46:53 CEST.

Flavor Version Tinstall Tcheck Ttotal Status Flags
r-devel-linux-x86_64-debian-clang 2.0.0.5 9.34 52.35 61.69 NOTE
r-devel-linux-x86_64-debian-gcc 2.0.0.5 6.68 39.28 45.96 NOTE
r-devel-linux-x86_64-fedora-clang 2.0.0.5 73.94 NOTE
r-devel-linux-x86_64-fedora-gcc 2.0.0.5 72.21 NOTE
r-devel-windows-ix86+x86_64 2.0.0.5 24.00 73.00 97.00 OK
r-patched-linux-x86_64 2.0.0.5 7.91 51.37 59.28 NOTE
r-patched-solaris-x86 2.0.0.5 103.40 OK
r-release-linux-x86_64 2.0.0.5 9.64 50.97 60.61 NOTE
r-release-windows-ix86+x86_64 2.0.0.5 24.00 73.00 97.00 OK
r-release-osx-x86_64 2.0.0.5 OK
r-oldrel-windows-ix86+x86_64 2.0.0.5 15.00 97.00 112.00 OK
r-oldrel-osx-x86_64 2.0.0.5 OK

Check Details

Version: 2.0.0.5
Check: compiled code
Result: NOTE
    File ‘GLDEX/libs/GLDEX.so’:
     Found no calls to: ‘R_registerRoutines’, ‘R_useDynamicSymbols’
    
    It is good practice to register native routines and to disable symbol
    search.
    
    See ‘Writing portable packages’ in the ‘Writing R Extensions’ manual.
Flavors: r-devel-linux-x86_64-debian-clang, r-devel-linux-x86_64-debian-gcc, r-devel-linux-x86_64-fedora-clang, r-devel-linux-x86_64-fedora-gcc, r-patched-linux-x86_64, r-release-linux-x86_64