CRAN Package Check Results for Package GLDEX

Last updated on 2017-07-23 17:47:10.

Flavor Version Tinstall Tcheck Ttotal Status Flags
r-devel-linux-x86_64-debian-clang 2.0.0.5 2.66 45.37 48.03 NOTE
r-devel-linux-x86_64-debian-gcc 2.0.0.5 2.69 44.86 47.55 NOTE
r-devel-linux-x86_64-fedora-clang 2.0.0.5 63.82 NOTE
r-devel-linux-x86_64-fedora-gcc 2.0.0.5 65.14 NOTE
r-devel-windows-ix86+x86_64 2.0.0.5 18.00 93.00 111.00 OK
r-patched-linux-x86_64 2.0.0.5 2.68 45.95 48.63 NOTE
r-patched-solaris-x86 2.0.0.5 87.10 OK
r-release-linux-x86_64 2.0.0.5 2.64 45.45 48.09 NOTE
r-release-windows-ix86+x86_64 2.0.0.5 12.00 91.00 103.00 OK
r-release-osx-x86_64 2.0.0.5 OK
r-oldrel-windows-ix86+x86_64 2.0.0.5 13.00 100.00 113.00 OK
r-oldrel-osx-x86_64 2.0.0.5 OK

Check Details

Version: 2.0.0.5
Check: compiled code
Result: NOTE
    File ‘GLDEX/libs/GLDEX.so’:
     Found no calls to: ‘R_registerRoutines’, ‘R_useDynamicSymbols’
    
    It is good practice to register native routines and to disable symbol
    search.
    
    See ‘Writing portable packages’ in the ‘Writing R Extensions’ manual.
Flavors: r-devel-linux-x86_64-debian-clang, r-devel-linux-x86_64-debian-gcc, r-devel-linux-x86_64-fedora-clang, r-devel-linux-x86_64-fedora-gcc, r-patched-linux-x86_64, r-release-linux-x86_64