CRAN Package Check Results for Package GLMaSPU

Last updated on 2019-08-21 02:49:07 CEST.

Flavor Version Tinstall Tcheck Ttotal Status Flags
r-devel-linux-x86_64-debian-clang 1.0 25.28 26.71 51.99 OK
r-devel-linux-x86_64-debian-gcc 1.0 21.91 21.60 43.51 OK
r-devel-linux-x86_64-fedora-clang 1.0 75.33 NOTE
r-devel-linux-x86_64-fedora-gcc 1.0 73.13 NOTE
r-devel-windows-ix86+x86_64 1.0 66.00 79.00 145.00 OK
r-patched-linux-x86_64 1.0 22.38 26.71 49.09 OK
r-patched-solaris-x86 1.0 82.30 OK
r-release-linux-x86_64 1.0 23.15 26.58 49.73 OK
r-release-windows-ix86+x86_64 1.0 45.00 59.00 104.00 OK
r-release-osx-x86_64 1.0 OK
r-oldrel-windows-ix86+x86_64 1.0 61.00 78.00 139.00 OK
r-oldrel-osx-x86_64 1.0 OK

Check Details

Version: 1.0
Check: compiled code
Result: NOTE
    File ‘GLMaSPU/libs/GLMaSPU.so’:
     Found no calls to: ‘R_registerRoutines’, ‘R_useDynamicSymbols’
    
    It is good practice to register native routines and to disable symbol
    search.
    
    See ‘Writing portable packages’ in the ‘Writing R Extensions’ manual.
Flavors: r-devel-linux-x86_64-fedora-clang, r-devel-linux-x86_64-fedora-gcc