CRAN Package Check Results for Package GLMaSPU

Last updated on 2019-05-27 10:48:06 CEST.

Flavor Version Tinstall Tcheck Ttotal Status Flags
r-devel-linux-x86_64-debian-clang 1.0 27.25 26.54 53.79 OK
r-devel-linux-x86_64-debian-gcc 1.0 19.95 21.12 41.07 OK
r-devel-linux-x86_64-fedora-clang 1.0 73.17 NOTE
r-devel-linux-x86_64-fedora-gcc 1.0 67.61 NOTE
r-devel-windows-ix86+x86_64 1.0 48.00 81.00 129.00 OK
r-patched-linux-x86_64 1.0 OK
r-patched-solaris-x86 1.0 81.20 OK
r-release-linux-x86_64 1.0 26.36 26.79 53.15 OK
r-release-windows-ix86+x86_64 1.0 67.00 75.00 142.00 OK
r-release-osx-x86_64 1.0 OK
r-oldrel-windows-ix86+x86_64 1.0 61.00 59.00 120.00 OK
r-oldrel-osx-x86_64 1.0 OK

Check Details

Version: 1.0
Check: compiled code
Result: NOTE
    File ‘GLMaSPU/libs/GLMaSPU.so’:
     Found no calls to: ‘R_registerRoutines’, ‘R_useDynamicSymbols’
    
    It is good practice to register native routines and to disable symbol
    search.
    
    See ‘Writing portable packages’ in the ‘Writing R Extensions’ manual.
Flavors: r-devel-linux-x86_64-fedora-clang, r-devel-linux-x86_64-fedora-gcc