Last updated on 2021-04-14 09:48:56 CEST.
Flavor | Version | Tinstall | Tcheck | Ttotal | Status | Flags |
---|---|---|---|---|---|---|
r-devel-linux-x86_64-debian-clang | 0.2.1 | 150.17 | 44.26 | 194.43 | OK | |
r-devel-linux-x86_64-debian-gcc | 0.2.1 | 107.03 | 37.15 | 144.18 | OK | |
r-devel-linux-x86_64-fedora-clang | 0.2.1 | 285.88 | NOTE | |||
r-devel-linux-x86_64-fedora-gcc | 0.2.1 | 256.21 | OK | |||
r-devel-windows-ix86+x86_64 | 0.2.1 | 324.00 | 116.00 | 440.00 | OK | |
r-devel-windows-x86_64-gcc10-UCRT | 0.2.1 | OK | ||||
r-patched-linux-x86_64 | 0.2.1 | 126.64 | 45.64 | 172.28 | OK | |
r-patched-solaris-x86 | 0.2.1 | 219.80 | OK | |||
r-release-linux-x86_64 | 0.2.1 | 122.12 | 45.70 | 167.82 | OK | |
r-release-macos-x86_64 | 0.2.1 | NOTE | ||||
r-release-windows-ix86+x86_64 | 0.2.1 | 247.00 | 107.00 | 354.00 | OK | |
r-oldrel-macos-x86_64 | 0.2.1 | NOTE | ||||
r-oldrel-windows-ix86+x86_64 | 0.2.1 | 282.00 | 76.00 | 358.00 | OK |
Version: 0.2.1
Check: installed package size
Result: NOTE
installed size is 19.5Mb
sub-directories of 1Mb or more:
libs 19.1Mb
Flavors: r-devel-linux-x86_64-fedora-clang, r-release-macos-x86_64, r-oldrel-macos-x86_64