CRAN Package Check Results for Package GMCM

Last updated on 2015-05-27 15:46:56.

Flavor Version Tinstall Tcheck Ttotal Status Flags
r-devel-linux-x86_64-debian-clang 1.2.1 11.24 73.88 85.11 OK
r-devel-linux-x86_64-debian-gcc 1.2.1 12.41 73.72 86.13 OK
r-devel-linux-x86_64-fedora-clang 1.2.1 168.43 OK
r-devel-linux-x86_64-fedora-gcc 1.2.1 163.98 OK
r-devel-osx-x86_64-clang 1.2.1 145.96 OK
r-devel-windows-ix86+x86_64 1.2.1 41.00 169.00 210.00 OK
r-patched-linux-x86_64 1.2.1 12.44 72.25 84.68 OK
r-patched-solaris-sparc 1.2.1 1140.50 OK
r-patched-solaris-x86 1.2.1 229.20 OK
r-release-linux-x86_64 1.2.1 12.48 73.42 85.91 OK
r-release-osx-x86_64-mavericks 1.2.1 OK
r-release-osx-x86_64-snowleopard 1.2.1 ERROR
r-release-windows-ix86+x86_64 1.2.1 39.00 169.00 208.00 OK
r-oldrel-windows-ix86+x86_64 1.2.1 40.00 188.00 228.00 OK

Check Details

Version: 1.2.1
Check: package dependencies
Result: ERROR
    Packages suggested but not available for checking: ‘Hmisc’ ‘knitr’
    
    VignetteBuilder package required for checking but not installed: ‘knitr’
    
    Files named as vignettes but with no recognized vignette engine:
     ‘inst/doc/GMCM-JStatSoft.Rnw’
    (Is a VignetteBuilder field missing?)
    
    See section ‘The DESCRIPTION file’ in the ‘Writing R Extensions’
    manual.
Flavor: r-release-osx-x86_64-snowleopard