CRAN Package Check Results for Package GMCM

Last updated on 2017-03-26 23:51:16.

Flavor Version Tinstall Tcheck Ttotal Status Flags
r-devel-linux-x86_64-debian-clang 1.2.4 14.63 81.53 96.15 NOTE
r-devel-linux-x86_64-debian-gcc 1.2.4 15.59 80.20 95.79 NOTE
r-devel-linux-x86_64-fedora-clang 1.2.4 206.63 NOTE --no-stop-on-test-error
r-devel-linux-x86_64-fedora-gcc 1.2.4 206.13 NOTE --no-stop-on-test-error
r-devel-macos-x86_64-clang 1.2.4 138.61 NOTE --no-stop-on-test-error
r-patched-linux-x86_64 1.2.4 12.27 80.49 92.76 NOTE
r-patched-solaris-sparc 1.2.4 1156.20 OK
r-patched-solaris-x86 1.2.4 237.80 OK
r-release-linux-x86_64 1.2.4 12.38 71.69 84.08 OK
r-release-osx-x86_64-mavericks 1.2.4 OK
r-release-windows-ix86+x86_64 1.2.4 65.00 244.00 309.00 OK
r-oldrel-windows-ix86+x86_64 1.2.4 43.00 205.00 248.00 OK

Check Details

Version: 1.2.4
Check: compiled code
Result: NOTE
    File ‘GMCM/libs/GMCM.so’:
     Found no calls to: ‘R_registerRoutines’, ‘R_useDynamicSymbols’
    
    It is good practice to register native routines and to disable symbol
    search.
    
    See ‘Writing portable packages’ in the ‘Writing R Extensions’ manual.
Flavors: r-devel-linux-x86_64-debian-clang, r-devel-linux-x86_64-debian-gcc, r-patched-linux-x86_64

Version: 1.2.4
Flags: --no-stop-on-test-error
Check: compiled code
Result: NOTE
    File ‘GMCM/libs/GMCM.so’:
     Found no calls to: ‘R_registerRoutines’, ‘R_useDynamicSymbols’
    
    It is good practice to register native routines and to disable symbol
    search.
    
    See ‘Writing portable packages’ in the ‘Writing R Extensions’ manual.
Flavors: r-devel-linux-x86_64-fedora-clang, r-devel-linux-x86_64-fedora-gcc, r-devel-macos-x86_64-clang