CRAN Package Check Results for Package GMCM

Last updated on 2015-08-01 14:50:55.

Flavor Version Tinstall Tcheck Ttotal Status Flags
r-devel-linux-x86_64-debian-clang 1.2.1 11.21 74.22 85.42 NOTE
r-devel-linux-x86_64-debian-gcc 1.2.1 11.88 72.17 84.05 NOTE
r-devel-linux-x86_64-fedora-clang 1.2.1 164.91 NOTE
r-devel-linux-x86_64-fedora-gcc 1.2.1 157.63 NOTE
r-devel-osx-x86_64-clang 1.2.1 136.74 OK
r-devel-windows-ix86+x86_64 1.2.1 49.00 191.00 240.00 NOTE
r-patched-linux-x86_64 1.2.1 12.04 71.34 83.37 OK
r-patched-solaris-sparc 1.2.1 1093.60 OK
r-patched-solaris-x86 1.2.1 220.70 OK
r-release-linux-x86_64 1.2.1 12.01 71.10 83.10 OK
r-release-osx-x86_64-mavericks 1.2.1 OK
r-release-windows-ix86+x86_64 1.2.1 51.00 193.00 244.00 OK
r-oldrel-windows-ix86+x86_64 1.2.1 57.00 204.00 261.00 OK

Check Details

Version: 1.2.1
Check: R code for possible problems
Result: NOTE
    EMAlgorithm: no visible global function definition for ‘flush.console’
     (/tmp/RtmpKX5RCk/R.INSTALL215b765257c4/GMCM/R/EMAlgortihm.R:52)
    MStep : <anonymous>: no visible global function definition for ‘cov.wt’
     (/tmp/RtmpKX5RCk/R.INSTALL215b765257c4/GMCM/R/MStep.R:8)
    PseudoEMAlgorithm: no visible global function definition for
     ‘flush.console’
     (/tmp/RtmpKX5RCk/R.INSTALL215b765257c4/GMCM/R/PseudoEMAlgorithm.R:135)
    choose.theta: no visible global function definition for ‘kmeans’
     (/tmp/RtmpKX5RCk/R.INSTALL215b765257c4/GMCM/R/choose.theta.R:50)
    fit.full.GMCM: no visible global function definition for ‘optim’
     (/tmp/RtmpKX5RCk/R.INSTALL215b765257c4/GMCM/R/fit.full.GMCM.R:115-118)
    fit.meta.GMCM: no visible global function definition for ‘optim’
     (/tmp/RtmpKX5RCk/R.INSTALL215b765257c4/GMCM/R/fit.meta.GMCM.R:103-109)
    fit.meta.GMCM: no visible global function definition for ‘optim’
     (/tmp/RtmpKX5RCk/R.INSTALL215b765257c4/GMCM/R/fit.meta.GMCM.R:113-118)
    fit.meta.GMCM: no visible global function definition for ‘optim’
     (/tmp/RtmpKX5RCk/R.INSTALL215b765257c4/GMCM/R/fit.meta.GMCM.R:122-128)
    fit.meta.GMCM: no visible global function definition for ‘optim’
     (/tmp/RtmpKX5RCk/R.INSTALL215b765257c4/GMCM/R/fit.meta.GMCM.R:132-140)
    full2meta: no visible global function definition for ‘cov2cor’
     (/tmp/RtmpKX5RCk/R.INSTALL215b765257c4/GMCM/R/full2meta.R:43-46)
    qgmm.marginal: no visible global function definition for ‘approxfun’
     (/tmp/RtmpKX5RCk/R.INSTALL215b765257c4/GMCM/R/qgmm.marginal.R:26)
    rtheta : spherePointPicking: no visible global function definition for
     ‘rnorm’ (/tmp/RtmpKX5RCk/R.INSTALL215b765257c4/GMCM/R/rtheta.R:99)
    rtheta : getPosDefMatOld: no visible global function definition for
     ‘rnorm’ (/tmp/RtmpKX5RCk/R.INSTALL215b765257c4/GMCM/R/rtheta.R:111)
    rtheta: no visible global function definition for ‘runif’
     (/tmp/RtmpKX5RCk/R.INSTALL215b765257c4/GMCM/R/rtheta.R:133)
    rtheta: no visible global function definition for ‘rnorm’
     (/tmp/RtmpKX5RCk/R.INSTALL215b765257c4/GMCM/R/rtheta.R:135)
    rtheta: no visible global function definition for ‘rchisq’
     (/tmp/RtmpKX5RCk/R.INSTALL215b765257c4/GMCM/R/rtheta.R:138)
    rtheta: no visible global function definition for ‘rnorm’
     (/tmp/RtmpKX5RCk/R.INSTALL215b765257c4/GMCM/R/rtheta.R:140)
    Undefined global functions or variables:
     approxfun cov.wt cov2cor flush.console kmeans optim rchisq rnorm
     runif
    Consider adding
     importFrom("stats", "approxfun", "cov.wt", "cov2cor", "kmeans",
     "optim", "rchisq", "rnorm", "runif")
     importFrom("utils", "flush.console")
    to your NAMESPACE.
Flavor: r-devel-linux-x86_64-debian-clang

Version: 1.2.1
Check: R code for possible problems
Result: NOTE
    EMAlgorithm: no visible global function definition for ‘flush.console’
     (/tmp/RtmpfakdwI/R.INSTALL6e525d9e448e/GMCM/R/EMAlgortihm.R:52)
    MStep : <anonymous>: no visible global function definition for ‘cov.wt’
     (/tmp/RtmpfakdwI/R.INSTALL6e525d9e448e/GMCM/R/MStep.R:8)
    PseudoEMAlgorithm: no visible global function definition for
     ‘flush.console’
     (/tmp/RtmpfakdwI/R.INSTALL6e525d9e448e/GMCM/R/PseudoEMAlgorithm.R:135)
    choose.theta: no visible global function definition for ‘kmeans’
     (/tmp/RtmpfakdwI/R.INSTALL6e525d9e448e/GMCM/R/choose.theta.R:50)
    fit.full.GMCM: no visible global function definition for ‘optim’
     (/tmp/RtmpfakdwI/R.INSTALL6e525d9e448e/GMCM/R/fit.full.GMCM.R:115-118)
    fit.meta.GMCM: no visible global function definition for ‘optim’
     (/tmp/RtmpfakdwI/R.INSTALL6e525d9e448e/GMCM/R/fit.meta.GMCM.R:103-109)
    fit.meta.GMCM: no visible global function definition for ‘optim’
     (/tmp/RtmpfakdwI/R.INSTALL6e525d9e448e/GMCM/R/fit.meta.GMCM.R:113-118)
    fit.meta.GMCM: no visible global function definition for ‘optim’
     (/tmp/RtmpfakdwI/R.INSTALL6e525d9e448e/GMCM/R/fit.meta.GMCM.R:122-128)
    fit.meta.GMCM: no visible global function definition for ‘optim’
     (/tmp/RtmpfakdwI/R.INSTALL6e525d9e448e/GMCM/R/fit.meta.GMCM.R:132-140)
    full2meta: no visible global function definition for ‘cov2cor’
     (/tmp/RtmpfakdwI/R.INSTALL6e525d9e448e/GMCM/R/full2meta.R:43-46)
    qgmm.marginal: no visible global function definition for ‘approxfun’
     (/tmp/RtmpfakdwI/R.INSTALL6e525d9e448e/GMCM/R/qgmm.marginal.R:26)
    rtheta : spherePointPicking: no visible global function definition for
     ‘rnorm’ (/tmp/RtmpfakdwI/R.INSTALL6e525d9e448e/GMCM/R/rtheta.R:99)
    rtheta : getPosDefMatOld: no visible global function definition for
     ‘rnorm’ (/tmp/RtmpfakdwI/R.INSTALL6e525d9e448e/GMCM/R/rtheta.R:111)
    rtheta: no visible global function definition for ‘runif’
     (/tmp/RtmpfakdwI/R.INSTALL6e525d9e448e/GMCM/R/rtheta.R:133)
    rtheta: no visible global function definition for ‘rnorm’
     (/tmp/RtmpfakdwI/R.INSTALL6e525d9e448e/GMCM/R/rtheta.R:135)
    rtheta: no visible global function definition for ‘rchisq’
     (/tmp/RtmpfakdwI/R.INSTALL6e525d9e448e/GMCM/R/rtheta.R:138)
    rtheta: no visible global function definition for ‘rnorm’
     (/tmp/RtmpfakdwI/R.INSTALL6e525d9e448e/GMCM/R/rtheta.R:140)
    Undefined global functions or variables:
     approxfun cov.wt cov2cor flush.console kmeans optim rchisq rnorm
     runif
    Consider adding
     importFrom("stats", "approxfun", "cov.wt", "cov2cor", "kmeans",
     "optim", "rchisq", "rnorm", "runif")
     importFrom("utils", "flush.console")
    to your NAMESPACE.
Flavor: r-devel-linux-x86_64-debian-gcc

Version: 1.2.1
Check: R code for possible problems
Result: NOTE
    EMAlgorithm: no visible global function definition for ‘flush.console’
     (/data/gannet/ripley/R/packages/tests-clang/GMCM/R/EMAlgortihm.R:52)
    MStep : <anonymous>: no visible global function definition for ‘cov.wt’
     (/data/gannet/ripley/R/packages/tests-clang/GMCM/R/MStep.R:8)
    PseudoEMAlgorithm: no visible global function definition for
     ‘flush.console’
     (/data/gannet/ripley/R/packages/tests-clang/GMCM/R/PseudoEMAlgorithm.R:135)
    choose.theta: no visible global function definition for ‘kmeans’
     (/data/gannet/ripley/R/packages/tests-clang/GMCM/R/choose.theta.R:50)
    fit.full.GMCM: no visible global function definition for ‘optim’
     (/data/gannet/ripley/R/packages/tests-clang/GMCM/R/fit.full.GMCM.R:115-118)
    fit.meta.GMCM: no visible global function definition for ‘optim’
     (/data/gannet/ripley/R/packages/tests-clang/GMCM/R/fit.meta.GMCM.R:103-109)
    fit.meta.GMCM: no visible global function definition for ‘optim’
     (/data/gannet/ripley/R/packages/tests-clang/GMCM/R/fit.meta.GMCM.R:113-118)
    fit.meta.GMCM: no visible global function definition for ‘optim’
     (/data/gannet/ripley/R/packages/tests-clang/GMCM/R/fit.meta.GMCM.R:122-128)
    fit.meta.GMCM: no visible global function definition for ‘optim’
     (/data/gannet/ripley/R/packages/tests-clang/GMCM/R/fit.meta.GMCM.R:132-140)
    full2meta: no visible global function definition for ‘cov2cor’
     (/data/gannet/ripley/R/packages/tests-clang/GMCM/R/full2meta.R:43-46)
    qgmm.marginal: no visible global function definition for ‘approxfun’
     (/data/gannet/ripley/R/packages/tests-clang/GMCM/R/qgmm.marginal.R:26)
    rtheta : spherePointPicking: no visible global function definition for
     ‘rnorm’
     (/data/gannet/ripley/R/packages/tests-clang/GMCM/R/rtheta.R:99)
    rtheta : getPosDefMatOld: no visible global function definition for
     ‘rnorm’
     (/data/gannet/ripley/R/packages/tests-clang/GMCM/R/rtheta.R:111)
    rtheta: no visible global function definition for ‘runif’
     (/data/gannet/ripley/R/packages/tests-clang/GMCM/R/rtheta.R:133)
    rtheta: no visible global function definition for ‘rnorm’
     (/data/gannet/ripley/R/packages/tests-clang/GMCM/R/rtheta.R:135)
    rtheta: no visible global function definition for ‘rchisq’
     (/data/gannet/ripley/R/packages/tests-clang/GMCM/R/rtheta.R:138)
    rtheta: no visible global function definition for ‘rnorm’
     (/data/gannet/ripley/R/packages/tests-clang/GMCM/R/rtheta.R:140)
    Undefined global functions or variables:
     approxfun cov.wt cov2cor flush.console kmeans optim rchisq rnorm
     runif
    Consider adding
     importFrom("stats", "approxfun", "cov.wt", "cov2cor", "kmeans",
     "optim", "rchisq", "rnorm", "runif")
     importFrom("utils", "flush.console")
    to your NAMESPACE.
Flavor: r-devel-linux-x86_64-fedora-clang

Version: 1.2.1
Check: R code for possible problems
Result: NOTE
    EMAlgorithm: no visible global function definition for ‘flush.console’
     (/data/gannet/ripley/R/packages/tests-devel/GMCM/R/EMAlgortihm.R:52)
    MStep : <anonymous>: no visible global function definition for ‘cov.wt’
     (/data/gannet/ripley/R/packages/tests-devel/GMCM/R/MStep.R:8)
    PseudoEMAlgorithm: no visible global function definition for
     ‘flush.console’
     (/data/gannet/ripley/R/packages/tests-devel/GMCM/R/PseudoEMAlgorithm.R:135)
    choose.theta: no visible global function definition for ‘kmeans’
     (/data/gannet/ripley/R/packages/tests-devel/GMCM/R/choose.theta.R:50)
    fit.full.GMCM: no visible global function definition for ‘optim’
     (/data/gannet/ripley/R/packages/tests-devel/GMCM/R/fit.full.GMCM.R:115-118)
    fit.meta.GMCM: no visible global function definition for ‘optim’
     (/data/gannet/ripley/R/packages/tests-devel/GMCM/R/fit.meta.GMCM.R:103-109)
    fit.meta.GMCM: no visible global function definition for ‘optim’
     (/data/gannet/ripley/R/packages/tests-devel/GMCM/R/fit.meta.GMCM.R:113-118)
    fit.meta.GMCM: no visible global function definition for ‘optim’
     (/data/gannet/ripley/R/packages/tests-devel/GMCM/R/fit.meta.GMCM.R:122-128)
    fit.meta.GMCM: no visible global function definition for ‘optim’
     (/data/gannet/ripley/R/packages/tests-devel/GMCM/R/fit.meta.GMCM.R:132-140)
    full2meta: no visible global function definition for ‘cov2cor’
     (/data/gannet/ripley/R/packages/tests-devel/GMCM/R/full2meta.R:43-46)
    qgmm.marginal: no visible global function definition for ‘approxfun’
     (/data/gannet/ripley/R/packages/tests-devel/GMCM/R/qgmm.marginal.R:26)
    rtheta : spherePointPicking: no visible global function definition for
     ‘rnorm’
     (/data/gannet/ripley/R/packages/tests-devel/GMCM/R/rtheta.R:99)
    rtheta : getPosDefMatOld: no visible global function definition for
     ‘rnorm’
     (/data/gannet/ripley/R/packages/tests-devel/GMCM/R/rtheta.R:111)
    rtheta: no visible global function definition for ‘runif’
     (/data/gannet/ripley/R/packages/tests-devel/GMCM/R/rtheta.R:133)
    rtheta: no visible global function definition for ‘rnorm’
     (/data/gannet/ripley/R/packages/tests-devel/GMCM/R/rtheta.R:135)
    rtheta: no visible global function definition for ‘rchisq’
     (/data/gannet/ripley/R/packages/tests-devel/GMCM/R/rtheta.R:138)
    rtheta: no visible global function definition for ‘rnorm’
     (/data/gannet/ripley/R/packages/tests-devel/GMCM/R/rtheta.R:140)
    Undefined global functions or variables:
     approxfun cov.wt cov2cor flush.console kmeans optim rchisq rnorm
     runif
    Consider adding
     importFrom("stats", "approxfun", "cov.wt", "cov2cor", "kmeans",
     "optim", "rchisq", "rnorm", "runif")
     importFrom("utils", "flush.console")
    to your NAMESPACE.
Flavor: r-devel-linux-x86_64-fedora-gcc

Version: 1.2.1
Check: R code for possible problems
Result: NOTE
    EMAlgorithm: no visible global function definition for 'flush.console'
     (D:/temp/RtmpA5ILkS/R.INSTALL412829297b0/GMCM/R/EMAlgortihm.R:52)
    MStep : <anonymous>: no visible global function definition for 'cov.wt'
     (D:/temp/RtmpA5ILkS/R.INSTALL412829297b0/GMCM/R/MStep.R:8)
    PseudoEMAlgorithm: no visible global function definition for
     'flush.console'
     (D:/temp/RtmpA5ILkS/R.INSTALL412829297b0/GMCM/R/PseudoEMAlgorithm.R:135)
    choose.theta: no visible global function definition for 'kmeans'
     (D:/temp/RtmpA5ILkS/R.INSTALL412829297b0/GMCM/R/choose.theta.R:50)
    fit.full.GMCM: no visible global function definition for 'optim'
     (D:/temp/RtmpA5ILkS/R.INSTALL412829297b0/GMCM/R/fit.full.GMCM.R:115-118)
    fit.meta.GMCM: no visible global function definition for 'optim'
     (D:/temp/RtmpA5ILkS/R.INSTALL412829297b0/GMCM/R/fit.meta.GMCM.R:103-109)
    fit.meta.GMCM: no visible global function definition for 'optim'
     (D:/temp/RtmpA5ILkS/R.INSTALL412829297b0/GMCM/R/fit.meta.GMCM.R:113-118)
    fit.meta.GMCM: no visible global function definition for 'optim'
     (D:/temp/RtmpA5ILkS/R.INSTALL412829297b0/GMCM/R/fit.meta.GMCM.R:122-128)
    fit.meta.GMCM: no visible global function definition for 'optim'
     (D:/temp/RtmpA5ILkS/R.INSTALL412829297b0/GMCM/R/fit.meta.GMCM.R:132-140)
    full2meta: no visible global function definition for 'cov2cor'
     (D:/temp/RtmpA5ILkS/R.INSTALL412829297b0/GMCM/R/full2meta.R:43-46)
    qgmm.marginal: no visible global function definition for 'approxfun'
     (D:/temp/RtmpA5ILkS/R.INSTALL412829297b0/GMCM/R/qgmm.marginal.R:26)
    rtheta : spherePointPicking: no visible global function definition for
     'rnorm' (D:/temp/RtmpA5ILkS/R.INSTALL412829297b0/GMCM/R/rtheta.R:99)
    rtheta : getPosDefMatOld: no visible global function definition for
     'rnorm' (D:/temp/RtmpA5ILkS/R.INSTALL412829297b0/GMCM/R/rtheta.R:111)
    rtheta: no visible global function definition for 'runif'
     (D:/temp/RtmpA5ILkS/R.INSTALL412829297b0/GMCM/R/rtheta.R:133)
    rtheta: no visible global function definition for 'rnorm'
     (D:/temp/RtmpA5ILkS/R.INSTALL412829297b0/GMCM/R/rtheta.R:135)
    rtheta: no visible global function definition for 'rchisq'
     (D:/temp/RtmpA5ILkS/R.INSTALL412829297b0/GMCM/R/rtheta.R:138)
    rtheta: no visible global function definition for 'rnorm'
     (D:/temp/RtmpA5ILkS/R.INSTALL412829297b0/GMCM/R/rtheta.R:140)
    Undefined global functions or variables:
     approxfun cov.wt cov2cor flush.console kmeans optim rchisq rnorm
     runif
    Consider adding
     importFrom("stats", "approxfun", "cov.wt", "cov2cor", "kmeans",
     "optim", "rchisq", "rnorm", "runif")
     importFrom("utils", "flush.console")
    to your NAMESPACE.
Flavor: r-devel-windows-ix86+x86_64