CRAN Package Check Results for Package GMCM

Last updated on 2015-07-06 23:47:46.

Flavor Version Tinstall Tcheck Ttotal Status Flags
r-devel-linux-x86_64-debian-clang 1.2.1 11.35 72.42 83.77 NOTE
r-devel-linux-x86_64-debian-gcc 1.2.1 13.53 72.68 86.22 NOTE
r-devel-linux-x86_64-fedora-clang 1.2.1 164.28 NOTE
r-devel-linux-x86_64-fedora-gcc 1.2.1 158.90 NOTE
r-devel-osx-x86_64-clang 1.2.1 139.63 OK
r-devel-windows-ix86+x86_64 1.2.1 54.00 185.00 239.00 NOTE
r-patched-linux-x86_64 1.2.1 12.40 70.60 83.00 OK
r-patched-solaris-sparc 1.2.1 1140.50 OK
r-patched-solaris-x86 1.2.1 224.00 OK
r-release-linux-x86_64 1.2.1 12.45 70.84 83.29 OK
r-release-osx-x86_64-mavericks 1.2.1 OK
r-release-windows-ix86+x86_64 1.2.1 51.00 177.00 228.00 OK
r-oldrel-windows-ix86+x86_64 1.2.1 53.00 184.00 237.00 OK

Check Details

Version: 1.2.1
Check: R code for possible problems
Result: NOTE
    EMAlgorithm: no visible global function definition for ‘flush.console’
     (/tmp/RtmpGmHjki/R.INSTALL16097328c86/GMCM/R/EMAlgortihm.R:52)
    MStep : <anonymous>: no visible global function definition for ‘cov.wt’
     (/tmp/RtmpGmHjki/R.INSTALL16097328c86/GMCM/R/MStep.R:8)
    PseudoEMAlgorithm: no visible global function definition for
     ‘flush.console’
     (/tmp/RtmpGmHjki/R.INSTALL16097328c86/GMCM/R/PseudoEMAlgorithm.R:135)
    choose.theta: no visible global function definition for ‘kmeans’
     (/tmp/RtmpGmHjki/R.INSTALL16097328c86/GMCM/R/choose.theta.R:50)
    fit.full.GMCM: no visible global function definition for ‘optim’
     (/tmp/RtmpGmHjki/R.INSTALL16097328c86/GMCM/R/fit.full.GMCM.R:115-118)
    fit.meta.GMCM: no visible global function definition for ‘optim’
     (/tmp/RtmpGmHjki/R.INSTALL16097328c86/GMCM/R/fit.meta.GMCM.R:103-109)
    fit.meta.GMCM: no visible global function definition for ‘optim’
     (/tmp/RtmpGmHjki/R.INSTALL16097328c86/GMCM/R/fit.meta.GMCM.R:113-118)
    fit.meta.GMCM: no visible global function definition for ‘optim’
     (/tmp/RtmpGmHjki/R.INSTALL16097328c86/GMCM/R/fit.meta.GMCM.R:122-128)
    fit.meta.GMCM: no visible global function definition for ‘optim’
     (/tmp/RtmpGmHjki/R.INSTALL16097328c86/GMCM/R/fit.meta.GMCM.R:132-140)
    full2meta: no visible global function definition for ‘cov2cor’
     (/tmp/RtmpGmHjki/R.INSTALL16097328c86/GMCM/R/full2meta.R:43-46)
    qgmm.marginal: no visible global function definition for ‘approxfun’
     (/tmp/RtmpGmHjki/R.INSTALL16097328c86/GMCM/R/qgmm.marginal.R:26)
    rtheta : spherePointPicking: no visible global function definition for
     ‘rnorm’ (/tmp/RtmpGmHjki/R.INSTALL16097328c86/GMCM/R/rtheta.R:99)
    rtheta : getPosDefMatOld: no visible global function definition for
     ‘rnorm’ (/tmp/RtmpGmHjki/R.INSTALL16097328c86/GMCM/R/rtheta.R:111)
    rtheta: no visible global function definition for ‘runif’
     (/tmp/RtmpGmHjki/R.INSTALL16097328c86/GMCM/R/rtheta.R:133)
    rtheta: no visible global function definition for ‘rnorm’
     (/tmp/RtmpGmHjki/R.INSTALL16097328c86/GMCM/R/rtheta.R:135)
    rtheta: no visible global function definition for ‘rchisq’
     (/tmp/RtmpGmHjki/R.INSTALL16097328c86/GMCM/R/rtheta.R:138)
    rtheta: no visible global function definition for ‘rnorm’
     (/tmp/RtmpGmHjki/R.INSTALL16097328c86/GMCM/R/rtheta.R:140)
    Undefined global functions or variables:
     approxfun cov.wt cov2cor flush.console kmeans optim rchisq rnorm
     runif
Flavor: r-devel-linux-x86_64-debian-clang

Version: 1.2.1
Check: R code for possible problems
Result: NOTE
    EMAlgorithm: no visible global function definition for ‘flush.console’
     (/tmp/RtmpaTDllo/R.INSTALL117262d00300/GMCM/R/EMAlgortihm.R:52)
    MStep : <anonymous>: no visible global function definition for ‘cov.wt’
     (/tmp/RtmpaTDllo/R.INSTALL117262d00300/GMCM/R/MStep.R:8)
    PseudoEMAlgorithm: no visible global function definition for
     ‘flush.console’
     (/tmp/RtmpaTDllo/R.INSTALL117262d00300/GMCM/R/PseudoEMAlgorithm.R:135)
    choose.theta: no visible global function definition for ‘kmeans’
     (/tmp/RtmpaTDllo/R.INSTALL117262d00300/GMCM/R/choose.theta.R:50)
    fit.full.GMCM: no visible global function definition for ‘optim’
     (/tmp/RtmpaTDllo/R.INSTALL117262d00300/GMCM/R/fit.full.GMCM.R:115-118)
    fit.meta.GMCM: no visible global function definition for ‘optim’
     (/tmp/RtmpaTDllo/R.INSTALL117262d00300/GMCM/R/fit.meta.GMCM.R:103-109)
    fit.meta.GMCM: no visible global function definition for ‘optim’
     (/tmp/RtmpaTDllo/R.INSTALL117262d00300/GMCM/R/fit.meta.GMCM.R:113-118)
    fit.meta.GMCM: no visible global function definition for ‘optim’
     (/tmp/RtmpaTDllo/R.INSTALL117262d00300/GMCM/R/fit.meta.GMCM.R:122-128)
    fit.meta.GMCM: no visible global function definition for ‘optim’
     (/tmp/RtmpaTDllo/R.INSTALL117262d00300/GMCM/R/fit.meta.GMCM.R:132-140)
    full2meta: no visible global function definition for ‘cov2cor’
     (/tmp/RtmpaTDllo/R.INSTALL117262d00300/GMCM/R/full2meta.R:43-46)
    qgmm.marginal: no visible global function definition for ‘approxfun’
     (/tmp/RtmpaTDllo/R.INSTALL117262d00300/GMCM/R/qgmm.marginal.R:26)
    rtheta : spherePointPicking: no visible global function definition for
     ‘rnorm’ (/tmp/RtmpaTDllo/R.INSTALL117262d00300/GMCM/R/rtheta.R:99)
    rtheta : getPosDefMatOld: no visible global function definition for
     ‘rnorm’ (/tmp/RtmpaTDllo/R.INSTALL117262d00300/GMCM/R/rtheta.R:111)
    rtheta: no visible global function definition for ‘runif’
     (/tmp/RtmpaTDllo/R.INSTALL117262d00300/GMCM/R/rtheta.R:133)
    rtheta: no visible global function definition for ‘rnorm’
     (/tmp/RtmpaTDllo/R.INSTALL117262d00300/GMCM/R/rtheta.R:135)
    rtheta: no visible global function definition for ‘rchisq’
     (/tmp/RtmpaTDllo/R.INSTALL117262d00300/GMCM/R/rtheta.R:138)
    rtheta: no visible global function definition for ‘rnorm’
     (/tmp/RtmpaTDllo/R.INSTALL117262d00300/GMCM/R/rtheta.R:140)
    Undefined global functions or variables:
     approxfun cov.wt cov2cor flush.console kmeans optim rchisq rnorm
     runif
Flavor: r-devel-linux-x86_64-debian-gcc

Version: 1.2.1
Check: R code for possible problems
Result: NOTE
    EMAlgorithm: no visible global function definition for ‘flush.console’
     (/data/gannet/ripley/R/packages/tests-clang/GMCM/R/EMAlgortihm.R:52)
    MStep : <anonymous>: no visible global function definition for ‘cov.wt’
     (/data/gannet/ripley/R/packages/tests-clang/GMCM/R/MStep.R:8)
    PseudoEMAlgorithm: no visible global function definition for
     ‘flush.console’
     (/data/gannet/ripley/R/packages/tests-clang/GMCM/R/PseudoEMAlgorithm.R:135)
    choose.theta: no visible global function definition for ‘kmeans’
     (/data/gannet/ripley/R/packages/tests-clang/GMCM/R/choose.theta.R:50)
    fit.full.GMCM: no visible global function definition for ‘optim’
     (/data/gannet/ripley/R/packages/tests-clang/GMCM/R/fit.full.GMCM.R:115-118)
    fit.meta.GMCM: no visible global function definition for ‘optim’
     (/data/gannet/ripley/R/packages/tests-clang/GMCM/R/fit.meta.GMCM.R:103-109)
    fit.meta.GMCM: no visible global function definition for ‘optim’
     (/data/gannet/ripley/R/packages/tests-clang/GMCM/R/fit.meta.GMCM.R:113-118)
    fit.meta.GMCM: no visible global function definition for ‘optim’
     (/data/gannet/ripley/R/packages/tests-clang/GMCM/R/fit.meta.GMCM.R:122-128)
    fit.meta.GMCM: no visible global function definition for ‘optim’
     (/data/gannet/ripley/R/packages/tests-clang/GMCM/R/fit.meta.GMCM.R:132-140)
    full2meta: no visible global function definition for ‘cov2cor’
     (/data/gannet/ripley/R/packages/tests-clang/GMCM/R/full2meta.R:43-46)
    qgmm.marginal: no visible global function definition for ‘approxfun’
     (/data/gannet/ripley/R/packages/tests-clang/GMCM/R/qgmm.marginal.R:26)
    rtheta : spherePointPicking: no visible global function definition for
     ‘rnorm’
     (/data/gannet/ripley/R/packages/tests-clang/GMCM/R/rtheta.R:99)
    rtheta : getPosDefMatOld: no visible global function definition for
     ‘rnorm’
     (/data/gannet/ripley/R/packages/tests-clang/GMCM/R/rtheta.R:111)
    rtheta: no visible global function definition for ‘runif’
     (/data/gannet/ripley/R/packages/tests-clang/GMCM/R/rtheta.R:133)
    rtheta: no visible global function definition for ‘rnorm’
     (/data/gannet/ripley/R/packages/tests-clang/GMCM/R/rtheta.R:135)
    rtheta: no visible global function definition for ‘rchisq’
     (/data/gannet/ripley/R/packages/tests-clang/GMCM/R/rtheta.R:138)
    rtheta: no visible global function definition for ‘rnorm’
     (/data/gannet/ripley/R/packages/tests-clang/GMCM/R/rtheta.R:140)
    Undefined global functions or variables:
     approxfun cov.wt cov2cor flush.console kmeans optim rchisq rnorm
     runif
Flavor: r-devel-linux-x86_64-fedora-clang

Version: 1.2.1
Check: R code for possible problems
Result: NOTE
    EMAlgorithm: no visible global function definition for ‘flush.console’
     (/data/gannet/ripley/R/packages/tests-devel/GMCM/R/EMAlgortihm.R:52)
    MStep : <anonymous>: no visible global function definition for ‘cov.wt’
     (/data/gannet/ripley/R/packages/tests-devel/GMCM/R/MStep.R:8)
    PseudoEMAlgorithm: no visible global function definition for
     ‘flush.console’
     (/data/gannet/ripley/R/packages/tests-devel/GMCM/R/PseudoEMAlgorithm.R:135)
    choose.theta: no visible global function definition for ‘kmeans’
     (/data/gannet/ripley/R/packages/tests-devel/GMCM/R/choose.theta.R:50)
    fit.full.GMCM: no visible global function definition for ‘optim’
     (/data/gannet/ripley/R/packages/tests-devel/GMCM/R/fit.full.GMCM.R:115-118)
    fit.meta.GMCM: no visible global function definition for ‘optim’
     (/data/gannet/ripley/R/packages/tests-devel/GMCM/R/fit.meta.GMCM.R:103-109)
    fit.meta.GMCM: no visible global function definition for ‘optim’
     (/data/gannet/ripley/R/packages/tests-devel/GMCM/R/fit.meta.GMCM.R:113-118)
    fit.meta.GMCM: no visible global function definition for ‘optim’
     (/data/gannet/ripley/R/packages/tests-devel/GMCM/R/fit.meta.GMCM.R:122-128)
    fit.meta.GMCM: no visible global function definition for ‘optim’
     (/data/gannet/ripley/R/packages/tests-devel/GMCM/R/fit.meta.GMCM.R:132-140)
    full2meta: no visible global function definition for ‘cov2cor’
     (/data/gannet/ripley/R/packages/tests-devel/GMCM/R/full2meta.R:43-46)
    qgmm.marginal: no visible global function definition for ‘approxfun’
     (/data/gannet/ripley/R/packages/tests-devel/GMCM/R/qgmm.marginal.R:26)
    rtheta : spherePointPicking: no visible global function definition for
     ‘rnorm’
     (/data/gannet/ripley/R/packages/tests-devel/GMCM/R/rtheta.R:99)
    rtheta : getPosDefMatOld: no visible global function definition for
     ‘rnorm’
     (/data/gannet/ripley/R/packages/tests-devel/GMCM/R/rtheta.R:111)
    rtheta: no visible global function definition for ‘runif’
     (/data/gannet/ripley/R/packages/tests-devel/GMCM/R/rtheta.R:133)
    rtheta: no visible global function definition for ‘rnorm’
     (/data/gannet/ripley/R/packages/tests-devel/GMCM/R/rtheta.R:135)
    rtheta: no visible global function definition for ‘rchisq’
     (/data/gannet/ripley/R/packages/tests-devel/GMCM/R/rtheta.R:138)
    rtheta: no visible global function definition for ‘rnorm’
     (/data/gannet/ripley/R/packages/tests-devel/GMCM/R/rtheta.R:140)
    Undefined global functions or variables:
     approxfun cov.wt cov2cor flush.console kmeans optim rchisq rnorm
     runif
Flavor: r-devel-linux-x86_64-fedora-gcc

Version: 1.2.1
Check: R code for possible problems
Result: NOTE
    EMAlgorithm: no visible global function definition for 'flush.console'
     (D:/temp/Rtmp6jhLPe/R.INSTALL27ac60ba2116/GMCM/R/EMAlgortihm.R:52)
    MStep : <anonymous>: no visible global function definition for 'cov.wt'
     (D:/temp/Rtmp6jhLPe/R.INSTALL27ac60ba2116/GMCM/R/MStep.R:8)
    PseudoEMAlgorithm: no visible global function definition for
     'flush.console'
     (D:/temp/Rtmp6jhLPe/R.INSTALL27ac60ba2116/GMCM/R/PseudoEMAlgorithm.R:135)
    choose.theta: no visible global function definition for 'kmeans'
     (D:/temp/Rtmp6jhLPe/R.INSTALL27ac60ba2116/GMCM/R/choose.theta.R:50)
    fit.full.GMCM: no visible global function definition for 'optim'
     (D:/temp/Rtmp6jhLPe/R.INSTALL27ac60ba2116/GMCM/R/fit.full.GMCM.R:115-118)
    fit.meta.GMCM: no visible global function definition for 'optim'
     (D:/temp/Rtmp6jhLPe/R.INSTALL27ac60ba2116/GMCM/R/fit.meta.GMCM.R:103-109)
    fit.meta.GMCM: no visible global function definition for 'optim'
     (D:/temp/Rtmp6jhLPe/R.INSTALL27ac60ba2116/GMCM/R/fit.meta.GMCM.R:113-118)
    fit.meta.GMCM: no visible global function definition for 'optim'
     (D:/temp/Rtmp6jhLPe/R.INSTALL27ac60ba2116/GMCM/R/fit.meta.GMCM.R:122-128)
    fit.meta.GMCM: no visible global function definition for 'optim'
     (D:/temp/Rtmp6jhLPe/R.INSTALL27ac60ba2116/GMCM/R/fit.meta.GMCM.R:132-140)
    full2meta: no visible global function definition for 'cov2cor'
     (D:/temp/Rtmp6jhLPe/R.INSTALL27ac60ba2116/GMCM/R/full2meta.R:43-46)
    qgmm.marginal: no visible global function definition for 'approxfun'
     (D:/temp/Rtmp6jhLPe/R.INSTALL27ac60ba2116/GMCM/R/qgmm.marginal.R:26)
    rtheta : spherePointPicking: no visible global function definition for
     'rnorm' (D:/temp/Rtmp6jhLPe/R.INSTALL27ac60ba2116/GMCM/R/rtheta.R:99)
    rtheta : getPosDefMatOld: no visible global function definition for
     'rnorm'
     (D:/temp/Rtmp6jhLPe/R.INSTALL27ac60ba2116/GMCM/R/rtheta.R:111)
    rtheta: no visible global function definition for 'runif'
     (D:/temp/Rtmp6jhLPe/R.INSTALL27ac60ba2116/GMCM/R/rtheta.R:133)
    rtheta: no visible global function definition for 'rnorm'
     (D:/temp/Rtmp6jhLPe/R.INSTALL27ac60ba2116/GMCM/R/rtheta.R:135)
    rtheta: no visible global function definition for 'rchisq'
     (D:/temp/Rtmp6jhLPe/R.INSTALL27ac60ba2116/GMCM/R/rtheta.R:138)
    rtheta: no visible global function definition for 'rnorm'
     (D:/temp/Rtmp6jhLPe/R.INSTALL27ac60ba2116/GMCM/R/rtheta.R:140)
    Undefined global functions or variables:
     approxfun cov.wt cov2cor flush.console kmeans optim rchisq rnorm
     runif
Flavor: r-devel-windows-ix86+x86_64