CRAN Package Check Results for Package GMCM

Last updated on 2016-07-02 06:47:18.

Flavor Version Tinstall Tcheck Ttotal Status Flags
r-devel-linux-x86_64-debian-gcc 1.2.3 19.21 83.48 102.69 OK
r-devel-linux-x86_64-fedora-clang 1.2.3 172.47 OK
r-devel-linux-x86_64-fedora-gcc 1.2.3 161.56 OK
r-devel-osx-x86_64-clang 1.2.3 130.32 OK
r-devel-windows-ix86+x86_64 1.2.3 60.00 200.00 260.00 OK
r-patched-linux-x86_64 1.2.3 13.80 78.00 91.80 OK
r-patched-solaris-sparc 1.2.3 1038.80 NOTE
r-patched-solaris-x86 1.2.3 209.60 NOTE
r-release-linux-x86_64 1.2.3 12.11 70.75 82.86 OK
r-release-osx-x86_64-mavericks 1.2.3 OK
r-release-windows-ix86+x86_64 1.2.3 63.00 201.00 264.00 OK
r-oldrel-windows-ix86+x86_64 1.2.3 42.00 212.00 254.00 OK

Check Details

Version: 1.2.3
Check: installed package size
Result: NOTE
     installed size is 7.8Mb
     sub-directories of 1Mb or more:
     data 1.3Mb
     libs 5.3Mb
Flavors: r-patched-solaris-sparc, r-patched-solaris-x86