CRAN Package Check Results for Package GMCM

Last updated on 2014-04-24 17:49:44.

Flavor Version Tinstall Tcheck Ttotal Status Flags
r-devel-linux-x86_64-debian-clang 1.0 10.25 26.00 36.25 OK
r-devel-linux-x86_64-debian-gcc 1.0 12.23 25.11 37.34 OK
r-devel-linux-x86_64-fedora-clang 1.0 73.37 OK
r-devel-linux-x86_64-fedora-gcc 1.0 71.32 OK
r-devel-osx-x86_64-clang 1.0 56.61 OK
r-devel-osx-x86_64-gcc 1.0 NOTE
r-devel-windows-ix86+x86_64 1.0 38.00 59.00 97.00 OK
r-patched-linux-x86_64 1.0 12.25 25.29 37.54 OK
r-patched-solaris-sparc 1.0 437.00 OK
r-patched-solaris-x86 1.0 95.70 OK
r-release-linux-ix86 1.0 18.00 45.00 63.00 OK
r-release-linux-x86_64 1.0 12.18 25.32 37.51 OK
r-release-osx-x86_64-mavericks 1.0 WARN
r-release-osx-x86_64-snowleopard 1.0 OK
r-release-windows-ix86+x86_64 1.0 54.00 79.00 133.00 OK
r-oldrel-windows-ix86+x86_64 1.0 41.00 66.00 107.00 OK

Memtest notes: valgrind

Check Details

Version: 1.0
Check: Rd cross-references
Result: NOTE
    Package unavailable to check Rd xrefs: ‘idr’
Flavor: r-devel-osx-x86_64-gcc

Version: 1.0
Check: PDF version of manual
Result: WARNING
    LaTeX errors when creating PDF version.
    This typically indicates Rd problems.
    LaTeX errors found:
    ! LaTeX Error: File `upquote.sty' not found.
    
    Type X to quit or <RETURN> to proceed,
    or enter new name. (Default extension: sty)
    
    3a7a9257/Rd2.tex:8: ==> Fatal error occurred, no output PDF file produced!
Flavor: r-release-osx-x86_64-mavericks