CRAN Package Check Results for Package GMCM

Last updated on 2017-06-24 01:47:12.

Flavor Version Tinstall Tcheck Ttotal Status Flags
r-devel-linux-x86_64-debian-clang 1.2.4 14.97 83.72 98.69 NOTE
r-devel-linux-x86_64-debian-gcc 1.2.4 17.43 81.08 98.51 NOTE
r-devel-linux-x86_64-fedora-clang 1.2.4 211.24 NOTE
r-devel-linux-x86_64-fedora-gcc 1.2.4 212.66 NOTE
r-devel-windows-ix86+x86_64 1.2.4 52.00 285.00 337.00 OK
r-patched-linux-x86_64 1.2.4 13.46 79.87 93.33 NOTE
r-patched-solaris-sparc 1.2.4 1156.20 OK
r-patched-solaris-x86 1.2.4 250.10 OK
r-release-linux-x86_64 1.2.4 14.12 79.35 93.47 NOTE
r-release-windows-ix86+x86_64 1.2.4 48.00 215.00 263.00 OK
r-release-osx-x86_64 1.2.4 WARN
r-oldrel-windows-ix86+x86_64 1.2.4 66.00 234.00 300.00 OK
r-oldrel-osx-x86_64 1.2.4 OK

Check Details

Version: 1.2.4
Check: compiled code
Result: NOTE
    File ‘GMCM/libs/GMCM.so’:
     Found no calls to: ‘R_registerRoutines’, ‘R_useDynamicSymbols’
    
    It is good practice to register native routines and to disable symbol
    search.
    
    See ‘Writing portable packages’ in the ‘Writing R Extensions’ manual.
Flavors: r-devel-linux-x86_64-debian-clang, r-devel-linux-x86_64-debian-gcc, r-devel-linux-x86_64-fedora-clang, r-devel-linux-x86_64-fedora-gcc, r-patched-linux-x86_64, r-release-linux-x86_64

Version: 1.2.4
Check: re-building of vignette outputs
Result: WARN
    Error in re-building vignettes:
     ...
    The following objects are masked from 'package:base':
    
     format.pval, round.POSIXt, trunc.POSIXt, units
    
    trying URL 'http://i.space.com/images/i/000/010/634/original/shuttle-atlantis-lifts-off.jpg?1309297321'
    Content type 'image/jpeg' length 776635 bytes (758 KB)
    ==================================================
    downloaded 758 KB
    
    Error in texi2dvi(file = file, pdf = TRUE, clean = clean, quiet = quiet, :
     Running 'texi2dvi' on 'GMCM-JStatSoft.tex' failed.
    LaTeX errors:
    ! LaTeX Error: File `dsfont.sty' not found.
    
    Type X to quit or <RETURN> to proceed,
    or enter new name. (Default extension: sty)
    
    ! Emergency stop.
    <read *>
    
    l.117 ^^M
    
    ! ==> Fatal error occurred, no output PDF file produced!
    Calls: buildVignettes -> texi2pdf -> texi2dvi
    Execution halted
Flavor: r-release-osx-x86_64