CRAN Package Check Results for Package GMD

Last updated on 2015-04-28 05:47:48.

Flavor Version Tinstall Tcheck Ttotal Status Flags
r-devel-linux-x86_64-debian-clang 0.3.3 1.67 31.37 33.04 NOTE
r-devel-linux-x86_64-debian-gcc 0.3.3 1.50 30.39 31.89 NOTE
r-devel-linux-x86_64-fedora-clang 0.3.3 64.48 NOTE
r-devel-linux-x86_64-fedora-gcc 0.3.3 60.26 NOTE
r-devel-osx-x86_64-clang 0.3.3 69.27 NOTE
r-devel-windows-ix86+x86_64 0.3.3 7.00 100.00 107.00 OK
r-patched-linux-x86_64 0.3.3 1.47 30.17 31.64 NOTE
r-patched-solaris-sparc 0.3.3 379.60 OK
r-patched-solaris-x86 0.3.3 78.70 NOTE
r-release-linux-x86_64 0.3.3 1.65 30.45 32.10 NOTE
r-release-osx-x86_64-mavericks 0.3.3 OK
r-release-osx-x86_64-snowleopard 0.3.3 OK
r-release-windows-ix86+x86_64 0.3.3 10.00 130.00 140.00 OK
r-oldrel-windows-ix86+x86_64 0.3.3 7.00 107.00 114.00 OK

Check Details

Version: 0.3.3
Check: S3 generic/method consistency
Result: NOTE
    Found the following apparent S3 methods exported but not registered:
     plot.elbow plot.gmdm plot.gmdp plot.mhist plot.mhist.summary
     print.gmdm print.gmdp summary.gmdp
    See section ‘Registering S3 methods’ in the ‘Writing R Extensions’
    manual.
Flavors: r-devel-linux-x86_64-debian-clang, r-devel-linux-x86_64-debian-gcc, r-devel-linux-x86_64-fedora-clang, r-devel-linux-x86_64-fedora-gcc, r-devel-osx-x86_64-clang, r-patched-solaris-x86, r-release-linux-x86_64