CRAN Package Check Results for Package GMD

Last updated on 2015-03-06 23:48:18.

Flavor Version Tinstall Tcheck Ttotal Status Flags
r-devel-linux-x86_64-debian-clang 0.3.3 1.94 30.62 32.57 NOTE
r-devel-linux-x86_64-debian-gcc 0.3.3 1.64 30.33 31.98 NOTE
r-devel-linux-x86_64-fedora-clang 0.3.3 62.95 NOTE
r-devel-linux-x86_64-fedora-gcc 0.3.3 59.50 NOTE
r-devel-osx-x86_64-clang 0.3.3 68.25 NOTE
r-devel-windows-ix86+x86_64 0.3.3 10.00 93.00 103.00 OK
r-patched-linux-x86_64 0.3.3 2.17 37.44 39.61 OK
r-patched-solaris-sparc 0.3.3 425.10 OK
r-patched-solaris-x86 0.3.3 88.30 OK
r-release-linux-ix86 0.3.3 2.42 47.36 49.79 OK
r-release-linux-x86_64 0.3.3 2.22 34.94 37.16 OK
r-release-osx-x86_64-mavericks 0.3.3 OK
r-release-osx-x86_64-snowleopard 0.3.3 OK
r-release-windows-ix86+x86_64 0.3.3 9.00 104.00 113.00 OK
r-oldrel-windows-ix86+x86_64 0.3.1.1 7.00 87.00 94.00 NOTE

Check Details

Version: 0.3.3
Check: S3 generic/method consistency
Result: NOTE
    Found the following apparent S3 methods exported but not registered:
     plot.elbow plot.gmdm plot.gmdp plot.mhist plot.mhist.summary
     print.gmdm print.gmdp summary.gmdp
    See section ‘Registering S3 methods’ in the ‘Writing R Extensions’
    manual.
Flavors: r-devel-linux-x86_64-debian-clang, r-devel-linux-x86_64-debian-gcc, r-devel-linux-x86_64-fedora-clang, r-devel-linux-x86_64-fedora-gcc, r-devel-osx-x86_64-clang

Version: 0.3.1.1
Check: DESCRIPTION meta-information
Result: NOTE
    Packages listed in more than one of Depends, Imports, Suggests, Enhances:
     'stats' 'cluster' 'gplots'
    A package should be listed in only one of these fields.
Flavor: r-oldrel-windows-ix86+x86_64

Version: 0.3.1.1
Check: dependencies in R code
Result: NOTE
    Package in Depends field not imported from: 'gplots'
     These packages need to be imported from (in the NAMESPACE file)
     for when this namespace is loaded but not attached.
    See the information on DESCRIPTION files in the chapter 'Creating R
    packages' of the 'Writing R Extensions' manual.
Flavor: r-oldrel-windows-ix86+x86_64

Version: 0.3.1.1
Check: R code for possible problems
Result: NOTE
    NB: .First.lib is obsolete and will not be used in R >= 3.0.0
Flavor: r-oldrel-windows-ix86+x86_64

Version: 0.3.1.1
Check: for old-style vignette sources
Result: NOTE
    Vignette sources only in 'inst/doc':
     'GMD-vignette.Rnw'
    A 'vignettes' directory will be required as from R 3.1.0
Flavor: r-oldrel-windows-ix86+x86_64