CRAN Package Check Results for Package GMD

Last updated on 2015-07-28 06:47:51.

Flavor Version Tinstall Tcheck Ttotal Status Flags
r-devel-linux-x86_64-debian-clang 0.3.3 1.58 32.60 34.18 NOTE
r-devel-linux-x86_64-debian-gcc 0.3.3 1.53 31.13 32.66 NOTE
r-devel-linux-x86_64-fedora-clang 0.3.3 64.11 NOTE
r-devel-linux-x86_64-fedora-gcc 0.3.3 61.14 NOTE
r-devel-osx-x86_64-clang 0.3.3 63.43 NOTE
r-devel-windows-ix86+x86_64 0.3.3 7.00 97.00 104.00 NOTE
r-patched-linux-x86_64 0.3.3 1.44 31.28 32.72 NOTE
r-patched-solaris-sparc 0.3.3 385.80 NOTE
r-patched-solaris-x86 0.3.3 81.60 NOTE
r-release-linux-x86_64 0.3.3 1.73 31.46 33.19 NOTE
r-release-osx-x86_64-mavericks 0.3.3 OK
r-release-windows-ix86+x86_64 0.3.3 11.00 121.00 132.00 OK
r-oldrel-windows-ix86+x86_64 0.3.3 15.00 108.00 123.00 OK

Check Details

Version: 0.3.3
Check: S3 generic/method consistency
Result: NOTE
    Found the following apparent S3 methods exported but not registered:
     plot.elbow plot.gmdm plot.gmdp plot.mhist plot.mhist.summary
     print.gmdm print.gmdp summary.gmdp
    See section ‘Registering S3 methods’ in the ‘Writing R Extensions’
    manual.
Flavors: r-devel-linux-x86_64-debian-clang, r-devel-linux-x86_64-debian-gcc, r-devel-linux-x86_64-fedora-clang, r-devel-linux-x86_64-fedora-gcc, r-devel-osx-x86_64-clang, r-patched-linux-x86_64, r-patched-solaris-sparc, r-patched-solaris-x86, r-release-linux-x86_64

Version: 0.3.3
Check: R code for possible problems
Result: NOTE
    .file_path_as_absolute: no visible global function definition for
     ‘file_test’
    .plot.text: no visible global function definition for ‘par’
    .plot.text: no visible global function definition for ‘plot’
    .plot.text: no visible global function definition for ‘rect’
    .plot.text: no visible global function definition for ‘text’
    bedgraph.to.depth: no visible global function definition for
     ‘read.table’
    ghist: no visible global function definition for ‘hist’
    heatmap.3: no visible global function definition for ‘par’
    heatmap.3: no visible global function definition for ‘flush.console’
    heatmap.3: no visible global function definition for ‘layout’
    heatmap.3: no visible global function definition for ‘image’
    heatmap.3: no visible global function definition for ‘axis’
    heatmap.3: no visible global function definition for ‘text’
    heatmap.3: no visible global function definition for ‘mtext’
    heatmap.3: no visible global function definition for ‘rect’
    heatmap.3: no visible global function definition for ‘abline’
    heatmap.3: no visible global function definition for ‘lines’
    heatmap.3: no visible global function definition for ‘plot’
    heatmap.3: no visible global function definition for ‘title’
    heatmap.3: no visible global function definition for ‘hist’
    legend: no visible global function definition for ‘par’
    legend : rect2: no visible global function definition for ‘rect’
    legend : segments2: no visible global function definition for
     ‘segments’
    legend : points2: no visible global function definition for ‘points’
    legend : text2: no visible global function definition for ‘text’
    legend: no visible global function definition for ‘strwidth’
    legend: no visible global function definition for ‘xinch’
    legend: no visible global function definition for ‘yinch’
    legend: no visible global function definition for ‘strheight’
    plot.elbow: no visible global function definition for ‘par’
    plot.elbow: no visible global function definition for ‘plot’
    plot.elbow: no visible global function definition for ‘abline’
    plot.elbow: no visible global function definition for ‘mtext’
    plot.elbow: no visible global function definition for ‘text’
    plot.elbow: no visible global function definition for ‘title’
    plot.gmdm: no visible global function definition for ‘par’
    plot.gmdm: no visible global function definition for ‘plot’
    plot.gmdm: no visible global function definition for ‘text’
    plot.gmdm: no visible global function definition for ‘rect’
    plot.gmdm: no visible global function definition for ‘mtext’
    plot.mhist: no visible global function definition for ‘plot’
    plot.mhist: no visible global function definition for ‘abline’
    plot.mhist: no visible global function definition for ‘mtext’
    plot.mhist: no visible global function definition for ‘axis’
    plot.mhist: no visible global function definition for ‘rect’
    plot.mhist: no visible global function definition for ‘lines’
    plot.mhist: no visible global function definition for ‘par’
    plot.mhist.summary: no visible global function definition for ‘par’
    ts2df: no visible global function definition for ‘is’
    Undefined global functions or variables:
     abline axis file_test flush.console hist image is layout lines mtext
     par plot points read.table rect segments strheight strwidth text
     title xinch yinch
    Consider adding
     importFrom("graphics", "abline", "axis", "hist", "image", "layout",
     "lines", "mtext", "par", "plot", "points", "rect",
     "segments", "strheight", "strwidth", "text", "title",
     "xinch", "yinch")
     importFrom("methods", "is")
     importFrom("utils", "file_test", "flush.console", "read.table")
    to your NAMESPACE.
Flavors: r-devel-linux-x86_64-debian-clang, r-devel-linux-x86_64-debian-gcc, r-devel-linux-x86_64-fedora-clang, r-devel-linux-x86_64-fedora-gcc, r-devel-windows-ix86+x86_64