CRAN Package Check Results for Package GMD

Last updated on 2014-09-01 14:46:29.

Flavor Version Tinstall Tcheck Ttotal Status Flags
r-devel-linux-x86_64-debian-clang 0.3.3 1.70 29.91 31.61 OK
r-devel-linux-x86_64-debian-gcc 0.3.3 1.63 29.62 31.25 OK
r-devel-linux-x86_64-fedora-clang 0.3.3 70.26 OK
r-devel-linux-x86_64-fedora-gcc 0.3.3 66.25 OK
r-devel-osx-x86_64-clang 0.3.3 74.70 OK
r-devel-windows-ix86+x86_64 0.3.3 7.00 92.00 99.00 OK
r-patched-linux-x86_64 0.3.3 1.72 31.40 33.12 OK
r-patched-solaris-sparc 0.3.3 358.80 OK
r-patched-solaris-x86 0.3.3 81.50 OK
r-release-linux-ix86 0.3.3 2.34 44.74 47.07 OK
r-release-linux-x86_64 0.3.3 1.77 31.53 33.30 OK
r-release-osx-x86_64-mavericks 0.3.3 NOTE
r-release-osx-x86_64-snowleopard 0.3.3 OK
r-release-windows-ix86+x86_64 0.3.3 7.00 100.00 107.00 OK
r-oldrel-windows-ix86+x86_64 0.3.1.1 7.00 87.00 94.00 NOTE

Check Details

Version: 0.3.3
Check: re-building of vignette outputs
Result: NOTE
    Error in re-building vignettes:
     ...
     `bins' are not specified; use automatic numbering instead under assumption
    that memeber histograms have the same order of the bins.
    
    Warning in as.mhist(tmp.x) :
     `bins' are not specified; use automatic numbering instead under assumption
    that memeber histograms have the same order of the bins.
    
    Warning in as.mhist(tmp.x) :
     `bins' are not specified; use automatic numbering instead under assumption
    that memeber histograms have the same order of the bins.
    
    Warning in as.mhist(tmp.x) :
     `bins' are not specified; use automatic numbering instead under assumption
    that memeber histograms have the same order of the bins.
    Error in texi2dvi(file = file, pdf = TRUE, clean = clean, quiet = quiet, :
     Running 'texi2dvi' on 'GMD-data-processing.tex' failed.
    LaTeX errors:
    ! LaTeX Error: File `appendix.sty' not found.
    
    Type X to quit or <RETURN> to proceed,
    or enter new name. (Default extension: sty)
    
    ./Xvignette.sty:10: ==> Fatal error occurred, no output PDF file produced!
    Calls: buildVignettes -> texi2pdf -> texi2dvi
    Execution halted
Flavor: r-release-osx-x86_64-mavericks

Version: 0.3.1.1
Check: DESCRIPTION meta-information
Result: NOTE
    Packages listed in more than one of Depends, Imports, Suggests, Enhances:
     'stats' 'cluster' 'gplots'
    A package should be listed in only one of these fields.
Flavor: r-oldrel-windows-ix86+x86_64

Version: 0.3.1.1
Check: dependencies in R code
Result: NOTE
    Package in Depends field not imported from: 'gplots'
     These packages need to be imported from (in the NAMESPACE file)
     for when this namespace is loaded but not attached.
    See the information on DESCRIPTION files in the chapter 'Creating R
    packages' of the 'Writing R Extensions' manual.
Flavor: r-oldrel-windows-ix86+x86_64

Version: 0.3.1.1
Check: R code for possible problems
Result: NOTE
    NB: .First.lib is obsolete and will not be used in R >= 3.0.0
Flavor: r-oldrel-windows-ix86+x86_64

Version: 0.3.1.1
Check: for old-style vignette sources
Result: NOTE
    Vignette sources only in 'inst/doc':
     'GMD-vignette.Rnw'
    A 'vignettes' directory will be required as from R 3.1.0
Flavor: r-oldrel-windows-ix86+x86_64