CRAN Package Check Results for Package GMD

Last updated on 2015-05-23 11:51:22.

Flavor Version Tinstall Tcheck Ttotal Status Flags
r-devel-linux-x86_64-debian-clang 0.3.3 1.69 30.34 32.03 NOTE
r-devel-linux-x86_64-debian-gcc 0.3.3 1.54 29.99 31.53 NOTE
r-devel-linux-x86_64-fedora-clang 0.3.3 63.65 NOTE
r-devel-linux-x86_64-fedora-gcc 0.3.3 60.25 NOTE
r-devel-osx-x86_64-clang 0.3.3 66.72 NOTE
r-devel-windows-ix86+x86_64 0.3.3 6.00 99.00 105.00 OK
r-patched-linux-x86_64 0.3.3 1.48 30.93 32.41 NOTE
r-patched-solaris-sparc 0.3.3 384.00 NOTE
r-patched-solaris-x86 0.3.3 79.20 NOTE
r-release-linux-x86_64 0.3.3 1.51 30.13 31.64 NOTE
r-release-osx-x86_64-mavericks 0.3.3 OK
r-release-osx-x86_64-snowleopard 0.3.3 OK
r-release-windows-ix86+x86_64 0.3.3 6.00 86.00 92.00 OK
r-oldrel-windows-ix86+x86_64 0.3.3 8.00 101.00 109.00 OK

Check Details

Version: 0.3.3
Check: S3 generic/method consistency
Result: NOTE
    Found the following apparent S3 methods exported but not registered:
     plot.elbow plot.gmdm plot.gmdp plot.mhist plot.mhist.summary
     print.gmdm print.gmdp summary.gmdp
    See section ‘Registering S3 methods’ in the ‘Writing R Extensions’
    manual.
Flavors: r-devel-linux-x86_64-debian-clang, r-devel-linux-x86_64-debian-gcc, r-devel-linux-x86_64-fedora-clang, r-devel-linux-x86_64-fedora-gcc, r-devel-osx-x86_64-clang, r-patched-linux-x86_64, r-patched-solaris-sparc, r-patched-solaris-x86, r-release-linux-x86_64