CRAN Package Check Results for Package GMD

Last updated on 2014-08-01 17:48:24.

Flavor Version Tinstall Tcheck Ttotal Status Flags
r-devel-linux-x86_64-debian-clang 0.3.1.1 1.54 32.02 33.56 NOTE
r-devel-linux-x86_64-debian-gcc 0.3.1.1 1.59 31.26 32.84 NOTE
r-devel-linux-x86_64-fedora-clang 0.3.1.1 85.91 NOTE
r-devel-linux-x86_64-fedora-gcc 0.3.1.1 83.22 NOTE
r-devel-osx-x86_64-clang 0.3.1.1 60.76 NOTE
r-devel-windows-ix86+x86_64 0.3.1.1 8.00 74.00 82.00 NOTE
r-patched-linux-x86_64 0.3.1.1 1.51 32.70 34.21 NOTE
r-patched-solaris-sparc 0.3.1.1 397.80 NOTE
r-patched-solaris-x86 0.3.1.1 103.20 NOTE
r-release-linux-ix86 0.3.1.1 2.23 42.30 44.52 NOTE
r-release-linux-x86_64 0.3.1.1 1.59 32.18 33.77 NOTE
r-release-osx-x86_64-mavericks 0.3.1.1 NOTE
r-release-osx-x86_64-snowleopard 0.3.1.1 ERROR
r-release-windows-ix86+x86_64 0.3.1.1 13.00 98.00 111.00 NOTE
r-oldrel-windows-ix86+x86_64 0.3.1.1 14.00 117.00 131.00 NOTE

Check Details

Version: 0.3.1.1
Check: DESCRIPTION meta-information
Result: NOTE
    Packages listed in more than one of Depends, Imports, Suggests, Enhances:
     stats cluster gplots
    A package should be listed in only one of these fields.
Flavors: r-devel-linux-x86_64-debian-clang, r-devel-linux-x86_64-debian-gcc, r-devel-linux-x86_64-fedora-clang, r-devel-linux-x86_64-fedora-gcc, r-devel-osx-x86_64-clang, r-devel-windows-ix86+x86_64, r-patched-linux-x86_64, r-patched-solaris-sparc, r-patched-solaris-x86, r-release-linux-ix86, r-release-linux-x86_64, r-release-osx-x86_64-mavericks, r-release-windows-ix86+x86_64, r-oldrel-windows-ix86+x86_64

Version: 0.3.1.1
Check: dependencies in R code
Result: NOTE
    Package in Depends field not imported from: gplots
     These packages need to be imported from (in the NAMESPACE file)
     for when this namespace is loaded but not attached.
    See the information on DESCRIPTION files in the chapter Creating R
    packages of the Writing R Extensions manual.
Flavors: r-devel-linux-x86_64-debian-clang, r-devel-linux-x86_64-debian-gcc, r-devel-linux-x86_64-fedora-clang, r-devel-linux-x86_64-fedora-gcc, r-devel-osx-x86_64-clang, r-devel-windows-ix86+x86_64, r-patched-linux-x86_64, r-patched-solaris-sparc, r-patched-solaris-x86, r-release-linux-ix86, r-release-linux-x86_64, r-release-osx-x86_64-mavericks, r-release-windows-ix86+x86_64, r-oldrel-windows-ix86+x86_64

Version: 0.3.1.1
Check: R code for possible problems
Result: NOTE
    NB: .First.lib is obsolete and will not be used in R >= 3.0.0
Flavors: r-devel-linux-x86_64-debian-clang, r-devel-linux-x86_64-debian-gcc, r-devel-linux-x86_64-fedora-clang, r-devel-linux-x86_64-fedora-gcc, r-devel-osx-x86_64-clang, r-devel-windows-ix86+x86_64, r-patched-linux-x86_64, r-patched-solaris-sparc, r-patched-solaris-x86, r-release-linux-ix86, r-release-linux-x86_64, r-release-osx-x86_64-mavericks, r-release-windows-ix86+x86_64, r-oldrel-windows-ix86+x86_64

Version: 0.3.1.1
Check: for old-style vignette sources
Result: NOTE
    Vignette sources only in inst/doc :
     GMD-vignette.Rnw
    A vignettes directory is required as from R 3.1.0
    and these will not be indexed nor checked
Flavors: r-devel-linux-x86_64-debian-clang, r-devel-linux-x86_64-debian-gcc, r-devel-linux-x86_64-fedora-clang, r-devel-linux-x86_64-fedora-gcc, r-devel-osx-x86_64-clang, r-patched-linux-x86_64, r-patched-solaris-sparc, r-patched-solaris-x86, r-release-linux-ix86, r-release-linux-x86_64, r-release-osx-x86_64-mavericks

Version: 0.3.1.1
Check: for old-style vignette sources
Result: NOTE
    Vignette sources only in 'inst/doc':
     'GMD-vignette.Rnw'
    A 'vignettes' directory is required as from R 3.1.0
    and these will not be indexed nor checked
    * checking examples ...
Flavors: r-devel-windows-ix86+x86_64, r-release-windows-ix86+x86_64

Version: 0.3.1.1
Check: whether package can be installed
Result: ERROR
    Installation failed.
Flavor: r-release-osx-x86_64-snowleopard

Version: 0.3.1.1
Check: for old-style vignette sources
Result: NOTE
    Vignette sources only in 'inst/doc':
     'GMD-vignette.Rnw'
    A 'vignettes' directory will be required as from R 3.1.0
    * checking examples ...
Flavor: r-oldrel-windows-ix86+x86_64