CRAN Package Check Results for Package GMD

Last updated on 2014-04-25 05:47:16.

Flavor Version Tinstall Tcheck Ttotal Status Flags
r-devel-linux-x86_64-debian-clang 0.3.1.1 1.62 34.68 36.30 NOTE
r-devel-linux-x86_64-debian-gcc 0.3.1.1 1.56 33.71 35.26 NOTE
r-devel-linux-x86_64-fedora-clang 0.3.1.1 87.49 NOTE
r-devel-linux-x86_64-fedora-gcc 0.3.1.1 84.34 NOTE
r-devel-osx-x86_64-clang 0.3.1.1 65.11 NOTE
r-devel-osx-x86_64-gcc 0.3.1.1 NOTE
r-devel-windows-ix86+x86_64 0.3.1.1 6.00 71.00 77.00 NOTE
r-patched-linux-x86_64 0.3.1.1 1.61 33.03 34.64 NOTE
r-patched-solaris-sparc 0.3.1.1 387.70 NOTE
r-patched-solaris-x86 0.3.1.1 95.60 NOTE
r-release-linux-ix86 0.3.1.1 3.00 58.00 61.00 NOTE
r-release-linux-x86_64 0.3.1.1 1.61 33.17 34.78 NOTE
r-release-osx-x86_64-mavericks 0.3.1.1 WARN
r-release-osx-x86_64-snowleopard 0.3.1.1 ERROR
r-release-windows-ix86+x86_64 0.3.1.1 7.00 78.00 85.00 NOTE
r-oldrel-windows-ix86+x86_64 0.3.1.1 7.00 86.00 93.00 NOTE

Check Details

Version: 0.3.1.1
Check: DESCRIPTION meta-information
Result: NOTE
    Packages listed in more than one of Depends, Imports, Suggests, Enhances:
     ‘stats’ ‘cluster’ ‘gplots’
    A package should be listed in only one of these fields.
Flavors: r-devel-linux-x86_64-debian-clang, r-devel-linux-x86_64-debian-gcc, r-devel-linux-x86_64-fedora-clang, r-devel-linux-x86_64-fedora-gcc, r-devel-osx-x86_64-clang, r-devel-osx-x86_64-gcc, r-devel-windows-ix86+x86_64, r-patched-linux-x86_64, r-patched-solaris-sparc, r-patched-solaris-x86, r-release-linux-ix86, r-release-linux-x86_64, r-release-osx-x86_64-mavericks, r-release-windows-ix86+x86_64, r-oldrel-windows-ix86+x86_64

Version: 0.3.1.1
Check: dependencies in R code
Result: NOTE
    Package in Depends field not imported from: ‘gplots’
     These packages need to be imported from (in the NAMESPACE file)
     for when this namespace is loaded but not attached.
    See the information on DESCRIPTION files in the chapter ‘Creating R
    packages’ of the ‘Writing R Extensions’ manual.
Flavors: r-devel-linux-x86_64-debian-clang, r-devel-linux-x86_64-debian-gcc, r-devel-linux-x86_64-fedora-clang, r-devel-linux-x86_64-fedora-gcc, r-devel-osx-x86_64-clang, r-devel-osx-x86_64-gcc, r-devel-windows-ix86+x86_64, r-patched-linux-x86_64, r-patched-solaris-sparc, r-patched-solaris-x86, r-release-linux-ix86, r-release-linux-x86_64, r-release-osx-x86_64-mavericks, r-release-windows-ix86+x86_64, r-oldrel-windows-ix86+x86_64

Version: 0.3.1.1
Check: R code for possible problems
Result: NOTE
    NB: .First.lib is obsolete and will not be used in R >= 3.0.0
Flavors: r-devel-linux-x86_64-debian-clang, r-devel-linux-x86_64-debian-gcc, r-devel-linux-x86_64-fedora-clang, r-devel-linux-x86_64-fedora-gcc, r-devel-osx-x86_64-clang, r-devel-osx-x86_64-gcc, r-devel-windows-ix86+x86_64, r-patched-linux-x86_64, r-patched-solaris-sparc, r-patched-solaris-x86, r-release-linux-ix86, r-release-linux-x86_64, r-release-osx-x86_64-mavericks, r-release-windows-ix86+x86_64, r-oldrel-windows-ix86+x86_64

Version: 0.3.1.1
Check: for old-style vignette sources
Result: NOTE
    Vignette sources only in ‘inst/doc’:
     ‘GMD-vignette.Rnw’
    A ‘vignettes’ directory is required as from R 3.1.0
    and these will not be indexed nor checked
Flavors: r-devel-linux-x86_64-debian-clang, r-devel-linux-x86_64-debian-gcc, r-devel-linux-x86_64-fedora-clang, r-devel-linux-x86_64-fedora-gcc, r-devel-osx-x86_64-clang, r-devel-osx-x86_64-gcc, r-patched-linux-x86_64, r-patched-solaris-sparc, r-patched-solaris-x86, r-release-linux-ix86, r-release-linux-x86_64, r-release-osx-x86_64-mavericks

Version: 0.3.1.1
Check: for old-style vignette sources
Result: NOTE
    Vignette sources only in 'inst/doc':
     'GMD-vignette.Rnw'
    A 'vignettes' directory is required as from R 3.1.0
    and these will not be indexed nor checked
    * checking examples ...
Flavors: r-devel-windows-ix86+x86_64, r-release-windows-ix86+x86_64

Version: 0.3.1.1
Check: PDF version of manual
Result: WARNING
    LaTeX errors when creating PDF version.
    This typically indicates Rd problems.
    LaTeX errors found:
    ! LaTeX Error: File `upquote.sty' not found.
    
    Type X to quit or <RETURN> to proceed,
    or enter new name. (Default extension: sty)
    
    475b0d13/Rd2.tex:8: ==> Fatal error occurred, no output PDF file produced!
Flavor: r-release-osx-x86_64-mavericks

Version: 0.3.1.1
Check: whether package can be installed
Result: ERROR
    Installation failed.
    See ‘/Volumes/XT3/Builds/R-dev-web/QA/Simon/packages/snowleopard-x86_64/results/3.1/GMD.Rcheck/00install.out’ for details.
Flavor: r-release-osx-x86_64-snowleopard

Version: 0.3.1.1
Check: for old-style vignette sources
Result: NOTE
    Vignette sources only in 'inst/doc':
     'GMD-vignette.Rnw'
    A 'vignettes' directory will be required as from R 3.1.0
    * checking examples ...
Flavor: r-oldrel-windows-ix86+x86_64