CRAN Package Check Results for Package GMD

Last updated on 2015-02-01 11:47:12.

Flavor Version Tinstall Tcheck Ttotal Status Flags
r-devel-linux-x86_64-debian-clang 0.3.3 2.02 29.86 31.88 NOTE
r-devel-linux-x86_64-debian-gcc 0.3.3 1.62 29.46 31.08 NOTE
r-devel-linux-x86_64-fedora-clang 0.3.3 67.43 NOTE
r-devel-linux-x86_64-fedora-gcc 0.3.3 60.43 NOTE
r-devel-osx-x86_64-clang 0.3.3 76.49 NOTE
r-devel-windows-ix86+x86_64 0.3.3 10.00 84.00 94.00 OK
r-patched-linux-x86_64 0.3.3 1.97 34.93 36.90 OK
r-patched-solaris-sparc 0.3.3 419.30 OK
r-patched-solaris-x86 0.3.3 88.60 OK
r-release-linux-ix86 0.3.3 2.40 47.39 49.79 OK
r-release-linux-x86_64 0.3.3 1.85 34.95 36.80 OK
r-release-osx-x86_64-mavericks 0.3.3 OK
r-release-osx-x86_64-snowleopard 0.3.3 OK
r-release-windows-ix86+x86_64 0.3.3 9.00 109.00 118.00 OK
r-oldrel-windows-ix86+x86_64 0.3.1.1 7.00 87.00 94.00 NOTE

Check Details

Version: 0.3.3
Check: S3 generic/method consistency
Result: NOTE
    Found the following apparent S3 methods exported but not registered:
     print.gmdm print.gmdp summary.gmdp plot.elbow plot.gmdm plot.gmdp
     plot.mhist plot.mhist.summary
    See section ‘Registering S3 methods’ in the ‘Writing R Extensions’
    manual.
Flavors: r-devel-linux-x86_64-debian-clang, r-devel-linux-x86_64-debian-gcc, r-devel-linux-x86_64-fedora-clang, r-devel-linux-x86_64-fedora-gcc, r-devel-osx-x86_64-clang

Version: 0.3.1.1
Check: DESCRIPTION meta-information
Result: NOTE
    Packages listed in more than one of Depends, Imports, Suggests, Enhances:
     'stats' 'cluster' 'gplots'
    A package should be listed in only one of these fields.
Flavor: r-oldrel-windows-ix86+x86_64

Version: 0.3.1.1
Check: dependencies in R code
Result: NOTE
    Package in Depends field not imported from: 'gplots'
     These packages need to be imported from (in the NAMESPACE file)
     for when this namespace is loaded but not attached.
    See the information on DESCRIPTION files in the chapter 'Creating R
    packages' of the 'Writing R Extensions' manual.
Flavor: r-oldrel-windows-ix86+x86_64

Version: 0.3.1.1
Check: R code for possible problems
Result: NOTE
    NB: .First.lib is obsolete and will not be used in R >= 3.0.0
Flavor: r-oldrel-windows-ix86+x86_64

Version: 0.3.1.1
Check: for old-style vignette sources
Result: NOTE
    Vignette sources only in 'inst/doc':
     'GMD-vignette.Rnw'
    A 'vignettes' directory will be required as from R 3.1.0
Flavor: r-oldrel-windows-ix86+x86_64