CRAN Package Check Results for Package GMDH2

Last updated on 2021-11-29 02:48:31 CET.

Flavor Version Tinstall Tcheck Ttotal Status Flags
r-devel-linux-x86_64-debian-clang 1.6 OK
r-devel-linux-x86_64-debian-gcc 1.6 10.93 81.62 92.55 OK
r-devel-linux-x86_64-fedora-clang 1.6 157.15 NOTE
r-devel-linux-x86_64-fedora-gcc 1.6 142.30 OK
r-devel-windows-x86_64-new-UL 1.6 23.00 147.00 170.00 OK
r-devel-windows-x86_64-new-TK 1.6 OK
r-devel-windows-x86_64-old 1.6 14.00 138.00 152.00 OK
r-patched-linux-x86_64 1.6 10.14 102.56 112.70 OK
r-patched-solaris-x86 1.6 195.10 OK
r-release-linux-x86_64 1.6 10.67 103.04 113.71 OK
r-release-macos-arm64 1.6 OK
r-release-macos-x86_64 1.6 OK
r-release-windows-ix86+x86_64 1.6 29.00 95.00 124.00 OK
r-oldrel-macos-x86_64 1.6 OK
r-oldrel-windows-ix86+x86_64 1.6 30.00 138.00 168.00 OK

Check Details

Version: 1.6
Check: Rd cross-references
Result: NOTE
    Undeclared package ‘caret’ in Rd xrefs
Flavor: r-devel-linux-x86_64-fedora-clang