CRAN Package Check Results for Package GMMBoost

Last updated on 2017-02-27 19:50:36.

Flavor Version Tinstall Tcheck Ttotal Status Flags
r-devel-linux-x86_64-debian-clang 1.1.2 1.02 50.94 51.96 NOTE
r-devel-linux-x86_64-debian-gcc 1.1.2 0.95 51.40 52.35 NOTE
r-devel-linux-x86_64-fedora-clang 1.1.2 104.04 NOTE --no-stop-on-test-error
r-devel-linux-x86_64-fedora-gcc 1.1.2 91.40 NOTE --no-stop-on-test-error
r-devel-macos-x86_64-clang 1.1.2 74.59 NOTE --no-stop-on-test-error
r-devel-windows-ix86+x86_64 1.1.2 4.00 116.00 120.00 NOTE
r-patched-linux-x86_64 1.1.2 0.93 46.48 47.41 NOTE
r-patched-solaris-sparc 1.1.2 642.00 NOTE
r-patched-solaris-x86 1.1.2 115.70 NOTE
r-release-linux-x86_64 1.1.2 0.91 46.60 47.51 NOTE
r-release-osx-x86_64-mavericks 1.1.2 NOTE
r-release-windows-ix86+x86_64 1.1.2 7.00 72.00 79.00 NOTE
r-oldrel-windows-ix86+x86_64 1.1.2 4.00 94.00 98.00 NOTE

Check Details

Version: 1.1.2
Check: DESCRIPTION meta-information
Result: NOTE
    Malformed Description field: should contain one or more complete sentences.
Flavors: r-devel-linux-x86_64-debian-clang, r-devel-linux-x86_64-debian-gcc, r-devel-windows-ix86+x86_64, r-patched-linux-x86_64, r-patched-solaris-sparc, r-patched-solaris-x86, r-release-linux-x86_64, r-release-osx-x86_64-mavericks, r-release-windows-ix86+x86_64, r-oldrel-windows-ix86+x86_64

Version: 1.1.2
Check: R code for possible problems
Result: NOTE
    plot.bGAMM: no visible global function definition for ‘par’
    plot.bGAMM: no visible global function definition for ‘plot’
    plot.bGAMM: no visible global function definition for ‘lines’
    plot.bGAMM: no visible global function definition for ‘rug’
    Undefined global functions or variables:
     lines par plot rug
    Consider adding
     importFrom("graphics", "lines", "par", "plot", "rug")
    to your NAMESPACE file.
Flavors: r-devel-linux-x86_64-debian-clang, r-devel-linux-x86_64-debian-gcc, r-devel-windows-ix86+x86_64, r-patched-linux-x86_64, r-patched-solaris-sparc, r-patched-solaris-x86, r-release-linux-x86_64, r-release-osx-x86_64-mavericks, r-release-windows-ix86+x86_64

Version: 1.1.2
Flags: --no-stop-on-test-error
Check: DESCRIPTION meta-information
Result: NOTE
    Malformed Description field: should contain one or more complete sentences.
Flavors: r-devel-linux-x86_64-fedora-clang, r-devel-linux-x86_64-fedora-gcc, r-devel-macos-x86_64-clang

Version: 1.1.2
Flags: --no-stop-on-test-error
Check: R code for possible problems
Result: NOTE
    plot.bGAMM: no visible global function definition for ‘par’
    plot.bGAMM: no visible global function definition for ‘plot’
    plot.bGAMM: no visible global function definition for ‘lines’
    plot.bGAMM: no visible global function definition for ‘rug’
    Undefined global functions or variables:
     lines par plot rug
    Consider adding
     importFrom("graphics", "lines", "par", "plot", "rug")
    to your NAMESPACE file.
Flavors: r-devel-linux-x86_64-fedora-clang, r-devel-linux-x86_64-fedora-gcc, r-devel-macos-x86_64-clang