CRAN Package Check Results for Package GMMBoost

Last updated on 2015-04-19 05:49:48.

Flavor Version Tinstall Tcheck Ttotal Status Flags
r-devel-linux-x86_64-debian-clang 1.1.2 0.96 45.70 46.67 NOTE
r-devel-linux-x86_64-debian-gcc 1.1.2 1.01 44.94 45.94 NOTE
r-devel-linux-x86_64-fedora-clang 1.1.2 92.90 NOTE
r-devel-linux-x86_64-fedora-gcc 1.1.2 97.53 NOTE
r-devel-osx-x86_64-clang 1.1.2 82.38 NOTE
r-patched-linux-x86_64 1.1.2 1.01 46.59 47.60 NOTE
r-patched-solaris-sparc 1.1.2 663.10 NOTE
r-patched-solaris-x86 1.1.2 133.70 NOTE
r-release-linux-x86_64 1.1.2 0.93 45.42 46.34 NOTE
r-release-osx-x86_64-mavericks 1.1.2 NOTE
r-release-osx-x86_64-snowleopard 1.1.2 NOTE
r-release-windows-ix86+x86_64 1.1.2 3.00 83.00 86.00 NOTE
r-oldrel-windows-ix86+x86_64 1.1.2 4.00 71.00 75.00 OK

Check Details

Version: 1.1.2
Check: DESCRIPTION meta-information
Result: NOTE
    Malformed Description field: should contain one or more complete sentences.
Flavors: r-devel-linux-x86_64-debian-clang, r-devel-linux-x86_64-debian-gcc, r-devel-linux-x86_64-fedora-clang, r-devel-linux-x86_64-fedora-gcc, r-devel-osx-x86_64-clang, r-patched-linux-x86_64, r-patched-solaris-sparc, r-patched-solaris-x86, r-release-linux-x86_64, r-release-osx-x86_64-mavericks, r-release-osx-x86_64-snowleopard, r-release-windows-ix86+x86_64