CRAN Package Check Results for Package GMMBoost

Last updated on 2016-12-02 23:48:04.

Flavor Version Tinstall Tcheck Ttotal Status Flags
r-devel-linux-x86_64-debian-clang 1.1.2 0.90 50.54 51.44 NOTE
r-devel-linux-x86_64-debian-gcc 1.1.2 1.00 49.13 50.13 NOTE
r-devel-linux-x86_64-fedora-clang 1.1.2 98.67 NOTE
r-devel-linux-x86_64-fedora-gcc 1.1.2 94.60 NOTE
r-devel-macos-x86_64-clang 1.1.2 76.72 NOTE
r-devel-windows-ix86+x86_64 1.1.2 3.00 98.00 101.00 NOTE
r-patched-linux-x86_64 1.1.2 0.92 47.60 48.51 NOTE
r-patched-solaris-sparc 1.1.2 645.20 NOTE
r-patched-solaris-x86 1.1.2 122.90 NOTE
r-release-linux-x86_64 1.1.2 1.08 47.89 48.97 NOTE
r-release-osx-x86_64-mavericks 1.1.2 NOTE
r-release-windows-ix86+x86_64 1.1.2 4.00 126.00 130.00 NOTE
r-oldrel-windows-ix86+x86_64 1.1.2 4.00 65.00 69.00 NOTE

Check Details

Version: 1.1.2
Check: DESCRIPTION meta-information
Result: NOTE
    Malformed Description field: should contain one or more complete sentences.
Flavors: r-devel-linux-x86_64-debian-clang, r-devel-linux-x86_64-debian-gcc, r-devel-linux-x86_64-fedora-clang, r-devel-linux-x86_64-fedora-gcc, r-devel-macos-x86_64-clang, r-devel-windows-ix86+x86_64, r-patched-linux-x86_64, r-patched-solaris-sparc, r-patched-solaris-x86, r-release-linux-x86_64, r-release-osx-x86_64-mavericks, r-release-windows-ix86+x86_64, r-oldrel-windows-ix86+x86_64

Version: 1.1.2
Check: R code for possible problems
Result: NOTE
    plot.bGAMM: no visible global function definition for ‘par’
    plot.bGAMM: no visible global function definition for ‘plot’
    plot.bGAMM: no visible global function definition for ‘lines’
    plot.bGAMM: no visible global function definition for ‘rug’
    Undefined global functions or variables:
     lines par plot rug
    Consider adding
     importFrom("graphics", "lines", "par", "plot", "rug")
    to your NAMESPACE file.
Flavors: r-devel-linux-x86_64-debian-clang, r-devel-linux-x86_64-debian-gcc, r-devel-linux-x86_64-fedora-clang, r-devel-linux-x86_64-fedora-gcc, r-devel-macos-x86_64-clang, r-devel-windows-ix86+x86_64, r-patched-linux-x86_64, r-patched-solaris-sparc, r-patched-solaris-x86, r-release-linux-x86_64, r-release-osx-x86_64-mavericks, r-release-windows-ix86+x86_64