CRAN Package Check Results for Package GMMBoost

Last updated on 2017-06-27 16:46:48.

Flavor Version Tinstall Tcheck Ttotal Status Flags
r-devel-linux-x86_64-debian-clang 1.1.2 1.06 49.72 50.78 NOTE
r-devel-linux-x86_64-debian-gcc 1.1.2 1.09 48.59 49.68 NOTE
r-devel-linux-x86_64-fedora-clang 1.1.2 94.10 NOTE
r-devel-linux-x86_64-fedora-gcc 1.1.2 91.64 NOTE
r-devel-windows-ix86+x86_64 1.1.2 5.00 86.00 91.00 NOTE
r-patched-linux-x86_64 1.1.2 1.10 49.11 50.21 NOTE
r-patched-solaris-sparc 1.1.2 659.60 NOTE
r-patched-solaris-x86 1.1.2 147.00 NOTE
r-release-linux-x86_64 1.1.2 1.02 48.60 49.62 NOTE
r-release-windows-ix86+x86_64 1.1.2 3.00 106.00 109.00 NOTE
r-release-osx-x86_64 1.1.2 NOTE
r-oldrel-windows-ix86+x86_64 1.1.2 4.00 99.00 103.00 NOTE
r-oldrel-osx-x86_64 1.1.2 NOTE

Check Details

Version: 1.1.2
Check: DESCRIPTION meta-information
Result: NOTE
    Malformed Description field: should contain one or more complete sentences.
Flavors: r-devel-linux-x86_64-debian-clang, r-devel-linux-x86_64-debian-gcc, r-devel-linux-x86_64-fedora-clang, r-devel-linux-x86_64-fedora-gcc, r-devel-windows-ix86+x86_64, r-patched-linux-x86_64, r-patched-solaris-sparc, r-patched-solaris-x86, r-release-linux-x86_64, r-release-windows-ix86+x86_64, r-release-osx-x86_64, r-oldrel-windows-ix86+x86_64, r-oldrel-osx-x86_64

Version: 1.1.2
Check: R code for possible problems
Result: NOTE
    plot.bGAMM: no visible global function definition for ‘par’
    plot.bGAMM: no visible global function definition for ‘plot’
    plot.bGAMM: no visible global function definition for ‘lines’
    plot.bGAMM: no visible global function definition for ‘rug’
    Undefined global functions or variables:
     lines par plot rug
    Consider adding
     importFrom("graphics", "lines", "par", "plot", "rug")
    to your NAMESPACE file.
Flavors: r-devel-linux-x86_64-debian-clang, r-devel-linux-x86_64-debian-gcc, r-devel-linux-x86_64-fedora-clang, r-devel-linux-x86_64-fedora-gcc, r-devel-windows-ix86+x86_64, r-patched-linux-x86_64, r-patched-solaris-sparc, r-patched-solaris-x86, r-release-linux-x86_64, r-release-windows-ix86+x86_64, r-release-osx-x86_64, r-oldrel-windows-ix86+x86_64, r-oldrel-osx-x86_64