CRAN Package Check Results for Package GMMBoost

Last updated on 2016-07-30 14:49:41.

Flavor Version Tinstall Tcheck Ttotal Status Flags
r-devel-linux-x86_64-debian-clang 1.1.2 0.96 48.22 49.17 NOTE
r-devel-linux-x86_64-debian-gcc 1.1.2 0.89 47.29 48.19 NOTE
r-devel-linux-x86_64-fedora-clang 1.1.2 101.71 NOTE
r-devel-linux-x86_64-fedora-gcc 1.1.2 88.25 NOTE
r-devel-osx-x86_64-clang 1.1.2 72.74 NOTE
r-devel-windows-ix86+x86_64 1.1.2 3.00 75.00 78.00 NOTE
r-patched-linux-x86_64 1.1.2 0.93 46.61 47.53 NOTE
r-patched-solaris-sparc 1.1.2 645.20 NOTE
r-patched-solaris-x86 1.1.2 117.80 NOTE
r-release-linux-x86_64 1.1.2 1.29 52.99 54.28 NOTE
r-release-osx-x86_64-mavericks 1.1.2 NOTE
r-release-windows-ix86+x86_64 1.1.2 5.00 95.00 100.00 NOTE
r-oldrel-windows-ix86+x86_64 1.1.2 6.00 98.00 104.00 NOTE

Check Details

Version: 1.1.2
Check: DESCRIPTION meta-information
Result: NOTE
    Malformed Description field: should contain one or more complete sentences.
Flavors: r-devel-linux-x86_64-debian-clang, r-devel-linux-x86_64-debian-gcc, r-devel-linux-x86_64-fedora-clang, r-devel-linux-x86_64-fedora-gcc, r-devel-osx-x86_64-clang, r-devel-windows-ix86+x86_64, r-patched-linux-x86_64, r-patched-solaris-sparc, r-patched-solaris-x86, r-release-linux-x86_64, r-release-osx-x86_64-mavericks, r-release-windows-ix86+x86_64, r-oldrel-windows-ix86+x86_64

Version: 1.1.2
Check: R code for possible problems
Result: NOTE
    plot.bGAMM: no visible global function definition for ‘par’
    plot.bGAMM: no visible global function definition for ‘plot’
    plot.bGAMM: no visible global function definition for ‘lines’
    plot.bGAMM: no visible global function definition for ‘rug’
    Undefined global functions or variables:
     lines par plot rug
    Consider adding
     importFrom("graphics", "lines", "par", "plot", "rug")
    to your NAMESPACE file.
Flavors: r-devel-linux-x86_64-debian-clang, r-devel-linux-x86_64-debian-gcc, r-devel-linux-x86_64-fedora-clang, r-devel-linux-x86_64-fedora-gcc, r-devel-osx-x86_64-clang, r-devel-windows-ix86+x86_64, r-patched-linux-x86_64, r-patched-solaris-sparc, r-patched-solaris-x86, r-release-linux-x86_64, r-release-osx-x86_64-mavericks, r-release-windows-ix86+x86_64