CRAN Package Check Results for Package GMMBoost

Last updated on 2016-02-08 02:47:22.

Flavor Version Tinstall Tcheck Ttotal Status Flags
r-devel-linux-x86_64-debian-gcc 1.1.2 0.90 45.29 46.18 NOTE
r-devel-linux-x86_64-fedora-clang 1.1.2 89.11 NOTE
r-devel-linux-x86_64-fedora-gcc 1.1.2 82.62 NOTE
r-devel-osx-x86_64-clang 1.1.2 94.34 NOTE
r-devel-windows-ix86+x86_64 1.1.2 4.00 73.00 77.00 NOTE
r-patched-linux-x86_64 1.1.2 1.04 46.75 47.79 NOTE
r-patched-solaris-sparc 1.1.2 635.90 NOTE
r-patched-solaris-x86 1.1.2 122.20 NOTE
r-release-linux-x86_64 1.1.2 1.11 46.25 47.35 NOTE
r-release-osx-x86_64-mavericks 1.1.2 NOTE
r-release-windows-ix86+x86_64 1.1.2 4.00 72.00 76.00 NOTE
r-oldrel-windows-ix86+x86_64 1.1.2 6.00 103.00 109.00 OK

Check Details

Version: 1.1.2
Check: DESCRIPTION meta-information
Result: NOTE
    Malformed Description field: should contain one or more complete sentences.
Flavors: r-devel-linux-x86_64-debian-gcc, r-devel-linux-x86_64-fedora-clang, r-devel-linux-x86_64-fedora-gcc, r-devel-osx-x86_64-clang, r-devel-windows-ix86+x86_64, r-patched-linux-x86_64, r-patched-solaris-sparc, r-patched-solaris-x86, r-release-linux-x86_64, r-release-osx-x86_64-mavericks, r-release-windows-ix86+x86_64

Version: 1.1.2
Check: R code for possible problems
Result: NOTE
    plot.bGAMM: no visible global function definition for ‘par’
    plot.bGAMM: no visible global function definition for ‘plot’
    plot.bGAMM: no visible global function definition for ‘lines’
    plot.bGAMM: no visible global function definition for ‘rug’
    Undefined global functions or variables:
     lines par plot rug
    Consider adding
     importFrom("graphics", "lines", "par", "plot", "rug")
    to your NAMESPACE file.
Flavors: r-devel-linux-x86_64-debian-gcc, r-devel-linux-x86_64-fedora-clang, r-devel-linux-x86_64-fedora-gcc, r-devel-osx-x86_64-clang, r-devel-windows-ix86+x86_64