CRAN Package Check Results for Package GMMBoost

Last updated on 2015-07-30 22:49:52.

Flavor Version Tinstall Tcheck Ttotal Status Flags
r-devel-linux-x86_64-debian-clang 1.1.2 1.00 47.32 48.32 NOTE
r-devel-linux-x86_64-debian-gcc 1.1.2 0.91 44.83 45.74 NOTE
r-devel-linux-x86_64-fedora-clang 1.1.2 90.54 NOTE
r-devel-linux-x86_64-fedora-gcc 1.1.2 86.25 NOTE
r-devel-osx-x86_64-clang 1.1.2 80.99 NOTE
r-devel-windows-ix86+x86_64 1.1.2 3.00 90.00 93.00 NOTE
r-patched-linux-x86_64 1.1.2 1.00 44.44 45.45 NOTE
r-patched-solaris-sparc 1.1.2 670.20 NOTE
r-patched-solaris-x86 1.1.2 130.90 NOTE
r-release-linux-x86_64 1.1.2 1.00 44.64 45.63 NOTE
r-release-osx-x86_64-mavericks 1.1.2 NOTE
r-release-windows-ix86+x86_64 1.1.2 4.00 96.00 100.00 NOTE
r-oldrel-windows-ix86+x86_64 1.1.2 6.00 73.00 79.00 OK

Check Details

Version: 1.1.2
Check: DESCRIPTION meta-information
Result: NOTE
    Malformed Description field: should contain one or more complete sentences.
Flavors: r-devel-linux-x86_64-debian-clang, r-devel-linux-x86_64-debian-gcc, r-devel-linux-x86_64-fedora-clang, r-devel-linux-x86_64-fedora-gcc, r-devel-osx-x86_64-clang, r-devel-windows-ix86+x86_64, r-patched-linux-x86_64, r-patched-solaris-sparc, r-patched-solaris-x86, r-release-linux-x86_64, r-release-osx-x86_64-mavericks, r-release-windows-ix86+x86_64

Version: 1.1.2
Check: R code for possible problems
Result: NOTE
    plot.bGAMM: no visible global function definition for ‘par’
    plot.bGAMM: no visible global function definition for ‘plot’
    plot.bGAMM: no visible global function definition for ‘lines’
    plot.bGAMM: no visible global function definition for ‘rug’
    Undefined global functions or variables:
     lines par plot rug
    Consider adding
     importFrom("graphics", "lines", "par", "plot", "rug")
    to your NAMESPACE.
Flavors: r-devel-linux-x86_64-debian-clang, r-devel-linux-x86_64-debian-gcc, r-devel-linux-x86_64-fedora-clang, r-devel-linux-x86_64-fedora-gcc, r-devel-windows-ix86+x86_64