CRAN Package Check Results for Package GMMBoost

Last updated on 2015-03-30 00:48:20.

Flavor Version Tinstall Tcheck Ttotal Status Flags
r-devel-linux-x86_64-debian-clang 1.1.2 0.91 47.06 47.98 NOTE
r-devel-linux-x86_64-debian-gcc 1.1.2 1.16 45.23 46.39 NOTE
r-devel-linux-x86_64-fedora-clang 1.1.2 91.80 NOTE
r-devel-linux-x86_64-fedora-gcc 1.1.2 87.79 NOTE
r-devel-osx-x86_64-clang 1.1.2 87.39 NOTE
r-prerel-windows-ix86+x86_64 1.1.2 5.00 61.00 66.00 NOTE
r-prerel-linux-x86_64 1.1.2 0.94 44.65 45.59 NOTE
r-prerel-solaris-sparc 1.1.2 663.10 NOTE
r-prerel-solaris-x86 1.1.2 137.40 NOTE
r-release-linux-x86_64 1.1.2 1.19 49.59 50.78 OK
r-release-osx-x86_64-mavericks 1.1.2 OK
r-release-osx-x86_64-snowleopard 1.1.2 OK
r-release-windows-ix86+x86_64 1.1.2 4.00 75.00 79.00 OK
r-oldrel-windows-ix86+x86_64 1.1.2 6.00 77.00 83.00 OK

Check Details

Version: 1.1.2
Check: DESCRIPTION meta-information
Result: NOTE
    Malformed Description field: should contain one or more complete sentences.
Flavors: r-devel-linux-x86_64-debian-clang, r-devel-linux-x86_64-debian-gcc, r-devel-linux-x86_64-fedora-clang, r-devel-linux-x86_64-fedora-gcc, r-devel-osx-x86_64-clang, r-prerel-windows-ix86+x86_64, r-prerel-linux-x86_64, r-prerel-solaris-sparc, r-prerel-solaris-x86