CRAN Package Check Results for Package GMMBoost

Last updated on 2015-05-28 19:47:18.

Flavor Version Tinstall Tcheck Ttotal Status Flags
r-devel-linux-x86_64-debian-clang 1.1.2 0.94 45.98 46.92 NOTE
r-devel-linux-x86_64-debian-gcc 1.1.2 0.94 44.89 45.82 NOTE
r-devel-linux-x86_64-fedora-clang 1.1.2 98.81 NOTE
r-devel-linux-x86_64-fedora-gcc 1.1.2 87.28 NOTE
r-devel-osx-x86_64-clang 1.1.2 80.15 NOTE
r-devel-windows-ix86+x86_64 1.1.2 3.00 67.00 70.00 NOTE
r-patched-linux-x86_64 1.1.2 0.98 46.91 47.89 NOTE
r-patched-solaris-sparc 1.1.2 674.60 NOTE
r-patched-solaris-x86 1.1.2 134.20 NOTE
r-release-linux-x86_64 1.1.2 0.94 48.96 49.90 NOTE
r-release-osx-x86_64-mavericks 1.1.2 NOTE
r-release-osx-x86_64-snowleopard 1.1.2 NOTE
r-release-windows-ix86+x86_64 1.1.2 3.00 61.00 64.00 NOTE
r-oldrel-windows-ix86+x86_64 1.1.2 3.00 62.00 65.00 OK

Check Details

Version: 1.1.2
Check: DESCRIPTION meta-information
Result: NOTE
    Malformed Description field: should contain one or more complete sentences.
Flavors: r-devel-linux-x86_64-debian-clang, r-devel-linux-x86_64-debian-gcc, r-devel-linux-x86_64-fedora-clang, r-devel-linux-x86_64-fedora-gcc, r-devel-osx-x86_64-clang, r-devel-windows-ix86+x86_64, r-patched-linux-x86_64, r-patched-solaris-sparc, r-patched-solaris-x86, r-release-linux-x86_64, r-release-osx-x86_64-mavericks, r-release-osx-x86_64-snowleopard, r-release-windows-ix86+x86_64