CRAN Package Check Results for Package GOGANPA

Last updated on 2014-08-02 03:50:53.

Flavor Version Tinstall Tcheck Ttotal Status Flags
r-devel-linux-x86_64-debian-clang 1.0 2.01 88.10 90.11 NOTE
r-devel-linux-x86_64-debian-gcc 1.0 1.68 84.34 86.02 NOTE
r-devel-linux-x86_64-fedora-clang 1.0 197.30 NOTE
r-devel-linux-x86_64-fedora-gcc 1.0 184.95 NOTE
r-devel-osx-x86_64-clang 1.0 164.97 NOTE
r-devel-windows-ix86+x86_64 1.0 10.00 139.00 149.00 NOTE
r-patched-linux-x86_64 1.0 1.75 90.77 92.52 NOTE
r-patched-solaris-sparc 1.0 302.00 NOTE --no-examples
r-patched-solaris-x86 1.0 283.00 NOTE
r-release-linux-ix86 1.0 2.54 130.97 133.52 NOTE
r-release-linux-x86_64 1.0 1.81 89.21 91.02 NOTE
r-release-osx-x86_64-mavericks 1.0 NOTE
r-release-osx-x86_64-snowleopard 1.0 NOTE
r-release-windows-ix86+x86_64 1.0 12.00 192.00 204.00 NOTE
r-oldrel-windows-ix86+x86_64 1.0 14.00 209.00 223.00 NOTE

Check Details

Version: 1.0
Check: DESCRIPTION meta-information
Result: NOTE
    Packages listed in more than one of Depends, Imports, Suggests, Enhances:
     GANPA WGCNA
    A package should be listed in only one of these fields.
Flavors: r-devel-linux-x86_64-debian-clang, r-devel-linux-x86_64-debian-gcc, r-devel-linux-x86_64-fedora-clang, r-devel-linux-x86_64-fedora-gcc, r-devel-osx-x86_64-clang, r-devel-windows-ix86+x86_64, r-patched-linux-x86_64, r-patched-solaris-x86, r-release-linux-ix86, r-release-linux-x86_64, r-release-osx-x86_64-mavericks, r-release-osx-x86_64-snowleopard, r-release-windows-ix86+x86_64, r-oldrel-windows-ix86+x86_64

Version: 1.0
Check: dependencies in R code
Result: NOTE
    'library' or 'require' calls to packages already attached by Depends:
     GANPA WGCNA
     Please remove these calls from your code.
    Packages in Depends field not imported from:
     GANPA WGCNA
     These packages need to be imported from (in the NAMESPACE file)
     for when this namespace is loaded but not attached.
    See the information on DESCRIPTION files in the chapter Creating R
    packages of the Writing R Extensions manual.
Flavors: r-devel-linux-x86_64-debian-clang, r-devel-linux-x86_64-debian-gcc, r-devel-linux-x86_64-fedora-clang, r-devel-linux-x86_64-fedora-gcc, r-devel-osx-x86_64-clang, r-devel-windows-ix86+x86_64, r-patched-linux-x86_64, r-patched-solaris-x86, r-release-linux-ix86, r-release-linux-x86_64, r-release-osx-x86_64-mavericks, r-release-osx-x86_64-snowleopard, r-release-windows-ix86+x86_64, r-oldrel-windows-ix86+x86_64

Version: 1.0
Flags: --no-examples
Check: DESCRIPTION meta-information
Result: NOTE
    Packages listed in more than one of Depends, Imports, Suggests, Enhances:
     GANPA WGCNA
    A package should be listed in only one of these fields.
Flavor: r-patched-solaris-sparc

Version: 1.0
Flags: --no-examples
Check: dependencies in R code
Result: NOTE
    'library' or 'require' calls to packages already attached by Depends:
     GANPA WGCNA
     Please remove these calls from your code.
    Packages in Depends field not imported from:
     GANPA WGCNA
     These packages need to be imported from (in the NAMESPACE file)
     for when this namespace is loaded but not attached.
    See the information on DESCRIPTION files in the chapter Creating R
    packages of the Writing R Extensions manual.
Flavor: r-patched-solaris-sparc