CRAN Package Check Results for Package GOGANPA

Last updated on 2014-04-24 03:47:45.

Flavor Version Tinstall Tcheck Ttotal Status Flags
r-devel-linux-x86_64-debian-clang 1.0 2.16 97.04 99.19 NOTE
r-devel-linux-x86_64-debian-gcc 1.0 2.06 91.70 93.76 NOTE
r-devel-linux-x86_64-fedora-clang 1.0 182.43 NOTE
r-devel-linux-x86_64-fedora-gcc 1.0 187.87 NOTE
r-devel-osx-x86_64-clang 1.0 165.39 NOTE
r-devel-osx-x86_64-gcc 1.0 ERROR
r-devel-windows-ix86+x86_64 1.0 9.00 151.00 160.00 NOTE
r-patched-linux-x86_64 1.0 1.76 86.04 87.80 NOTE
r-patched-solaris-sparc 1.0 266.30 NOTE --no-examples
r-patched-solaris-x86 1.0 271.30 NOTE
r-release-linux-ix86 1.0 3.00 181.00 184.00 NOTE
r-release-linux-x86_64 1.0 2.12 91.62 93.74 NOTE
r-release-osx-x86_64-mavericks 1.0 ERROR
r-release-osx-x86_64-snowleopard 1.0 NOTE
r-release-windows-ix86+x86_64 1.0 9.00 150.00 159.00 NOTE
r-oldrel-windows-ix86+x86_64 1.0 10.00 152.00 162.00 NOTE

Check Details

Version: 1.0
Check: DESCRIPTION meta-information
Result: NOTE
    Packages listed in more than one of Depends, Imports, Suggests, Enhances:
     ‘GANPA’ ‘WGCNA’
    A package should be listed in only one of these fields.
Flavors: r-devel-linux-x86_64-debian-clang, r-devel-linux-x86_64-debian-gcc, r-devel-linux-x86_64-fedora-clang, r-devel-linux-x86_64-fedora-gcc, r-devel-osx-x86_64-clang, r-devel-windows-ix86+x86_64, r-patched-linux-x86_64, r-patched-solaris-x86, r-release-linux-ix86, r-release-linux-x86_64, r-release-osx-x86_64-snowleopard, r-release-windows-ix86+x86_64, r-oldrel-windows-ix86+x86_64

Version: 1.0
Check: dependencies in R code
Result: NOTE
    'library' or 'require' calls to packages already attached by Depends:
     ‘GANPA’ ‘WGCNA’
     Please remove these calls from your code.
    Packages in Depends field not imported from:
     ‘GANPA’ ‘WGCNA’
     These packages need to be imported from (in the NAMESPACE file)
     for when this namespace is loaded but not attached.
    See the information on DESCRIPTION files in the chapter ‘Creating R
    packages’ of the ‘Writing R Extensions’ manual.
Flavors: r-devel-linux-x86_64-debian-clang, r-devel-linux-x86_64-debian-gcc, r-devel-linux-x86_64-fedora-clang, r-devel-linux-x86_64-fedora-gcc, r-devel-osx-x86_64-clang, r-devel-windows-ix86+x86_64, r-patched-linux-x86_64, r-patched-solaris-x86, r-release-linux-ix86, r-release-linux-x86_64, r-release-osx-x86_64-snowleopard, r-release-windows-ix86+x86_64, r-oldrel-windows-ix86+x86_64

Version: 1.0
Check: package dependencies
Result: ERROR
    Package required but not available: ‘WGCNA’
    
    Package suggested but not available for checking: ‘WGCNA’
    
    See the information on DESCRIPTION files in the chapter ‘Creating R
    packages’ of the ‘Writing R Extensions’ manual.
Flavors: r-devel-osx-x86_64-gcc, r-release-osx-x86_64-mavericks

Version: 1.0
Flags: --no-examples
Check: DESCRIPTION meta-information
Result: NOTE
    Packages listed in more than one of Depends, Imports, Suggests, Enhances:
     ‘GANPA’ ‘WGCNA’
    A package should be listed in only one of these fields.
Flavor: r-patched-solaris-sparc

Version: 1.0
Flags: --no-examples
Check: dependencies in R code
Result: NOTE
    'library' or 'require' calls to packages already attached by Depends:
     ‘GANPA’ ‘WGCNA’
     Please remove these calls from your code.
    Packages in Depends field not imported from:
     ‘GANPA’ ‘WGCNA’
     These packages need to be imported from (in the NAMESPACE file)
     for when this namespace is loaded but not attached.
    See the information on DESCRIPTION files in the chapter ‘Creating R
    packages’ of the ‘Writing R Extensions’ manual.
Flavor: r-patched-solaris-sparc