CRAN Package Check Results for Package GOGANPA

Last updated on 2017-03-27 18:49:48.

Flavor Version Tinstall Tcheck Ttotal Status Flags
r-devel-linux-x86_64-debian-clang 1.0 7.23 125.54 132.77 NOTE
r-devel-linux-x86_64-debian-gcc 1.0 6.78 123.06 129.84 NOTE
r-devel-linux-x86_64-fedora-clang 1.0 277.31 NOTE --no-stop-on-test-error
r-devel-linux-x86_64-fedora-gcc 1.0 284.27 NOTE --no-stop-on-test-error
r-devel-macos-x86_64-clang 1.0 214.11 NOTE --no-stop-on-test-error
r-devel-windows-ix86+x86_64 1.0 20.00 203.00 223.00 NOTE
r-patched-linux-x86_64 1.0 7.06 125.71 132.77 NOTE
r-patched-solaris-sparc 1.0 829.40 NOTE --no-examples
r-patched-solaris-x86 1.0 395.60 NOTE
r-release-linux-x86_64 1.0 6.77 124.27 131.03 NOTE
r-release-osx-x86_64-mavericks 1.0 NOTE
r-release-windows-ix86+x86_64 1.0 28.00 216.00 244.00 NOTE
r-oldrel-windows-ix86+x86_64 1.0 22.00 216.00 238.00 NOTE

Check Details

Version: 1.0
Check: DESCRIPTION meta-information
Result: NOTE
    Packages listed in more than one of Depends, Imports, Suggests, Enhances:
     ‘GANPA’ ‘WGCNA’
    A package should be listed in only one of these fields.
Flavors: r-devel-linux-x86_64-debian-clang, r-devel-linux-x86_64-debian-gcc, r-devel-windows-ix86+x86_64, r-patched-linux-x86_64, r-patched-solaris-x86, r-release-linux-x86_64, r-release-osx-x86_64-mavericks, r-release-windows-ix86+x86_64, r-oldrel-windows-ix86+x86_64

Version: 1.0
Check: dependencies in R code
Result: NOTE
    'library' or 'require' calls to packages already attached by Depends:
     ‘GANPA’ ‘WGCNA’
     Please remove these calls from your code.
    Packages in Depends field not imported from:
     ‘GANPA’ ‘WGCNA’
     These packages need to be imported from (in the NAMESPACE file)
     for when this namespace is loaded but not attached.
Flavors: r-devel-linux-x86_64-debian-clang, r-devel-linux-x86_64-debian-gcc, r-devel-windows-ix86+x86_64, r-patched-linux-x86_64, r-patched-solaris-x86, r-release-linux-x86_64, r-release-osx-x86_64-mavericks, r-release-windows-ix86+x86_64, r-oldrel-windows-ix86+x86_64

Version: 1.0
Check: R code for possible problems
Result: NOTE
    GOGANPA: no visible global function definition for ‘GSE.Test.Main’
    selectRho: no visible global function definition for
     ‘scaleFreeFitIndex’
    Undefined global functions or variables:
     GSE.Test.Main scaleFreeFitIndex
Flavors: r-devel-linux-x86_64-debian-clang, r-devel-linux-x86_64-debian-gcc, r-devel-windows-ix86+x86_64, r-patched-linux-x86_64, r-patched-solaris-x86, r-release-linux-x86_64, r-release-osx-x86_64-mavericks, r-release-windows-ix86+x86_64

Version: 1.0
Flags: --no-stop-on-test-error
Check: DESCRIPTION meta-information
Result: NOTE
    Packages listed in more than one of Depends, Imports, Suggests, Enhances:
     ‘GANPA’ ‘WGCNA’
    A package should be listed in only one of these fields.
Flavors: r-devel-linux-x86_64-fedora-clang, r-devel-linux-x86_64-fedora-gcc, r-devel-macos-x86_64-clang

Version: 1.0
Flags: --no-stop-on-test-error
Check: dependencies in R code
Result: NOTE
    'library' or 'require' calls to packages already attached by Depends:
     ‘GANPA’ ‘WGCNA’
     Please remove these calls from your code.
    Packages in Depends field not imported from:
     ‘GANPA’ ‘WGCNA’
     These packages need to be imported from (in the NAMESPACE file)
     for when this namespace is loaded but not attached.
Flavors: r-devel-linux-x86_64-fedora-clang, r-devel-linux-x86_64-fedora-gcc, r-devel-macos-x86_64-clang

Version: 1.0
Flags: --no-stop-on-test-error
Check: R code for possible problems
Result: NOTE
    GOGANPA: no visible global function definition for ‘GSE.Test.Main’
    selectRho: no visible global function definition for
     ‘scaleFreeFitIndex’
    Undefined global functions or variables:
     GSE.Test.Main scaleFreeFitIndex
Flavors: r-devel-linux-x86_64-fedora-clang, r-devel-linux-x86_64-fedora-gcc, r-devel-macos-x86_64-clang

Version: 1.0
Flags: --no-examples
Check: DESCRIPTION meta-information
Result: NOTE
    Packages listed in more than one of Depends, Imports, Suggests, Enhances:
     ‘GANPA’ ‘WGCNA’
    A package should be listed in only one of these fields.
Flavor: r-patched-solaris-sparc

Version: 1.0
Flags: --no-examples
Check: dependencies in R code
Result: NOTE
    'library' or 'require' calls to packages already attached by Depends:
     ‘GANPA’ ‘WGCNA’
     Please remove these calls from your code.
    Packages in Depends field not imported from:
     ‘GANPA’ ‘WGCNA’
     These packages need to be imported from (in the NAMESPACE file)
     for when this namespace is loaded but not attached.
Flavor: r-patched-solaris-sparc

Version: 1.0
Flags: --no-examples
Check: R code for possible problems
Result: NOTE
    GOGANPA: no visible global function definition for ‘GSE.Test.Main’
    selectRho: no visible global function definition for
     ‘scaleFreeFitIndex’
    Undefined global functions or variables:
     GSE.Test.Main scaleFreeFitIndex
Flavor: r-patched-solaris-sparc

Version: 1.0
Check: R code for possible problems
Result: NOTE
    GOGANPA: no visible global function definition for 'GSE.Test.Main'
    selectRho: no visible global function definition for
     'scaleFreeFitIndex'
Flavor: r-oldrel-windows-ix86+x86_64