CRAN Package Check Results for Package GOGANPA

Last updated on 2017-06-24 01:47:12.

Flavor Version Tinstall Tcheck Ttotal Status Flags
r-devel-linux-x86_64-debian-clang 1.0 7.17 130.48 137.65 NOTE
r-devel-linux-x86_64-debian-gcc 1.0 7.31 126.50 133.81 NOTE
r-devel-linux-x86_64-fedora-clang 1.0 299.18 NOTE
r-devel-linux-x86_64-fedora-gcc 1.0 306.87 NOTE
r-devel-windows-ix86+x86_64 1.0 32.00 266.00 298.00 NOTE
r-patched-linux-x86_64 1.0 7.07 129.71 136.78 NOTE
r-patched-solaris-sparc 1.0 829.40 NOTE --no-examples
r-patched-solaris-x86 1.0 414.90 NOTE
r-release-linux-x86_64 1.0 7.90 126.90 134.80 NOTE
r-release-windows-ix86+x86_64 1.0 19.00 271.00 290.00 NOTE
r-release-osx-x86_64 1.0 ERROR
r-oldrel-windows-ix86+x86_64 1.0 30.00 269.00 299.00 NOTE
r-oldrel-osx-x86_64 1.0 NOTE

Check Details

Version: 1.0
Check: DESCRIPTION meta-information
Result: NOTE
    Packages listed in more than one of Depends, Imports, Suggests, Enhances:
     ‘GANPA’ ‘WGCNA’
    A package should be listed in only one of these fields.
Flavors: r-devel-linux-x86_64-debian-clang, r-devel-linux-x86_64-debian-gcc, r-devel-linux-x86_64-fedora-clang, r-devel-linux-x86_64-fedora-gcc, r-devel-windows-ix86+x86_64, r-patched-linux-x86_64, r-patched-solaris-x86, r-release-linux-x86_64, r-release-windows-ix86+x86_64, r-oldrel-windows-ix86+x86_64, r-oldrel-osx-x86_64

Version: 1.0
Check: dependencies in R code
Result: NOTE
    'library' or 'require' calls to packages already attached by Depends:
     ‘GANPA’ ‘WGCNA’
     Please remove these calls from your code.
    Packages in Depends field not imported from:
     ‘GANPA’ ‘WGCNA’
     These packages need to be imported from (in the NAMESPACE file)
     for when this namespace is loaded but not attached.
Flavors: r-devel-linux-x86_64-debian-clang, r-devel-linux-x86_64-debian-gcc, r-devel-linux-x86_64-fedora-clang, r-devel-linux-x86_64-fedora-gcc, r-devel-windows-ix86+x86_64, r-patched-linux-x86_64, r-patched-solaris-x86, r-release-linux-x86_64, r-release-windows-ix86+x86_64, r-oldrel-windows-ix86+x86_64, r-oldrel-osx-x86_64

Version: 1.0
Check: R code for possible problems
Result: NOTE
    GOGANPA: no visible global function definition for ‘GSE.Test.Main’
    selectRho: no visible global function definition for
     ‘scaleFreeFitIndex’
    Undefined global functions or variables:
     GSE.Test.Main scaleFreeFitIndex
Flavors: r-devel-linux-x86_64-debian-clang, r-devel-linux-x86_64-debian-gcc, r-devel-linux-x86_64-fedora-clang, r-devel-linux-x86_64-fedora-gcc, r-devel-windows-ix86+x86_64, r-patched-linux-x86_64, r-patched-solaris-x86, r-release-linux-x86_64, r-release-windows-ix86+x86_64, r-oldrel-windows-ix86+x86_64, r-oldrel-osx-x86_64

Version: 1.0
Flags: --no-examples
Check: DESCRIPTION meta-information
Result: NOTE
    Packages listed in more than one of Depends, Imports, Suggests, Enhances:
     ‘GANPA’ ‘WGCNA’
    A package should be listed in only one of these fields.
Flavor: r-patched-solaris-sparc

Version: 1.0
Flags: --no-examples
Check: dependencies in R code
Result: NOTE
    'library' or 'require' calls to packages already attached by Depends:
     ‘GANPA’ ‘WGCNA’
     Please remove these calls from your code.
    Packages in Depends field not imported from:
     ‘GANPA’ ‘WGCNA’
     These packages need to be imported from (in the NAMESPACE file)
     for when this namespace is loaded but not attached.
Flavor: r-patched-solaris-sparc

Version: 1.0
Flags: --no-examples
Check: R code for possible problems
Result: NOTE
    GOGANPA: no visible global function definition for ‘GSE.Test.Main’
    selectRho: no visible global function definition for
     ‘scaleFreeFitIndex’
    Undefined global functions or variables:
     GSE.Test.Main scaleFreeFitIndex
Flavor: r-patched-solaris-sparc

Version: 1.0
Check: package dependencies
Result: ERROR
    Package required but not available: ‘WGCNA’
    
    Package suggested but not available for checking: ‘WGCNA’
    
    See section ‘The DESCRIPTION file’ in the ‘Writing R Extensions’
    manual.
Flavor: r-release-osx-x86_64