CRAN Package Check Results for Package GOGANPA

Last updated on 2015-03-05 23:48:17.

Flavor Version Tinstall Tcheck Ttotal Status Flags
r-devel-linux-x86_64-debian-clang 1.0 5.93 112.86 118.79 NOTE
r-devel-linux-x86_64-debian-gcc 1.0 6.44 111.95 118.39 NOTE
r-devel-linux-x86_64-fedora-clang 1.0 246.67 NOTE
r-devel-linux-x86_64-fedora-gcc 1.0 237.73 NOTE
r-devel-osx-x86_64-clang 1.0 220.92 NOTE
r-devel-windows-ix86+x86_64 1.0 18.00 185.00 203.00 NOTE
r-patched-linux-x86_64 1.0 10.72 151.24 161.96 NOTE
r-patched-solaris-sparc 1.0 1085.00 NOTE --no-examples
r-patched-solaris-x86 1.0 461.70 NOTE
r-release-linux-ix86 1.0 12.91 189.81 202.72 NOTE
r-release-linux-x86_64 1.0 10.76 147.90 158.66 NOTE
r-release-osx-x86_64-mavericks 1.0 NOTE
r-release-osx-x86_64-snowleopard 1.0 NOTE
r-release-windows-ix86+x86_64 1.0 31.00 239.00 270.00 NOTE
r-oldrel-windows-ix86+x86_64 1.0 17.00 180.00 197.00 NOTE

Check Details

Version: 1.0
Check: DESCRIPTION meta-information
Result: NOTE
    Packages listed in more than one of Depends, Imports, Suggests, Enhances:
     ‘GANPA’ ‘WGCNA’
    A package should be listed in only one of these fields.
Flavors: r-devel-linux-x86_64-debian-clang, r-devel-linux-x86_64-debian-gcc, r-devel-linux-x86_64-fedora-clang, r-devel-linux-x86_64-fedora-gcc, r-devel-osx-x86_64-clang, r-devel-windows-ix86+x86_64, r-patched-linux-x86_64, r-patched-solaris-x86, r-release-linux-ix86, r-release-linux-x86_64, r-release-osx-x86_64-mavericks, r-release-osx-x86_64-snowleopard, r-release-windows-ix86+x86_64, r-oldrel-windows-ix86+x86_64

Version: 1.0
Check: dependencies in R code
Result: NOTE
    'library' or 'require' calls to packages already attached by Depends:
     ‘GANPA’ ‘WGCNA’
     Please remove these calls from your code.
    Packages in Depends field not imported from:
     ‘GANPA’ ‘WGCNA’
     These packages need to be imported from (in the NAMESPACE file)
     for when this namespace is loaded but not attached.
Flavors: r-devel-linux-x86_64-debian-clang, r-devel-linux-x86_64-debian-gcc, r-devel-linux-x86_64-fedora-clang, r-devel-linux-x86_64-fedora-gcc, r-devel-osx-x86_64-clang, r-devel-windows-ix86+x86_64, r-patched-linux-x86_64, r-patched-solaris-x86

Version: 1.0
Check: R code for possible problems
Result: NOTE
    GOGANPA: no visible global function definition for ‘GSE.Test.Main’
    selectRho: no visible global function definition for
     ‘scaleFreeFitIndex’
Flavors: r-devel-linux-x86_64-debian-clang, r-devel-linux-x86_64-debian-gcc, r-devel-linux-x86_64-fedora-clang, r-devel-linux-x86_64-fedora-gcc, r-devel-osx-x86_64-clang, r-devel-windows-ix86+x86_64, r-patched-linux-x86_64, r-patched-solaris-x86, r-release-linux-ix86, r-release-linux-x86_64, r-release-osx-x86_64-mavericks, r-release-windows-ix86+x86_64

Version: 1.0
Flags: --no-examples
Check: DESCRIPTION meta-information
Result: NOTE
    Packages listed in more than one of Depends, Imports, Suggests, Enhances:
     ‘GANPA’ ‘WGCNA’
    A package should be listed in only one of these fields.
Flavor: r-patched-solaris-sparc

Version: 1.0
Flags: --no-examples
Check: dependencies in R code
Result: NOTE
    'library' or 'require' calls to packages already attached by Depends:
     ‘GANPA’ ‘WGCNA’
     Please remove these calls from your code.
    Packages in Depends field not imported from:
     ‘GANPA’ ‘WGCNA’
     These packages need to be imported from (in the NAMESPACE file)
     for when this namespace is loaded but not attached.
Flavor: r-patched-solaris-sparc

Version: 1.0
Flags: --no-examples
Check: R code for possible problems
Result: NOTE
    GOGANPA: no visible global function definition for ‘GSE.Test.Main’
    selectRho: no visible global function definition for
     ‘scaleFreeFitIndex’
Flavor: r-patched-solaris-sparc

Version: 1.0
Check: dependencies in R code
Result: NOTE
    'library' or 'require' calls to packages already attached by Depends:
     ‘GANPA’ ‘WGCNA’
     Please remove these calls from your code.
    Packages in Depends field not imported from:
     ‘GANPA’ ‘WGCNA’
     These packages need to be imported from (in the NAMESPACE file)
     for when this namespace is loaded but not attached.
    See the information on DESCRIPTION files in the chapter ‘Creating R
    packages’ of the ‘Writing R Extensions’ manual.
Flavors: r-release-linux-ix86, r-release-linux-x86_64, r-release-osx-x86_64-mavericks, r-release-osx-x86_64-snowleopard, r-release-windows-ix86+x86_64, r-oldrel-windows-ix86+x86_64