CRAN Package Check Results for Package GOGANPA

Last updated on 2016-08-24 14:48:01.

Flavor Version Tinstall Tcheck Ttotal Status Flags
r-devel-linux-x86_64-debian-clang 1.0 7.02 129.73 136.75 NOTE
r-devel-linux-x86_64-debian-gcc 1.0 7.56 128.51 136.07 NOTE
r-devel-linux-x86_64-fedora-clang 1.0 271.07 NOTE
r-devel-linux-x86_64-fedora-gcc 1.0 259.66 NOTE
r-devel-osx-x86_64-clang 1.0 208.58 NOTE
r-devel-windows-ix86+x86_64 1.0 26.00 215.00 241.00 WARN
r-patched-linux-x86_64 1.0 6.81 133.41 140.22 NOTE
r-patched-solaris-sparc 1.0 761.90 NOTE --no-examples
r-patched-solaris-x86 1.0 367.10 NOTE
r-release-linux-x86_64 1.0 7.02 132.85 139.87 NOTE
r-release-osx-x86_64-mavericks 1.0 NOTE
r-release-windows-ix86+x86_64 1.0 25.00 201.00 226.00 NOTE
r-oldrel-windows-ix86+x86_64 1.0 27.00 214.00 241.00 NOTE

Check Details

Version: 1.0
Check: DESCRIPTION meta-information
Result: NOTE
    Packages listed in more than one of Depends, Imports, Suggests, Enhances:
     ‘GANPA’ ‘WGCNA’
    A package should be listed in only one of these fields.
Flavors: r-devel-linux-x86_64-debian-clang, r-devel-linux-x86_64-debian-gcc, r-devel-linux-x86_64-fedora-clang, r-devel-linux-x86_64-fedora-gcc, r-devel-osx-x86_64-clang, r-devel-windows-ix86+x86_64, r-patched-linux-x86_64, r-patched-solaris-x86, r-release-linux-x86_64, r-release-osx-x86_64-mavericks, r-release-windows-ix86+x86_64, r-oldrel-windows-ix86+x86_64

Version: 1.0
Check: dependencies in R code
Result: NOTE
    'library' or 'require' calls to packages already attached by Depends:
     ‘GANPA’ ‘WGCNA’
     Please remove these calls from your code.
    Packages in Depends field not imported from:
     ‘GANPA’ ‘WGCNA’
     These packages need to be imported from (in the NAMESPACE file)
     for when this namespace is loaded but not attached.
Flavors: r-devel-linux-x86_64-debian-clang, r-devel-linux-x86_64-debian-gcc, r-devel-linux-x86_64-fedora-clang, r-devel-linux-x86_64-fedora-gcc, r-devel-osx-x86_64-clang, r-devel-windows-ix86+x86_64, r-patched-linux-x86_64, r-patched-solaris-x86, r-release-linux-x86_64, r-release-osx-x86_64-mavericks, r-release-windows-ix86+x86_64, r-oldrel-windows-ix86+x86_64

Version: 1.0
Check: R code for possible problems
Result: NOTE
    GOGANPA: no visible global function definition for ‘GSE.Test.Main’
    selectRho: no visible global function definition for
     ‘scaleFreeFitIndex’
    Undefined global functions or variables:
     GSE.Test.Main scaleFreeFitIndex
Flavors: r-devel-linux-x86_64-debian-clang, r-devel-linux-x86_64-debian-gcc, r-devel-linux-x86_64-fedora-clang, r-devel-linux-x86_64-fedora-gcc, r-devel-osx-x86_64-clang, r-devel-windows-ix86+x86_64, r-patched-linux-x86_64, r-patched-solaris-x86, r-release-linux-x86_64, r-release-osx-x86_64-mavericks, r-release-windows-ix86+x86_64

Version: 1.0
Check: whether package can be installed
Result: WARN
    Found the following significant warnings:
     Warning: multiple methods tables found for 'which.max'
     Warning: multiple methods tables found for 'which.min'
     Warning: multiple methods tables found for 'which'
Flavor: r-devel-windows-ix86+x86_64

Version: 1.0
Flags: --no-examples
Check: DESCRIPTION meta-information
Result: NOTE
    Packages listed in more than one of Depends, Imports, Suggests, Enhances:
     ‘GANPA’ ‘WGCNA’
    A package should be listed in only one of these fields.
Flavor: r-patched-solaris-sparc

Version: 1.0
Flags: --no-examples
Check: dependencies in R code
Result: NOTE
    'library' or 'require' calls to packages already attached by Depends:
     ‘GANPA’ ‘WGCNA’
     Please remove these calls from your code.
    Packages in Depends field not imported from:
     ‘GANPA’ ‘WGCNA’
     These packages need to be imported from (in the NAMESPACE file)
     for when this namespace is loaded but not attached.
Flavor: r-patched-solaris-sparc

Version: 1.0
Flags: --no-examples
Check: R code for possible problems
Result: NOTE
    GOGANPA: no visible global function definition for ‘GSE.Test.Main’
    selectRho: no visible global function definition for
     ‘scaleFreeFitIndex’
    Undefined global functions or variables:
     GSE.Test.Main scaleFreeFitIndex
Flavor: r-patched-solaris-sparc

Version: 1.0
Check: R code for possible problems
Result: NOTE
    GOGANPA: no visible global function definition for 'GSE.Test.Main'
    selectRho: no visible global function definition for
     'scaleFreeFitIndex'
Flavor: r-oldrel-windows-ix86+x86_64