CRAN Package Check Results for Package GPArotation

Last updated on 2015-07-07 15:46:31.

Flavor Version Tinstall Tcheck Ttotal Status Flags
r-devel-linux-x86_64-debian-clang 2014.11-1 0.60 19.43 20.03 NOTE
r-devel-linux-x86_64-debian-gcc 2014.11-1 0.61 19.04 19.65 NOTE
r-devel-linux-x86_64-fedora-clang 2014.11-1 38.33 NOTE
r-devel-linux-x86_64-fedora-gcc 2014.11-1 35.67 NOTE
r-devel-osx-x86_64-clang 2014.11-1 38.09 OK
r-devel-windows-ix86+x86_64 2014.11-1 3.00 30.00 33.00 NOTE
r-patched-linux-x86_64 2014.11-1 0.62 19.18 19.81 OK
r-patched-solaris-sparc 2014.11-1 265.90 OK
r-patched-solaris-x86 2014.11-1 50.50 OK
r-release-linux-x86_64 2014.11-1 0.62 19.53 20.14 OK
r-release-osx-x86_64-mavericks 2014.11-1 OK
r-release-windows-ix86+x86_64 2014.11-1 3.00 30.00 33.00 OK
r-oldrel-windows-ix86+x86_64 2014.11-1 4.00 44.00 48.00 OK

Check Details

Version: 2014.11-1
Check: R code for possible problems
Result: NOTE
    Random.Start: no visible global function definition for ‘rnorm’
    Undefined global functions or variables:
     rnorm
Flavors: r-devel-linux-x86_64-debian-clang, r-devel-linux-x86_64-debian-gcc, r-devel-linux-x86_64-fedora-clang, r-devel-linux-x86_64-fedora-gcc, r-devel-windows-ix86+x86_64