CRAN Package Check Results for Package GPArotation

Last updated on 2017-10-19 11:47:32.

Flavor Version Tinstall Tcheck Ttotal Status Flags
r-devel-linux-x86_64-debian-clang 2014.11-1 0.68 24.86 25.53 NOTE
r-devel-linux-x86_64-debian-gcc 2014.11-1 0.82 25.06 25.88 NOTE
r-devel-linux-x86_64-fedora-clang 2014.11-1 45.80 NOTE
r-devel-linux-x86_64-fedora-gcc 2014.11-1 45.53 NOTE
r-devel-windows-ix86+x86_64 2014.11-1 5.00 43.00 48.00 NOTE
r-patched-linux-x86_64 2014.11-1 0.69 24.45 25.14 NOTE
r-patched-solaris-x86 2014.11-1 61.60 NOTE
r-release-linux-x86_64 2014.11-1 0.70 24.52 25.22 NOTE
r-release-windows-ix86+x86_64 2014.11-1 3.00 48.00 51.00 NOTE
r-release-osx-x86_64 2014.11-1 NOTE
r-oldrel-windows-ix86+x86_64 2014.11-1 2.00 45.00 47.00 NOTE
r-oldrel-osx-x86_64 2014.11-1 NOTE

Check Details

Version: 2014.11-1
Check: R code for possible problems
Result: NOTE
    Random.Start: no visible global function definition for ‘rnorm’
    Undefined global functions or variables:
     rnorm
    Consider adding
     importFrom("stats", "rnorm")
    to your NAMESPACE file.
Flavors: r-devel-linux-x86_64-debian-clang, r-devel-linux-x86_64-debian-gcc, r-devel-linux-x86_64-fedora-clang, r-devel-linux-x86_64-fedora-gcc, r-devel-windows-ix86+x86_64, r-patched-linux-x86_64, r-patched-solaris-x86, r-release-linux-x86_64, r-release-windows-ix86+x86_64, r-release-osx-x86_64, r-oldrel-windows-ix86+x86_64, r-oldrel-osx-x86_64