CRAN Package Check Results for Package GPArotation

Last updated on 2016-08-29 06:47:08.

Flavor Version Tinstall Tcheck Ttotal Status Flags
r-devel-linux-x86_64-debian-clang 2014.11-1 0.70 20.26 20.96 NOTE
r-devel-linux-x86_64-debian-gcc 2014.11-1 0.66 19.77 20.44 NOTE
r-devel-linux-x86_64-fedora-clang 2014.11-1 37.63 NOTE
r-devel-linux-x86_64-fedora-gcc 2014.11-1 35.58 NOTE
r-devel-osx-x86_64-clang 2014.11-1 32.94 NOTE
r-devel-windows-ix86+x86_64 2014.11-1 5.00 46.00 51.00 NOTE
r-patched-linux-x86_64 2014.11-1 0.61 18.57 19.17 NOTE
r-patched-solaris-sparc 2014.11-1 218.60 NOTE
r-patched-solaris-x86 2014.11-1 44.30 NOTE
r-release-linux-x86_64 2014.11-1 0.66 19.20 19.86 NOTE
r-release-osx-x86_64-mavericks 2014.11-1 NOTE
r-release-windows-ix86+x86_64 2014.11-1 5.00 42.00 47.00 NOTE
r-oldrel-windows-ix86+x86_64 2014.11-1 3.00 31.00 34.00 OK

Check Details

Version: 2014.11-1
Check: R code for possible problems
Result: NOTE
    Random.Start: no visible global function definition for ‘rnorm’
    Undefined global functions or variables:
     rnorm
    Consider adding
     importFrom("stats", "rnorm")
    to your NAMESPACE file.
Flavors: r-devel-linux-x86_64-debian-clang, r-devel-linux-x86_64-debian-gcc, r-devel-linux-x86_64-fedora-clang, r-devel-linux-x86_64-fedora-gcc, r-devel-osx-x86_64-clang, r-devel-windows-ix86+x86_64, r-patched-linux-x86_64, r-patched-solaris-sparc, r-patched-solaris-x86, r-release-linux-x86_64, r-release-osx-x86_64-mavericks, r-release-windows-ix86+x86_64