CRAN Package Check Results for Package GPArotation

Last updated on 2016-12-08 23:49:28.

Flavor Version Tinstall Tcheck Ttotal Status Flags
r-devel-linux-x86_64-debian-clang 2014.11-1 0.74 24.22 24.97 NOTE
r-devel-linux-x86_64-debian-gcc 2014.11-1 0.70 22.66 23.35 NOTE
r-devel-linux-x86_64-fedora-clang 2014.11-1 43.92 NOTE --no-stop-on-test-error
r-devel-linux-x86_64-fedora-gcc 2014.11-1 43.09 NOTE --no-stop-on-test-error
r-devel-macos-x86_64-clang 2014.11-1 37.39 NOTE --no-stop-on-test-error
r-devel-windows-ix86+x86_64 2014.11-1 6.00 61.00 67.00 NOTE
r-patched-linux-x86_64 2014.11-1 0.65 19.15 19.81 NOTE
r-patched-solaris-sparc 2014.11-1 218.60 NOTE
r-patched-solaris-x86 2014.11-1 44.20 NOTE
r-release-linux-x86_64 2014.11-1 0.62 18.95 19.57 NOTE
r-release-osx-x86_64-mavericks 2014.11-1 NOTE
r-release-windows-ix86+x86_64 2014.11-1 2.00 45.00 47.00 NOTE
r-oldrel-windows-ix86+x86_64 2014.11-1 3.00 38.00 41.00 OK

Check Details

Version: 2014.11-1
Check: R code for possible problems
Result: NOTE
    Random.Start: no visible global function definition for ‘rnorm’
    Undefined global functions or variables:
     rnorm
    Consider adding
     importFrom("stats", "rnorm")
    to your NAMESPACE file.
Flavors: r-devel-linux-x86_64-debian-clang, r-devel-linux-x86_64-debian-gcc, r-devel-windows-ix86+x86_64, r-patched-linux-x86_64, r-patched-solaris-sparc, r-patched-solaris-x86, r-release-linux-x86_64, r-release-osx-x86_64-mavericks, r-release-windows-ix86+x86_64

Version: 2014.11-1
Flags: --no-stop-on-test-error
Check: R code for possible problems
Result: NOTE
    Random.Start: no visible global function definition for ‘rnorm’
    Undefined global functions or variables:
     rnorm
    Consider adding
     importFrom("stats", "rnorm")
    to your NAMESPACE file.
Flavors: r-devel-linux-x86_64-fedora-clang, r-devel-linux-x86_64-fedora-gcc, r-devel-macos-x86_64-clang