CRAN Package Check Results for Package GPArotation

Last updated on 2016-02-12 18:49:41.

Flavor Version Tinstall Tcheck Ttotal Status Flags
r-devel-linux-x86_64-debian-gcc 2014.11-1 0.72 19.62 20.33 NOTE
r-devel-linux-x86_64-fedora-clang 2014.11-1 34.62 NOTE
r-devel-linux-x86_64-fedora-gcc 2014.11-1 32.84 NOTE
r-devel-osx-x86_64-clang 2014.11-1 40.64 NOTE
r-devel-windows-ix86+x86_64 2014.11-1 3.00 33.00 36.00 NOTE
r-patched-linux-x86_64 2014.11-1 0.65 19.31 19.97 OK
r-patched-solaris-sparc 2014.11-1 225.00 OK
r-patched-solaris-x86 2014.11-1 45.60 OK
r-release-linux-x86_64 2014.11-1 0.76 19.20 19.96 OK
r-release-osx-x86_64-mavericks 2014.11-1 OK
r-release-windows-ix86+x86_64 2014.11-1 3.00 31.00 34.00 OK
r-oldrel-windows-ix86+x86_64 2014.11-1 4.00 44.00 48.00 OK

Check Details

Version: 2014.11-1
Check: R code for possible problems
Result: NOTE
    Random.Start: no visible global function definition for ‘rnorm’
    Undefined global functions or variables:
     rnorm
    Consider adding
     importFrom("stats", "rnorm")
    to your NAMESPACE file.
Flavors: r-devel-linux-x86_64-debian-gcc, r-devel-linux-x86_64-fedora-clang, r-devel-linux-x86_64-fedora-gcc, r-devel-osx-x86_64-clang, r-devel-windows-ix86+x86_64