CRAN Package Check Results for Package GPArotation

Last updated on 2014-07-31 08:47:01.

Flavor Version Tinstall Tcheck Ttotal Status Flags
r-devel-linux-x86_64-debian-clang 2012.3-1 0.68 19.74 20.42 OK
r-devel-linux-x86_64-debian-gcc 2012.3-1 0.67 19.57 20.24 OK
r-devel-linux-x86_64-fedora-clang 2012.3-1 43.42 NOTE
r-devel-linux-x86_64-fedora-gcc 2012.3-1 39.67 NOTE
r-devel-osx-x86_64-clang 2012.3-1 41.77 OK
r-devel-windows-ix86+x86_64 2012.3-1 2.00 31.00 33.00 OK
r-patched-linux-x86_64 2012.3-1 0.68 20.24 20.92 OK
r-patched-solaris-sparc 2012.3-1 231.30 OK
r-patched-solaris-x86 2012.3-1 51.90 OK
r-release-linux-ix86 2012.3-1 1.00 28.31 29.31 OK
r-release-linux-x86_64 2012.3-1 0.70 19.98 20.68 OK
r-release-osx-x86_64-mavericks 2012.3-1 OK
r-release-windows-ix86+x86_64 2012.3-1 3.00 30.00 33.00 OK
r-oldrel-windows-ix86+x86_64 2012.3-1 2.00 34.00 36.00 OK

Check Details

Version: 2012.3-1
Check: top-level files
Result: NOTE
    Non-standard file/directory found at top level:
     Rbuildignore
Flavors: r-devel-linux-x86_64-fedora-clang, r-devel-linux-x86_64-fedora-gcc

Version: 2012.3-1
Check: Rd line widths
Result: NOTE
    Rd file 'rotations.Rd':
     \usage lines wider than 90 characters:
     pstT(L, Tmat=diag(ncol(L)), W=NULL, Target=NULL, normalize=FALSE, eps=1e-5, maxit=1000)
     pstQ(L, Tmat=diag(ncol(L)), W=NULL, Target=NULL, normalize=FALSE, eps=1e-5, maxit=1000)
    
    These lines will be truncated in the PDF manual.
Flavors: r-devel-linux-x86_64-fedora-clang, r-devel-linux-x86_64-fedora-gcc