CRAN Package Check Results for Package GPArotation

Last updated on 2015-08-28 19:47:14.

Flavor Version Tinstall Tcheck Ttotal Status Flags
r-devel-linux-x86_64-debian-clang 2014.11-1 0.59 18.96 19.55 NOTE
r-devel-linux-x86_64-debian-gcc 2014.11-1 0.56 19.18 19.74 NOTE
r-devel-linux-x86_64-fedora-clang 2014.11-1 38.13 NOTE
r-devel-linux-x86_64-fedora-gcc 2014.11-1 35.45 NOTE
r-devel-osx-x86_64-clang 2014.11-1 47.21 OK
r-devel-windows-ix86+x86_64 2014.11-1 4.00 35.00 39.00 NOTE
r-patched-linux-x86_64 2014.11-1 0.65 19.27 19.92 OK
r-patched-solaris-sparc 2014.11-1 254.20 OK
r-patched-solaris-x86 2014.11-1 52.20 OK
r-release-linux-x86_64 2014.11-1 0.62 20.04 20.66 OK
r-release-osx-x86_64-mavericks 2014.11-1 OK
r-release-windows-ix86+x86_64 2014.11-1 3.00 49.00 52.00 OK
r-oldrel-windows-ix86+x86_64 2014.11-1 4.00 44.00 48.00 OK

Check Details

Version: 2014.11-1
Check: R code for possible problems
Result: NOTE
    Random.Start: no visible global function definition for ‘rnorm’
    Undefined global functions or variables:
     rnorm
    Consider adding
     importFrom("stats", "rnorm")
    to your NAMESPACE.
Flavors: r-devel-linux-x86_64-debian-clang, r-devel-linux-x86_64-debian-gcc, r-devel-linux-x86_64-fedora-clang, r-devel-linux-x86_64-fedora-gcc, r-devel-windows-ix86+x86_64