CRAN Package Check Results for Package GPArotation

Last updated on 2014-11-21 17:48:04.

Flavor Version Tinstall Tcheck Ttotal Status Flags
r-devel-linux-x86_64-debian-clang 2012.3-1 0.94 20.38 21.32 NOTE
r-devel-linux-x86_64-debian-gcc 2012.3-1 0.68 19.70 20.38 NOTE
r-devel-linux-x86_64-fedora-clang 2012.3-1 47.02 NOTE
r-devel-linux-x86_64-fedora-gcc 2012.3-1 40.71 NOTE
r-devel-osx-x86_64-clang 2012.3-1 44.34 OK
r-devel-windows-ix86+x86_64 2012.3-1 2.00 30.00 32.00 OK
r-patched-linux-x86_64 2012.3-1 0.70 20.86 21.56 NOTE
r-patched-solaris-sparc 2012.3-1 231.30 OK
r-patched-solaris-x86 2012.3-1 53.30 OK
r-release-linux-ix86 2012.3-1 1.04 27.60 28.64 OK
r-release-linux-x86_64 2012.3-1 0.90 20.68 21.58 NOTE
r-release-osx-x86_64-mavericks 2012.3-1 OK
r-release-windows-ix86+x86_64 2012.3-1 3.00 31.00 34.00 OK
r-oldrel-windows-ix86+x86_64 2012.3-1 2.00 34.00 36.00 OK

Check Details

Version: 2012.3-1
Check: top-level files
Result: NOTE
    Non-standard file/directory found at top level:
     ‘Rbuildignore’
Flavors: r-devel-linux-x86_64-debian-clang, r-devel-linux-x86_64-debian-gcc, r-devel-linux-x86_64-fedora-clang, r-devel-linux-x86_64-fedora-gcc, r-patched-linux-x86_64, r-release-linux-x86_64

Version: 2012.3-1
Check: Rd line widths
Result: NOTE
    Rd file 'rotations.Rd':
     \usage lines wider than 90 characters:
     pstT(L, Tmat=diag(ncol(L)), W=NULL, Target=NULL, normalize=FALSE, eps=1e-5, maxit=1000)
     pstQ(L, Tmat=diag(ncol(L)), W=NULL, Target=NULL, normalize=FALSE, eps=1e-5, maxit=1000)
    
    These lines will be truncated in the PDF manual.
Flavors: r-devel-linux-x86_64-debian-clang, r-devel-linux-x86_64-debian-gcc, r-devel-linux-x86_64-fedora-clang, r-devel-linux-x86_64-fedora-gcc, r-patched-linux-x86_64, r-release-linux-x86_64