CRAN Package Check Results for Package GPArotation

Last updated on 2017-12-13 23:14:21 CET.

Flavor Version Tinstall Tcheck Ttotal Status Flags
r-devel-linux-x86_64-debian-clang 2014.11-1 0.79 34.05 34.84 NOTE
r-devel-linux-x86_64-debian-gcc 2014.11-1 0.60 30.63 31.23 NOTE
r-devel-linux-x86_64-fedora-clang 2014.11-1 42.94 NOTE
r-devel-linux-x86_64-fedora-gcc 2014.11-1 42.08 NOTE
r-devel-windows-ix86+x86_64 2014.11-1 5.00 61.00 66.00 NOTE
r-patched-linux-x86_64 2014.11-1 1.01 35.54 36.55 NOTE
r-patched-solaris-x86 2014.11-1 59.20 NOTE
r-release-linux-x86_64 2014.11-1 0.60 35.95 36.55 NOTE
r-release-windows-ix86+x86_64 2014.11-1 3.00 48.00 51.00 NOTE
r-release-osx-x86_64 2014.11-1 NOTE
r-oldrel-windows-ix86+x86_64 2014.11-1 2.00 45.00 47.00 NOTE
r-oldrel-osx-x86_64 2014.11-1 NOTE

Check Details

Version: 2014.11-1
Check: R code for possible problems
Result: NOTE
    Random.Start: no visible global function definition for ‘rnorm’
    Undefined global functions or variables:
     rnorm
    Consider adding
     importFrom("stats", "rnorm")
    to your NAMESPACE file.
Flavors: r-devel-linux-x86_64-debian-clang, r-devel-linux-x86_64-debian-gcc, r-devel-linux-x86_64-fedora-clang, r-devel-linux-x86_64-fedora-gcc, r-devel-windows-ix86+x86_64, r-patched-linux-x86_64, r-patched-solaris-x86, r-release-linux-x86_64, r-release-windows-ix86+x86_64, r-release-osx-x86_64, r-oldrel-windows-ix86+x86_64, r-oldrel-osx-x86_64