CRAN Package Check Results for Package GPArotation

Last updated on 2014-09-01 08:47:07.

Flavor Version Tinstall Tcheck Ttotal Status Flags
r-devel-linux-x86_64-debian-clang 2012.3-1 0.66 18.82 19.48 OK
r-devel-linux-x86_64-debian-gcc 2012.3-1 0.64 18.50 19.14 OK
r-devel-linux-x86_64-fedora-clang 2012.3-1 39.39 NOTE
r-devel-linux-x86_64-fedora-gcc 2012.3-1 39.13 NOTE
r-devel-osx-x86_64-clang 2012.3-1 41.03 OK
r-devel-windows-ix86+x86_64 2012.3-1 2.00 28.00 30.00 OK
r-patched-linux-x86_64 2012.3-1 0.67 20.51 21.18 OK
r-patched-solaris-sparc 2012.3-1 231.30 OK
r-patched-solaris-x86 2012.3-1 52.00 OK
r-release-linux-ix86 2012.3-1 1.00 30.35 31.34 OK
r-release-linux-x86_64 2012.3-1 0.75 20.11 20.86 OK
r-release-osx-x86_64-mavericks 2012.3-1 OK
r-release-windows-ix86+x86_64 2012.3-1 3.00 30.00 33.00 OK
r-oldrel-windows-ix86+x86_64 2012.3-1 2.00 34.00 36.00 OK

Check Details

Version: 2012.3-1
Check: top-level files
Result: NOTE
    Non-standard file/directory found at top level:
     ‘Rbuildignore’
Flavors: r-devel-linux-x86_64-fedora-clang, r-devel-linux-x86_64-fedora-gcc

Version: 2012.3-1
Check: Rd line widths
Result: NOTE
    Rd file 'rotations.Rd':
     \usage lines wider than 90 characters:
     pstT(L, Tmat=diag(ncol(L)), W=NULL, Target=NULL, normalize=FALSE, eps=1e-5, maxit=1000)
     pstQ(L, Tmat=diag(ncol(L)), W=NULL, Target=NULL, normalize=FALSE, eps=1e-5, maxit=1000)
    
    These lines will be truncated in the PDF manual.
Flavors: r-devel-linux-x86_64-fedora-clang, r-devel-linux-x86_64-fedora-gcc