CRAN Package Check Results for Package GPArotation

Last updated on 2017-08-17 07:46:57.

Flavor Version Tinstall Tcheck Ttotal Status Flags
r-devel-linux-x86_64-debian-clang 2014.11-1 0.72 25.88 26.60 NOTE
r-devel-linux-x86_64-debian-gcc 2014.11-1 0.74 24.86 25.60 NOTE
r-devel-linux-x86_64-fedora-clang 2014.11-1 47.98 NOTE
r-devel-linux-x86_64-fedora-gcc 2014.11-1 45.59 NOTE
r-devel-windows-ix86+x86_64 2014.11-1 4.00 61.00 65.00 NOTE
r-patched-linux-x86_64 2014.11-1 0.68 24.82 25.50 NOTE
r-patched-solaris-x86 2014.11-1 60.30 NOTE
r-release-linux-x86_64 2014.11-1 0.71 24.80 25.50 NOTE
r-release-windows-ix86+x86_64 2014.11-1 3.00 48.00 51.00 NOTE
r-release-osx-x86_64 2014.11-1 NOTE
r-oldrel-windows-ix86+x86_64 2014.11-1 2.00 45.00 47.00 NOTE
r-oldrel-osx-x86_64 2014.11-1 NOTE

Check Details

Version: 2014.11-1
Check: R code for possible problems
Result: NOTE
    Random.Start: no visible global function definition for ‘rnorm’
    Undefined global functions or variables:
     rnorm
    Consider adding
     importFrom("stats", "rnorm")
    to your NAMESPACE file.
Flavors: r-devel-linux-x86_64-debian-clang, r-devel-linux-x86_64-debian-gcc, r-devel-linux-x86_64-fedora-clang, r-devel-linux-x86_64-fedora-gcc, r-devel-windows-ix86+x86_64, r-patched-linux-x86_64, r-patched-solaris-x86, r-release-linux-x86_64, r-release-windows-ix86+x86_64, r-release-osx-x86_64, r-oldrel-windows-ix86+x86_64, r-oldrel-osx-x86_64