CRAN Package Check Results for Package GPArotation

Last updated on 2014-04-19 08:50:13.

Flavor Version Tinstall Tcheck Ttotal Status Flags
r-devel-linux-x86_64-debian-clang 2012.3-1 0.73 20.54 21.26 OK
r-devel-linux-x86_64-debian-gcc 2012.3-1 0.76 20.94 21.70 OK
r-devel-linux-x86_64-fedora-clang 2012.3-1 42.58 NOTE
r-devel-linux-x86_64-fedora-gcc 2012.3-1 40.41 NOTE
r-devel-macosx-x86_64-clang 2012.3-1 43.03 OK
r-devel-macosx-x86_64-gcc 2012.3-1 OK
r-devel-windows-ix86+x86_64 2012.3-1 2.00 41.00 43.00 OK
r-patched-linux-x86_64 2012.3-1 0.74 21.04 21.78 OK
r-patched-solaris-sparc 2012.3-1 227.30 OK
r-patched-solaris-x86 2012.3-1 53.00 OK
r-release-linux-ix86 2012.3-1 2.00 38.00 40.00 OK
r-release-linux-x86_64 2012.3-1 0.73 21.31 22.04 OK
r-release-windows-ix86+x86_64 2012.3-1 4.00 42.00 46.00 OK
r-oldrel-windows-ix86+x86_64 2012.3-1 2.00 34.00 36.00 OK

Check Details

Version: 2012.3-1
Check: top-level files
Result: NOTE
    Non-standard file/directory found at top level:
     ‘Rbuildignore’
Flavors: r-devel-linux-x86_64-fedora-clang, r-devel-linux-x86_64-fedora-gcc

Version: 2012.3-1
Check: Rd line widths
Result: NOTE
    Rd file 'rotations.Rd':
     \usage lines wider than 90 characters:
     pstT(L, Tmat=diag(ncol(L)), W=NULL, Target=NULL, normalize=FALSE, eps=1e-5, maxit=1000)
     pstQ(L, Tmat=diag(ncol(L)), W=NULL, Target=NULL, normalize=FALSE, eps=1e-5, maxit=1000)
    
    These lines will be truncated in the PDF manual.
Flavors: r-devel-linux-x86_64-fedora-clang, r-devel-linux-x86_64-fedora-gcc