CRAN Package Check Results for Package GPArotation

Last updated on 2016-05-05 23:49:58.

Flavor Version Tinstall Tcheck Ttotal Status Flags
r-devel-linux-x86_64-debian-gcc 2014.11-1 0.76 19.16 19.92 NOTE
r-devel-linux-x86_64-fedora-clang 2014.11-1 36.65 NOTE
r-devel-linux-x86_64-fedora-gcc 2014.11-1 34.10 NOTE
r-devel-osx-x86_64-clang 2014.11-1 42.82 NOTE
r-devel-windows-ix86+x86_64 2014.11-1 5.00 42.00 47.00 NOTE
r-patched-linux-x86_64 2014.11-1 0.63 18.29 18.92 NOTE
r-patched-solaris-sparc 2014.11-1 235.70 NOTE
r-patched-solaris-x86 2014.11-1 45.40 NOTE
r-release-linux-x86_64 2014.11-1 0.69 18.93 19.62 NOTE
r-release-osx-x86_64-mavericks 2014.11-1 OK
r-release-windows-ix86+x86_64 2014.11-1 5.00 42.00 47.00 NOTE
r-oldrel-windows-ix86+x86_64 2014.11-1 3.00 31.00 34.00 OK

Check Details

Version: 2014.11-1
Check: R code for possible problems
Result: NOTE
    Random.Start: no visible global function definition for ‘rnorm’
    Undefined global functions or variables:
     rnorm
    Consider adding
     importFrom("stats", "rnorm")
    to your NAMESPACE file.
Flavors: r-devel-linux-x86_64-debian-gcc, r-devel-linux-x86_64-fedora-clang, r-devel-linux-x86_64-fedora-gcc, r-devel-osx-x86_64-clang, r-devel-windows-ix86+x86_64, r-patched-linux-x86_64, r-patched-solaris-sparc, r-patched-solaris-x86, r-release-linux-x86_64, r-release-windows-ix86+x86_64