CRAN Package Check Results for Package GPArotation

Last updated on 2018-04-22 07:49:20 CEST.

Flavor Version Tinstall Tcheck Ttotal Status Flags
r-devel-linux-x86_64-debian-clang 2014.11-1 1.16 36.54 37.70 NOTE
r-devel-linux-x86_64-debian-gcc 2014.11-1 1.01 28.62 29.63 NOTE
r-devel-linux-x86_64-fedora-clang 2014.11-1 46.74 NOTE
r-devel-linux-x86_64-fedora-gcc 2014.11-1 45.56 NOTE
r-devel-windows-ix86+x86_64 2014.11-1 5.00 45.00 50.00 NOTE
r-devel-osx-x86_64 2014.11-1 NOTE
r-patched-linux-x86_64 2014.11-1 1.52 36.16 37.68 NOTE
r-patched-solaris-x86 2014.11-1 66.10 NOTE
r-release-linux-x86_64 2014.11-1 0.82 35.93 36.75 NOTE
r-release-windows-ix86+x86_64 2014.11-1 3.00 48.00 51.00 NOTE
r-release-osx-x86_64 2014.11-1 NOTE
r-oldrel-windows-ix86+x86_64 2014.11-1 2.00 45.00 47.00 NOTE

Check Details

Version: 2014.11-1
Check: R code for possible problems
Result: NOTE
    Random.Start: no visible global function definition for ‘rnorm’
    Undefined global functions or variables:
     rnorm
    Consider adding
     importFrom("stats", "rnorm")
    to your NAMESPACE file.
Flavors: r-devel-linux-x86_64-debian-clang, r-devel-linux-x86_64-debian-gcc, r-devel-linux-x86_64-fedora-clang, r-devel-linux-x86_64-fedora-gcc, r-devel-windows-ix86+x86_64, r-devel-osx-x86_64, r-patched-linux-x86_64, r-patched-solaris-x86, r-release-linux-x86_64, r-release-windows-ix86+x86_64, r-release-osx-x86_64, r-oldrel-windows-ix86+x86_64