CRAN Package Check Results for Package GPArotation

Last updated on 2018-06-19 09:47:52 CEST.

Flavor Version Tinstall Tcheck Ttotal Status Flags
r-devel-linux-x86_64-debian-clang 2014.11-1 1.29 34.14 35.43 NOTE
r-devel-linux-x86_64-debian-gcc 2014.11-1 0.95 29.70 30.65 NOTE
r-devel-linux-x86_64-fedora-clang 2014.11-1 48.11 NOTE
r-devel-linux-x86_64-fedora-gcc 2014.11-1 45.23 NOTE
r-devel-windows-ix86+x86_64 2014.11-1 5.00 63.00 68.00 NOTE
r-patched-linux-x86_64 2014.11-1 1.19 36.58 37.77 NOTE
r-patched-solaris-x86 2014.11-1 64.60 NOTE
r-release-linux-x86_64 2014.11-1 1.67 36.33 38.00 NOTE
r-release-windows-ix86+x86_64 2014.11-1 5.00 45.00 50.00 NOTE
r-release-osx-x86_64 2014.11-1 NOTE
r-oldrel-windows-ix86+x86_64 2014.11-1 3.00 48.00 51.00 NOTE
r-oldrel-osx-x86_64 2014.11-1 NOTE

Check Details

Version: 2014.11-1
Check: R code for possible problems
Result: NOTE
    Random.Start: no visible global function definition for ‘rnorm’
    Undefined global functions or variables:
     rnorm
    Consider adding
     importFrom("stats", "rnorm")
    to your NAMESPACE file.
Flavors: r-devel-linux-x86_64-debian-clang, r-devel-linux-x86_64-debian-gcc, r-devel-linux-x86_64-fedora-clang, r-devel-linux-x86_64-fedora-gcc, r-devel-windows-ix86+x86_64, r-patched-linux-x86_64, r-patched-solaris-x86, r-release-linux-x86_64, r-release-windows-ix86+x86_64, r-release-osx-x86_64, r-oldrel-windows-ix86+x86_64, r-oldrel-osx-x86_64