CRAN Package Check Results for Package GPArotation

Last updated on 2017-06-27 15:48:45.

Flavor Version Tinstall Tcheck Ttotal Status Flags
r-devel-linux-x86_64-debian-clang 2014.11-1 0.74 24.49 25.23 NOTE
r-devel-linux-x86_64-debian-gcc 2014.11-1 1.76 23.95 25.70 NOTE
r-devel-linux-x86_64-fedora-clang 2014.11-1 44.81 NOTE
r-devel-linux-x86_64-fedora-gcc 2014.11-1 42.76 NOTE
r-devel-windows-ix86+x86_64 2014.11-1 5.00 63.00 68.00 NOTE
r-patched-linux-x86_64 2014.11-1 0.77 23.85 24.62 NOTE
r-patched-solaris-sparc 2014.11-1 255.40 NOTE
r-patched-solaris-x86 2014.11-1 57.70 NOTE
r-release-linux-x86_64 2014.11-1 0.74 23.99 24.72 NOTE
r-release-windows-ix86+x86_64 2014.11-1 3.00 45.00 48.00 NOTE
r-release-osx-x86_64 2014.11-1 NOTE
r-oldrel-windows-ix86+x86_64 2014.11-1 2.00 45.00 47.00 NOTE
r-oldrel-osx-x86_64 2014.11-1 NOTE

Check Details

Version: 2014.11-1
Check: R code for possible problems
Result: NOTE
    Random.Start: no visible global function definition for ‘rnorm’
    Undefined global functions or variables:
     rnorm
    Consider adding
     importFrom("stats", "rnorm")
    to your NAMESPACE file.
Flavors: r-devel-linux-x86_64-debian-clang, r-devel-linux-x86_64-debian-gcc, r-devel-linux-x86_64-fedora-clang, r-devel-linux-x86_64-fedora-gcc, r-devel-windows-ix86+x86_64, r-patched-linux-x86_64, r-patched-solaris-sparc, r-patched-solaris-x86, r-release-linux-x86_64, r-release-windows-ix86+x86_64, r-release-osx-x86_64, r-oldrel-windows-ix86+x86_64, r-oldrel-osx-x86_64