CRAN Package Check Results for Package GPCSIV

Last updated on 2015-03-28 05:49:30.

Flavor Version Tinstall Tcheck Ttotal Status Flags
r-devel-linux-x86_64-debian-clang 0.1.0 1.28 19.12 20.40 NOTE
r-devel-linux-x86_64-debian-gcc 0.1.0 1.32 19.02 20.35 NOTE
r-devel-linux-x86_64-fedora-clang 0.1.0 41.87 NOTE
r-devel-linux-x86_64-fedora-gcc 0.1.0 36.06 NOTE
r-devel-osx-x86_64-clang 0.1.0 47.46 NOTE
r-prerel-windows-ix86+x86_64 0.1.0 5.00 31.00 36.00 NOTE
r-prerel-linux-x86_64 0.1.0 1.24 18.93 20.17 NOTE
r-prerel-solaris-sparc 0.1.0 261.70 NOTE
r-prerel-solaris-x86 0.1.0 60.40 NOTE
r-release-linux-x86_64 0.1.0 1.64 23.46 25.11 NOTE
r-release-osx-x86_64-mavericks 0.1.0 NOTE
r-release-osx-x86_64-snowleopard 0.1.0 OK
r-release-windows-ix86+x86_64 0.1.0 6.00 39.00 45.00 NOTE
r-oldrel-windows-ix86+x86_64 0.1.0 7.00 49.00 56.00 ERROR

Check Details

Version: 0.1.0
Check: package namespace information
Result: NOTE
     Namespaces with empty importFrom:
     ‘scatterplot3d’ ‘sqldf’
Flavors: r-devel-linux-x86_64-debian-clang, r-devel-linux-x86_64-debian-gcc, r-devel-linux-x86_64-fedora-clang, r-devel-linux-x86_64-fedora-gcc, r-devel-osx-x86_64-clang, r-prerel-windows-ix86+x86_64, r-prerel-linux-x86_64, r-prerel-solaris-sparc, r-prerel-solaris-x86, r-release-linux-x86_64, r-release-osx-x86_64-mavericks, r-release-windows-ix86+x86_64

Version: 0.1.0
Check: R code for possible problems
Result: NOTE
    Resdata : prepdata: no visible global function definition for ‘sqldf’
    gpca : Build3d: no visible global function definition for
     ‘scatterplot3d’
    gpca: no visible global function definition for ‘scatterplot3d’
Flavors: r-devel-linux-x86_64-debian-clang, r-devel-linux-x86_64-debian-gcc, r-devel-linux-x86_64-fedora-clang, r-devel-linux-x86_64-fedora-gcc, r-devel-osx-x86_64-clang, r-prerel-windows-ix86+x86_64, r-prerel-linux-x86_64, r-prerel-solaris-sparc, r-prerel-solaris-x86, r-release-linux-x86_64, r-release-osx-x86_64-mavericks, r-release-windows-ix86+x86_64

Version: 0.1.0
Check: examples
Result: ERROR
    Running examples in 'GPCSIV-Ex.R' failed
    The error most likely occurred in:
    
    > ### Name: Resdata
    > ### Title: class of objects 'Resdata'
    > ### Aliases: Resdata
    >
    > ### ** Examples
    >
    > data(video1)
    > data(video2)
    > data(video3)
    > preparation2<-Resdata(list(video1,video2,video3))
    Error in if (.allows_extensions(db)) { :
     missing value where TRUE/FALSE needed
    Calls: Resdata -> prepdata -> sqldf -> init_extensions
    Execution halted
Flavor: r-oldrel-windows-ix86+x86_64