CRAN Package Check Results for Package GPCSIV

Last updated on 2015-04-27 11:48:39.

Flavor Version Tinstall Tcheck Ttotal Status Flags
r-devel-linux-x86_64-debian-clang 0.1.0 1.27 19.65 20.92 NOTE
r-devel-linux-x86_64-debian-gcc 0.1.0 1.18 19.31 20.49 NOTE
r-devel-linux-x86_64-fedora-clang 0.1.0 39.51 NOTE
r-devel-linux-x86_64-fedora-gcc 0.1.0 36.30 NOTE
r-devel-osx-x86_64-clang 0.1.0 44.67 NOTE
r-devel-windows-ix86+x86_64 0.1.0 4.00 35.00 39.00 NOTE
r-patched-linux-x86_64 0.1.0 1.26 19.20 20.46 NOTE
r-patched-solaris-sparc 0.1.0 261.70 NOTE
r-patched-solaris-x86 0.1.0 60.50 NOTE
r-release-linux-x86_64 0.1.0 1.21 18.72 19.93 NOTE
r-release-osx-x86_64-mavericks 0.1.0 NOTE
r-release-osx-x86_64-snowleopard 0.1.0 NOTE
r-release-windows-ix86+x86_64 0.1.0 6.00 41.00 47.00 NOTE
r-oldrel-windows-ix86+x86_64 0.1.0 6.00 38.00 44.00 NOTE

Check Details

Version: 0.1.0
Check: package namespace information
Result: NOTE
     Namespaces with empty importFrom:
     ‘scatterplot3d’ ‘sqldf’
Flavors: r-devel-linux-x86_64-debian-clang, r-devel-linux-x86_64-debian-gcc, r-devel-linux-x86_64-fedora-clang, r-devel-linux-x86_64-fedora-gcc, r-devel-osx-x86_64-clang, r-devel-windows-ix86+x86_64, r-patched-solaris-sparc, r-patched-solaris-x86, r-release-linux-x86_64, r-release-osx-x86_64-mavericks, r-release-osx-x86_64-snowleopard, r-release-windows-ix86+x86_64, r-oldrel-windows-ix86+x86_64

Version: 0.1.0
Check: R code for possible problems
Result: NOTE
    Resdata : prepdata: no visible global function definition for ‘sqldf’
    gpca : Build3d: no visible global function definition for
     ‘scatterplot3d’
    gpca: no visible global function definition for ‘scatterplot3d’
Flavors: r-devel-linux-x86_64-debian-clang, r-devel-linux-x86_64-debian-gcc, r-devel-linux-x86_64-fedora-clang, r-devel-linux-x86_64-fedora-gcc, r-devel-osx-x86_64-clang, r-devel-windows-ix86+x86_64, r-patched-solaris-sparc, r-patched-solaris-x86, r-release-linux-x86_64, r-release-osx-x86_64-mavericks, r-release-osx-x86_64-snowleopard, r-release-windows-ix86+x86_64, r-oldrel-windows-ix86+x86_64