CRAN Package Check Results for Package GPCSIV

Last updated on 2016-02-10 02:49:07.

Flavor Version Tinstall Tcheck Ttotal Status Flags
r-devel-linux-x86_64-debian-gcc 0.1.0 1.26 18.11 19.37 NOTE
r-devel-linux-x86_64-fedora-clang 0.1.0 34.33 NOTE
r-devel-linux-x86_64-fedora-gcc 0.1.0 32.21 NOTE
r-devel-osx-x86_64-clang 0.1.0 41.13 NOTE
r-devel-windows-ix86+x86_64 0.1.0 6.00 49.00 55.00 NOTE
r-patched-linux-x86_64 0.1.0 1.37 19.30 20.67 NOTE
r-patched-solaris-sparc 0.1.0 238.20 NOTE
r-patched-solaris-x86 0.1.0 52.30 NOTE
r-release-linux-x86_64 0.1.0 1.43 19.35 20.79 NOTE
r-release-osx-x86_64-mavericks 0.1.0 NOTE
r-release-windows-ix86+x86_64 0.1.0 6.00 33.00 39.00 NOTE
r-oldrel-windows-ix86+x86_64 0.1.0 10.00 50.00 60.00 NOTE

Check Details

Version: 0.1.0
Check: package namespace information
Result: NOTE
     Namespaces with empty importFrom:
     ‘scatterplot3d’ ‘sqldf’
Flavors: r-devel-linux-x86_64-debian-gcc, r-devel-linux-x86_64-fedora-clang, r-devel-linux-x86_64-fedora-gcc, r-devel-osx-x86_64-clang, r-devel-windows-ix86+x86_64, r-patched-linux-x86_64, r-patched-solaris-sparc, r-patched-solaris-x86, r-release-linux-x86_64, r-release-osx-x86_64-mavericks, r-release-windows-ix86+x86_64, r-oldrel-windows-ix86+x86_64

Version: 0.1.0
Check: R code for possible problems
Result: NOTE
    Resdata : prepdata: no visible global function definition for ‘sqldf’
    gpca : Build3d: no visible global function definition for ‘dev.new’
    gpca : Build3d: no visible global function definition for
     ‘scatterplot3d’
    gpca : Build3d: no visible global function definition for ‘text’
    gpca : Build3d: no visible global function definition for ‘plot’
    gpca : Build3d: no visible global function definition for ‘abline’
    gpca : Build3d: no visible global function definition for ‘rect’
    gpca: no visible global function definition for ‘cor’
    gpca: no visible global function definition for ‘dev.new’
    gpca: no visible global function definition for ‘plot’
    gpca: no visible global function definition for ‘text’
    gpca: no visible global function definition for ‘abline’
    gpca: no visible global function definition for ‘rect’
    gpca: no visible global function definition for ‘scatterplot3d’
    gpca: no visible global function definition for ‘segments’
    gpca: no visible global function definition for ‘points’
    gpca: no visible global function definition for ‘write.table’
    Undefined global functions or variables:
     abline cor dev.new plot points rect scatterplot3d segments sqldf text
     write.table
    Consider adding
     importFrom("grDevices", "dev.new")
     importFrom("graphics", "abline", "plot", "points", "rect", "segments",
     "text")
     importFrom("stats", "cor")
     importFrom("utils", "write.table")
    to your NAMESPACE file.
Flavors: r-devel-linux-x86_64-debian-gcc, r-devel-linux-x86_64-fedora-clang, r-devel-linux-x86_64-fedora-gcc, r-devel-osx-x86_64-clang, r-devel-windows-ix86+x86_64

Version: 0.1.0
Check: R code for possible problems
Result: NOTE
    Resdata : prepdata: no visible global function definition for ‘sqldf’
    gpca : Build3d: no visible global function definition for
     ‘scatterplot3d’
    gpca: no visible global function definition for ‘scatterplot3d’
Flavors: r-patched-linux-x86_64, r-patched-solaris-sparc, r-patched-solaris-x86, r-release-linux-x86_64, r-release-osx-x86_64-mavericks, r-release-windows-ix86+x86_64, r-oldrel-windows-ix86+x86_64