CRAN Package Check Results for Package GPCSIV

Last updated on 2015-05-22 15:46:33.

Flavor Version Tinstall Tcheck Ttotal Status Flags
r-devel-linux-x86_64-debian-clang 0.1.0 1.26 19.52 20.78 NOTE
r-devel-linux-x86_64-debian-gcc 0.1.0 1.26 18.89 20.14 NOTE
r-devel-linux-x86_64-fedora-clang 0.1.0 39.86 NOTE
r-devel-linux-x86_64-fedora-gcc 0.1.0 37.09 NOTE
r-devel-osx-x86_64-clang 0.1.0 44.53 NOTE
r-devel-windows-ix86+x86_64 0.1.0 7.00 29.00 36.00 NOTE
r-patched-linux-x86_64 0.1.0 1.32 18.59 19.91 NOTE
r-patched-solaris-sparc 0.1.0 261.70 NOTE
r-patched-solaris-x86 0.1.0 59.80 NOTE
r-release-linux-x86_64 0.1.0 1.21 19.19 20.40 NOTE
r-release-osx-x86_64-mavericks 0.1.0 NOTE
r-release-osx-x86_64-snowleopard 0.1.0 NOTE
r-release-windows-ix86+x86_64 0.1.0 6.00 33.00 39.00 NOTE
r-oldrel-windows-ix86+x86_64 0.1.0 7.00 39.00 46.00 NOTE

Check Details

Version: 0.1.0
Check: package namespace information
Result: NOTE
     Namespaces with empty importFrom:
     ‘scatterplot3d’ ‘sqldf’
Flavors: r-devel-linux-x86_64-debian-clang, r-devel-linux-x86_64-debian-gcc, r-devel-linux-x86_64-fedora-clang, r-devel-linux-x86_64-fedora-gcc, r-devel-osx-x86_64-clang, r-devel-windows-ix86+x86_64, r-patched-linux-x86_64, r-patched-solaris-sparc, r-patched-solaris-x86, r-release-linux-x86_64, r-release-osx-x86_64-mavericks, r-release-osx-x86_64-snowleopard, r-release-windows-ix86+x86_64, r-oldrel-windows-ix86+x86_64

Version: 0.1.0
Check: R code for possible problems
Result: NOTE
    Resdata : prepdata: no visible global function definition for ‘sqldf’
    gpca : Build3d: no visible global function definition for
     ‘scatterplot3d’
    gpca: no visible global function definition for ‘scatterplot3d’
Flavors: r-devel-linux-x86_64-debian-clang, r-devel-linux-x86_64-debian-gcc, r-devel-linux-x86_64-fedora-clang, r-devel-linux-x86_64-fedora-gcc, r-devel-osx-x86_64-clang, r-devel-windows-ix86+x86_64, r-patched-linux-x86_64, r-patched-solaris-sparc, r-patched-solaris-x86, r-release-linux-x86_64, r-release-osx-x86_64-mavericks, r-release-osx-x86_64-snowleopard, r-release-windows-ix86+x86_64, r-oldrel-windows-ix86+x86_64