CRAN Package Check Results for Package GPCSIV

Last updated on 2014-08-20 06:48:12.

Flavor Version Tinstall Tcheck Ttotal Status Flags
r-devel-linux-x86_64-debian-clang 0.1.0 1.34 21.97 23.31 NOTE
r-devel-linux-x86_64-debian-gcc 0.1.0 1.32 21.80 23.12 NOTE
r-devel-linux-x86_64-fedora-clang 0.1.0 45.93 NOTE
r-devel-linux-x86_64-fedora-gcc 0.1.0 42.17 NOTE
r-devel-osx-x86_64-clang 0.1.0 49.18 NOTE
r-devel-windows-ix86+x86_64 0.1.0 6.00 36.00 42.00 NOTE
r-patched-linux-x86_64 0.1.0 1.35 22.14 23.49 OK
r-patched-solaris-sparc 0.1.0 279.60 OK
r-patched-solaris-x86 0.1.0 69.10 OK
r-release-linux-ix86 0.1.0 1.96 33.60 35.56 OK
r-release-linux-x86_64 0.1.0 1.48 23.18 24.65 OK
r-release-osx-x86_64-mavericks 0.1.0 OK
r-release-osx-x86_64-snowleopard 0.1.0 OK
r-release-windows-ix86+x86_64 0.1.0 6.00 37.00 43.00 OK
r-oldrel-windows-ix86+x86_64 0.1.0 7.00 36.00 43.00 OK

Check Details

Version: 0.1.0
Check: package namespace information
Result: NOTE
     Namespaces with empty importFrom:
     ‘scatterplot3d’ ‘sqldf’
Flavors: r-devel-linux-x86_64-debian-clang, r-devel-linux-x86_64-debian-gcc, r-devel-linux-x86_64-fedora-clang, r-devel-linux-x86_64-fedora-gcc, r-devel-osx-x86_64-clang, r-devel-windows-ix86+x86_64

Version: 0.1.0
Check: R code for possible problems
Result: NOTE
    Resdata : prepdata: no visible global function definition for ‘sqldf’
    gpca : Build3d: no visible global function definition for
     ‘scatterplot3d’
    gpca: no visible global function definition for ‘scatterplot3d’
Flavors: r-devel-linux-x86_64-fedora-clang, r-devel-linux-x86_64-fedora-gcc, r-devel-osx-x86_64-clang