CRAN Package Check Results for Package GPCSIV

Last updated on 2014-10-31 16:47:41.

Flavor Version Tinstall Tcheck Ttotal Status Flags
r-devel-linux-x86_64-debian-clang 0.1.0 1.51 22.99 24.50 NOTE
r-devel-linux-x86_64-debian-gcc 0.1.0 1.56 23.24 24.80 NOTE
r-devel-linux-x86_64-fedora-clang 0.1.0 48.74 NOTE
r-devel-linux-x86_64-fedora-gcc 0.1.0 44.94 NOTE
r-devel-osx-x86_64-clang 0.1.0 42.18 NOTE
r-devel-windows-ix86+x86_64 0.1.0 6.00 37.00 43.00 NOTE
r-patched-linux-x86_64 0.1.0 1.50 23.43 24.93 NOTE
r-patched-solaris-sparc 0.1.0 272.20 NOTE
r-patched-solaris-x86 0.1.0 60.70 NOTE
r-release-linux-ix86 0.1.0 2.23 41.17 43.40 OK
r-release-linux-x86_64 0.1.0 1.60 24.94 26.54 OK
r-release-osx-x86_64-mavericks 0.1.0 OK
r-release-osx-x86_64-snowleopard 0.1.0 OK
r-release-windows-ix86+x86_64 0.1.0 6.00 40.00 46.00 OK
r-oldrel-windows-ix86+x86_64 0.1.0 8.00 38.00 46.00 ERROR

Check Details

Version: 0.1.0
Check: package namespace information
Result: NOTE
     Namespaces with empty importFrom:
     ‘scatterplot3d’ ‘sqldf’
Flavors: r-devel-linux-x86_64-debian-clang, r-devel-linux-x86_64-debian-gcc, r-devel-linux-x86_64-fedora-clang, r-devel-linux-x86_64-fedora-gcc, r-devel-osx-x86_64-clang, r-devel-windows-ix86+x86_64, r-patched-linux-x86_64, r-patched-solaris-sparc, r-patched-solaris-x86

Version: 0.1.0
Check: R code for possible problems
Result: NOTE
    Resdata : prepdata: no visible global function definition for ‘sqldf’
    gpca : Build3d: no visible global function definition for
     ‘scatterplot3d’
    gpca: no visible global function definition for ‘scatterplot3d’
Flavors: r-devel-linux-x86_64-debian-clang, r-devel-linux-x86_64-debian-gcc, r-devel-linux-x86_64-fedora-clang, r-devel-linux-x86_64-fedora-gcc, r-devel-osx-x86_64-clang, r-devel-windows-ix86+x86_64, r-patched-linux-x86_64, r-patched-solaris-sparc, r-patched-solaris-x86

Version: 0.1.0
Check: examples
Result: ERROR
    Running examples in 'GPCSIV-Ex.R' failed
    The error most likely occurred in:
    
    > ### Name: Resdata
    > ### Title: class of objects 'Resdata'
    > ### Aliases: Resdata
    >
    > ### ** Examples
    >
    > data(video1)
    > data(video2)
    > data(video3)
    > preparation2<-Resdata(list(video1,video2,video3))
    Error in if (.allows_extensions(db)) { :
     missing value where TRUE/FALSE needed
    Calls: Resdata -> prepdata -> sqldf -> init_extensions
    Execution halted
Flavor: r-oldrel-windows-ix86+x86_64