CRAN Package Check Results for Package GPCSIV

Last updated on 2014-09-02 08:47:15.

Flavor Version Tinstall Tcheck Ttotal Status Flags
r-devel-linux-x86_64-debian-clang 0.1.0 1.30 21.44 22.74 NOTE
r-devel-linux-x86_64-debian-gcc 0.1.0 1.42 21.10 22.51 NOTE
r-devel-linux-x86_64-fedora-clang 0.1.0 44.31 NOTE
r-devel-linux-x86_64-fedora-gcc 0.1.0 42.26 NOTE
r-devel-osx-x86_64-clang 0.1.0 50.73 NOTE
r-devel-windows-ix86+x86_64 0.1.0 5.00 37.00 42.00 NOTE
r-patched-linux-x86_64 0.1.0 1.37 22.36 23.74 OK
r-patched-solaris-sparc 0.1.0 279.60 OK
r-patched-solaris-x86 0.1.0 68.00 OK
r-release-linux-ix86 0.1.0 1.93 33.43 35.36 OK
r-release-linux-x86_64 0.1.0 1.41 23.01 24.42 OK
r-release-osx-x86_64-mavericks 0.1.0 OK
r-release-osx-x86_64-snowleopard 0.1.0 OK
r-release-windows-ix86+x86_64 0.1.0 7.00 39.00 46.00 OK
r-oldrel-windows-ix86+x86_64 0.1.0 7.00 38.00 45.00 OK

Check Details

Version: 0.1.0
Check: package namespace information
Result: NOTE
     Namespaces with empty importFrom:
     ‘scatterplot3d’ ‘sqldf’
Flavors: r-devel-linux-x86_64-debian-clang, r-devel-linux-x86_64-debian-gcc, r-devel-linux-x86_64-fedora-clang, r-devel-linux-x86_64-fedora-gcc, r-devel-osx-x86_64-clang, r-devel-windows-ix86+x86_64

Version: 0.1.0
Check: R code for possible problems
Result: NOTE
    Resdata : prepdata: no visible global function definition for ‘sqldf’
    gpca : Build3d: no visible global function definition for
     ‘scatterplot3d’
    gpca: no visible global function definition for ‘scatterplot3d’
Flavors: r-devel-linux-x86_64-debian-clang, r-devel-linux-x86_64-debian-gcc, r-devel-linux-x86_64-fedora-clang, r-devel-linux-x86_64-fedora-gcc, r-devel-osx-x86_64-clang, r-devel-windows-ix86+x86_64