CRAN Package Check Results for Package GPCSIV

Last updated on 2015-08-30 23:47:42.

Flavor Version Tinstall Tcheck Ttotal Status Flags
r-devel-linux-x86_64-debian-clang 0.1.0 1.08 18.30 19.38 NOTE
r-devel-linux-x86_64-debian-gcc 0.1.0 1.07 18.20 19.27 NOTE
r-devel-linux-x86_64-fedora-clang 0.1.0 37.45 NOTE
r-devel-linux-x86_64-fedora-gcc 0.1.0 34.18 NOTE
r-devel-osx-x86_64-clang 0.1.0 38.90 NOTE
r-devel-windows-ix86+x86_64 0.1.0 8.00 36.00 44.00 NOTE
r-patched-linux-x86_64 0.1.0 1.27 19.02 20.29 NOTE
r-patched-solaris-sparc 0.1.0 262.10 NOTE
r-patched-solaris-x86 0.1.0 61.20 NOTE
r-release-linux-x86_64 0.1.0 1.28 19.60 20.88 NOTE
r-release-osx-x86_64-mavericks 0.1.0 NOTE
r-release-windows-ix86+x86_64 0.1.0 6.00 56.00 62.00 NOTE
r-oldrel-windows-ix86+x86_64 0.1.0 11.00 46.00 57.00 NOTE

Check Details

Version: 0.1.0
Check: package namespace information
Result: NOTE
     Namespaces with empty importFrom:
     ‘scatterplot3d’ ‘sqldf’
Flavors: r-devel-linux-x86_64-debian-clang, r-devel-linux-x86_64-debian-gcc, r-devel-linux-x86_64-fedora-clang, r-devel-linux-x86_64-fedora-gcc, r-devel-osx-x86_64-clang, r-devel-windows-ix86+x86_64, r-patched-linux-x86_64, r-patched-solaris-sparc, r-patched-solaris-x86, r-release-linux-x86_64, r-release-osx-x86_64-mavericks, r-release-windows-ix86+x86_64, r-oldrel-windows-ix86+x86_64

Version: 0.1.0
Check: R code for possible problems
Result: NOTE
    Resdata : prepdata: no visible global function definition for ‘sqldf’
    gpca : Build3d: no visible global function definition for ‘dev.new’
    gpca : Build3d: no visible global function definition for
     ‘scatterplot3d’
    gpca : Build3d: no visible global function definition for ‘text’
    gpca : Build3d: no visible global function definition for ‘plot’
    gpca : Build3d: no visible global function definition for ‘abline’
    gpca : Build3d: no visible global function definition for ‘rect’
    gpca: no visible global function definition for ‘cor’
    gpca: no visible global function definition for ‘dev.new’
    gpca: no visible global function definition for ‘plot’
    gpca: no visible global function definition for ‘text’
    gpca: no visible global function definition for ‘abline’
    gpca: no visible global function definition for ‘rect’
    gpca: no visible global function definition for ‘scatterplot3d’
    gpca: no visible global function definition for ‘segments’
    gpca: no visible global function definition for ‘points’
    gpca: no visible global function definition for ‘write.table’
    Undefined global functions or variables:
     abline cor dev.new plot points rect scatterplot3d segments sqldf text
     write.table
    Consider adding
     importFrom("grDevices", "dev.new")
     importFrom("graphics", "abline", "plot", "points", "rect", "segments",
     "text")
     importFrom("stats", "cor")
     importFrom("utils", "write.table")
    to your NAMESPACE.
Flavors: r-devel-linux-x86_64-debian-clang, r-devel-linux-x86_64-debian-gcc, r-devel-linux-x86_64-fedora-clang, r-devel-linux-x86_64-fedora-gcc, r-devel-windows-ix86+x86_64

Version: 0.1.0
Check: R code for possible problems
Result: NOTE
    Resdata : prepdata: no visible global function definition for ‘sqldf’
    gpca : Build3d: no visible global function definition for
     ‘scatterplot3d’
    gpca: no visible global function definition for ‘scatterplot3d’
    Undefined global functions or variables:
     scatterplot3d sqldf
Flavor: r-devel-osx-x86_64-clang

Version: 0.1.0
Check: R code for possible problems
Result: NOTE
    Resdata : prepdata: no visible global function definition for ‘sqldf’
    gpca : Build3d: no visible global function definition for
     ‘scatterplot3d’
    gpca: no visible global function definition for ‘scatterplot3d’
Flavors: r-patched-linux-x86_64, r-patched-solaris-sparc, r-patched-solaris-x86, r-release-linux-x86_64, r-release-osx-x86_64-mavericks, r-release-windows-ix86+x86_64, r-oldrel-windows-ix86+x86_64