CRAN Package Check Results for Package GPCSIV

Last updated on 2015-07-05 14:46:33.

Flavor Version Tinstall Tcheck Ttotal Status Flags
r-devel-linux-x86_64-debian-clang 0.1.0 1.30 19.52 20.83 NOTE
r-devel-linux-x86_64-debian-gcc 0.1.0 1.14 19.13 20.26 NOTE
r-devel-linux-x86_64-fedora-clang 0.1.0 37.32 NOTE
r-devel-linux-x86_64-fedora-gcc 0.1.0 35.91 NOTE
r-devel-osx-x86_64-clang 0.1.0 40.57 NOTE
r-devel-windows-ix86+x86_64 0.1.0 5.00 32.00 37.00 NOTE
r-patched-linux-x86_64 0.1.0 1.19 19.11 20.30 NOTE
r-patched-solaris-sparc 0.1.0 271.10 NOTE
r-patched-solaris-x86 0.1.0 59.20 NOTE
r-release-linux-x86_64 0.1.0 1.21 19.28 20.49 NOTE
r-release-osx-x86_64-mavericks 0.1.0 NOTE
r-release-windows-ix86+x86_64 0.1.0 6.00 34.00 40.00 NOTE
r-oldrel-windows-ix86+x86_64 0.1.0 9.00 41.00 50.00 NOTE

Check Details

Version: 0.1.0
Check: package namespace information
Result: NOTE
     Namespaces with empty importFrom:
     ‘scatterplot3d’ ‘sqldf’
Flavors: r-devel-linux-x86_64-debian-clang, r-devel-linux-x86_64-debian-gcc, r-devel-linux-x86_64-fedora-clang, r-devel-linux-x86_64-fedora-gcc, r-devel-osx-x86_64-clang, r-devel-windows-ix86+x86_64, r-patched-linux-x86_64, r-patched-solaris-sparc, r-patched-solaris-x86, r-release-linux-x86_64, r-release-osx-x86_64-mavericks, r-release-windows-ix86+x86_64, r-oldrel-windows-ix86+x86_64

Version: 0.1.0
Check: R code for possible problems
Result: NOTE
    Resdata : prepdata: no visible global function definition for ‘sqldf’
    gpca : Build3d: no visible global function definition for ‘dev.new’
    gpca : Build3d: no visible global function definition for
     ‘scatterplot3d’
    gpca : Build3d: no visible global function definition for ‘text’
    gpca : Build3d: no visible global function definition for ‘plot’
    gpca : Build3d: no visible global function definition for ‘abline’
    gpca : Build3d: no visible global function definition for ‘rect’
    gpca: no visible global function definition for ‘cor’
    gpca: no visible global function definition for ‘dev.new’
    gpca: no visible global function definition for ‘plot’
    gpca: no visible global function definition for ‘text’
    gpca: no visible global function definition for ‘abline’
    gpca: no visible global function definition for ‘rect’
    gpca: no visible global function definition for ‘scatterplot3d’
    gpca: no visible global function definition for ‘segments’
    gpca: no visible global function definition for ‘points’
    gpca: no visible global function definition for ‘write.table’
    Undefined global functions or variables:
     abline cor dev.new plot points rect scatterplot3d segments sqldf text
     write.table
Flavors: r-devel-linux-x86_64-debian-clang, r-devel-linux-x86_64-debian-gcc, r-devel-linux-x86_64-fedora-clang, r-devel-linux-x86_64-fedora-gcc, r-devel-windows-ix86+x86_64

Version: 0.1.0
Check: R code for possible problems
Result: NOTE
    Resdata : prepdata: no visible global function definition for ‘sqldf’
    gpca : Build3d: no visible global function definition for
     ‘scatterplot3d’
    gpca: no visible global function definition for ‘scatterplot3d’
    Undefined global functions or variables:
     scatterplot3d sqldf
Flavor: r-devel-osx-x86_64-clang

Version: 0.1.0
Check: R code for possible problems
Result: NOTE
    Resdata : prepdata: no visible global function definition for ‘sqldf’
    gpca : Build3d: no visible global function definition for
     ‘scatterplot3d’
    gpca: no visible global function definition for ‘scatterplot3d’
Flavors: r-patched-linux-x86_64, r-patched-solaris-sparc, r-patched-solaris-x86, r-release-linux-x86_64, r-release-osx-x86_64-mavericks, r-release-windows-ix86+x86_64, r-oldrel-windows-ix86+x86_64