CRAN Package Check Results for Package GPfit

Last updated on 2017-06-24 01:47:13.

Flavor Version Tinstall Tcheck Ttotal Status Flags
r-devel-linux-x86_64-debian-clang 1.0-0 0.84 26.79 27.62 NOTE
r-devel-linux-x86_64-debian-gcc 1.0-0 0.83 25.86 26.69 NOTE
r-devel-linux-x86_64-fedora-clang 1.0-0 43.07 NOTE
r-devel-linux-x86_64-fedora-gcc 1.0-0 43.53 NOTE
r-devel-windows-ix86+x86_64 1.0-0 3.00 66.00 69.00 NOTE
r-patched-linux-x86_64 1.0-0 0.91 25.54 26.44 NOTE
r-patched-solaris-sparc 1.0-0 271.10 NOTE
r-patched-solaris-x86 1.0-0 60.30 NOTE
r-release-linux-x86_64 1.0-0 0.92 27.22 28.14 NOTE
r-release-windows-ix86+x86_64 1.0-0 2.00 70.00 72.00 NOTE
r-release-osx-x86_64 1.0-0 NOTE
r-oldrel-windows-ix86+x86_64 1.0-0 3.00 56.00 59.00 NOTE
r-oldrel-osx-x86_64 1.0-0 NOTE

Check Details

Version: 1.0-0
Check: R code for possible problems
Result: NOTE
    GP_fit: no visible global function definition for ‘kmeans’
    GP_fit: no visible global function definition for ‘optim’
    plot.GP: no visible global function definition for ‘matplot’
    plot.GP: no visible global function definition for ‘lines’
    plot.GP: no visible global function definition for ‘legend’
    Undefined global functions or variables:
     kmeans legend lines matplot optim
    Consider adding
     importFrom("graphics", "legend", "lines", "matplot")
     importFrom("stats", "kmeans", "optim")
    to your NAMESPACE file.
Flavors: r-devel-linux-x86_64-debian-clang, r-devel-linux-x86_64-debian-gcc, r-devel-linux-x86_64-fedora-clang, r-devel-linux-x86_64-fedora-gcc, r-devel-windows-ix86+x86_64, r-patched-linux-x86_64, r-patched-solaris-sparc, r-patched-solaris-x86, r-release-linux-x86_64, r-release-windows-ix86+x86_64, r-release-osx-x86_64, r-oldrel-windows-ix86+x86_64, r-oldrel-osx-x86_64