CRAN Package Check Results for Package GPfit

Last updated on 2016-07-23 16:46:52.

Flavor Version Tinstall Tcheck Ttotal Status Flags
r-devel-linux-x86_64-debian-clang 1.0-0 0.80 24.75 25.55 NOTE
r-devel-linux-x86_64-debian-gcc 1.0-0 0.91 23.04 23.95 NOTE
r-devel-linux-x86_64-fedora-clang 1.0-0 37.87 NOTE
r-devel-linux-x86_64-fedora-gcc 1.0-0 37.10 NOTE
r-devel-osx-x86_64-clang 1.0-0 31.65 NOTE
r-devel-windows-ix86+x86_64 1.0-0 4.00 56.00 60.00 NOTE
r-patched-linux-x86_64 1.0-0 0.72 25.66 26.38 NOTE
r-patched-solaris-sparc 1.0-0 263.70 NOTE
r-patched-solaris-x86 1.0-0 51.50 NOTE
r-release-linux-x86_64 1.0-0 0.70 23.91 24.61 NOTE
r-release-osx-x86_64-mavericks 1.0-0 NOTE
r-release-windows-ix86+x86_64 1.0-0 2.00 67.00 69.00 NOTE
r-oldrel-windows-ix86+x86_64 1.0-0 5.00 42.00 47.00 OK

Check Details

Version: 1.0-0
Check: R code for possible problems
Result: NOTE
    GP_fit: no visible global function definition for ‘kmeans’
    GP_fit: no visible global function definition for ‘optim’
    plot.GP: no visible global function definition for ‘matplot’
    plot.GP: no visible global function definition for ‘lines’
    plot.GP: no visible global function definition for ‘legend’
    Undefined global functions or variables:
     kmeans legend lines matplot optim
    Consider adding
     importFrom("graphics", "legend", "lines", "matplot")
     importFrom("stats", "kmeans", "optim")
    to your NAMESPACE file.
Flavors: r-devel-linux-x86_64-debian-clang, r-devel-linux-x86_64-debian-gcc, r-devel-linux-x86_64-fedora-clang, r-devel-linux-x86_64-fedora-gcc, r-devel-osx-x86_64-clang, r-devel-windows-ix86+x86_64, r-patched-linux-x86_64, r-patched-solaris-sparc, r-patched-solaris-x86, r-release-linux-x86_64, r-release-osx-x86_64-mavericks, r-release-windows-ix86+x86_64