CRAN Package Check Results for Package GPfit

Last updated on 2017-10-22 20:47:15.

Flavor Version Tinstall Tcheck Ttotal Status Flags
r-devel-linux-x86_64-debian-clang 1.0-0 0.81 27.76 28.56 NOTE
r-devel-linux-x86_64-debian-gcc 1.0-0 0.76 27.36 28.12 NOTE
r-devel-linux-x86_64-fedora-clang 1.0-0 44.09 NOTE
r-devel-linux-x86_64-fedora-gcc 1.0-0 43.21 NOTE
r-devel-windows-ix86+x86_64 1.0-0 3.00 64.00 67.00 NOTE
r-patched-linux-x86_64 1.0-0 0.79 26.82 27.61 NOTE
r-patched-solaris-x86 1.0-0 61.10 NOTE
r-release-linux-x86_64 1.0-0 0.87 26.67 27.54 NOTE
r-release-windows-ix86+x86_64 1.0-0 3.00 67.00 70.00 NOTE
r-release-osx-x86_64 1.0-0 NOTE
r-oldrel-windows-ix86+x86_64 1.0-0 2.00 57.00 59.00 NOTE
r-oldrel-osx-x86_64 1.0-0 NOTE

Check Details

Version: 1.0-0
Check: R code for possible problems
Result: NOTE
    GP_fit: no visible global function definition for ‘kmeans’
    GP_fit: no visible global function definition for ‘optim’
    plot.GP: no visible global function definition for ‘matplot’
    plot.GP: no visible global function definition for ‘lines’
    plot.GP: no visible global function definition for ‘legend’
    Undefined global functions or variables:
     kmeans legend lines matplot optim
    Consider adding
     importFrom("graphics", "legend", "lines", "matplot")
     importFrom("stats", "kmeans", "optim")
    to your NAMESPACE file.
Flavors: r-devel-linux-x86_64-debian-clang, r-devel-linux-x86_64-debian-gcc, r-devel-linux-x86_64-fedora-clang, r-devel-linux-x86_64-fedora-gcc, r-devel-windows-ix86+x86_64, r-patched-linux-x86_64, r-patched-solaris-x86, r-release-linux-x86_64, r-release-windows-ix86+x86_64, r-release-osx-x86_64, r-oldrel-windows-ix86+x86_64, r-oldrel-osx-x86_64