CRAN Package Check Results for Package GPfit

Last updated on 2018-10-19 23:56:42 CEST.

Flavor Version Tinstall Tcheck Ttotal Status Flags
r-devel-linux-x86_64-debian-clang 1.0-0 1.57 35.64 37.21 NOTE
r-devel-linux-x86_64-debian-gcc 1.0-0 1.19 28.22 29.41 NOTE
r-devel-linux-x86_64-fedora-clang 1.0-0 45.18 NOTE
r-devel-linux-x86_64-fedora-gcc 1.0-0 43.49 NOTE
r-devel-windows-ix86+x86_64 1.0-0 5.00 69.00 74.00 NOTE
r-patched-linux-x86_64 1.0-0 1.31 33.98 35.29 NOTE
r-patched-solaris-x86 1.0-0 66.10 NOTE
r-release-linux-x86_64 1.0-0 1.16 34.33 35.49 NOTE
r-release-windows-ix86+x86_64 1.0-0 3.00 61.00 64.00 NOTE
r-release-osx-x86_64 1.0-0 NOTE
r-oldrel-windows-ix86+x86_64 1.0-0 3.00 66.00 69.00 NOTE
r-oldrel-osx-x86_64 1.0-0 NOTE

Check Details

Version: 1.0-0
Check: R code for possible problems
Result: NOTE
    GP_fit: no visible global function definition for ‘kmeans’
    GP_fit: no visible global function definition for ‘optim’
    plot.GP: no visible global function definition for ‘matplot’
    plot.GP: no visible global function definition for ‘lines’
    plot.GP: no visible global function definition for ‘legend’
    Undefined global functions or variables:
     kmeans legend lines matplot optim
    Consider adding
     importFrom("graphics", "legend", "lines", "matplot")
     importFrom("stats", "kmeans", "optim")
    to your NAMESPACE file.
Flavors: r-devel-linux-x86_64-debian-clang, r-devel-linux-x86_64-debian-gcc, r-devel-linux-x86_64-fedora-clang, r-devel-linux-x86_64-fedora-gcc, r-devel-windows-ix86+x86_64, r-patched-linux-x86_64, r-patched-solaris-x86, r-release-linux-x86_64, r-release-windows-ix86+x86_64, r-release-osx-x86_64, r-oldrel-windows-ix86+x86_64, r-oldrel-osx-x86_64