CRAN Package Check Results for Package GPfit

Last updated on 2016-05-28 11:49:13.

Flavor Version Tinstall Tcheck Ttotal Status Flags
r-devel-linux-x86_64-debian-gcc 1.0-0 0.66 20.02 20.68 NOTE
r-devel-linux-x86_64-fedora-clang 1.0-0 37.76 NOTE
r-devel-linux-x86_64-fedora-gcc 1.0-0 38.47 NOTE
r-devel-osx-x86_64-clang 1.0-0 41.41 NOTE
r-devel-windows-ix86+x86_64 1.0-0 3.00 38.00 41.00 NOTE
r-patched-linux-x86_64 1.0-0 0.66 20.47 21.13 NOTE
r-patched-solaris-sparc 1.0-0 263.60 NOTE
r-patched-solaris-x86 1.0-0 52.10 NOTE
r-release-linux-x86_64 1.0-0 0.61 20.27 20.88 NOTE
r-release-osx-x86_64-mavericks 1.0-0 NOTE
r-release-windows-ix86+x86_64 1.0-0 3.00 46.00 49.00 NOTE
r-oldrel-windows-ix86+x86_64 1.0-0 2.00 63.00 65.00 OK

Check Details

Version: 1.0-0
Check: R code for possible problems
Result: NOTE
    GP_fit: no visible global function definition for ‘kmeans’
    GP_fit: no visible global function definition for ‘optim’
    plot.GP: no visible global function definition for ‘matplot’
    plot.GP: no visible global function definition for ‘lines’
    plot.GP: no visible global function definition for ‘legend’
    Undefined global functions or variables:
     kmeans legend lines matplot optim
    Consider adding
     importFrom("graphics", "legend", "lines", "matplot")
     importFrom("stats", "kmeans", "optim")
    to your NAMESPACE file.
Flavors: r-devel-linux-x86_64-debian-gcc, r-devel-linux-x86_64-fedora-clang, r-devel-linux-x86_64-fedora-gcc, r-devel-osx-x86_64-clang, r-devel-windows-ix86+x86_64, r-patched-linux-x86_64, r-patched-solaris-sparc, r-patched-solaris-x86, r-release-linux-x86_64, r-release-osx-x86_64-mavericks, r-release-windows-ix86+x86_64