CRAN Package Check Results for Package GPfit

Last updated on 2015-07-07 23:47:47.

Flavor Version Tinstall Tcheck Ttotal Status Flags
r-devel-linux-x86_64-debian-clang 1.0-0 0.63 20.29 20.92 NOTE
r-devel-linux-x86_64-debian-gcc 1.0-0 0.61 20.27 20.88 NOTE
r-devel-linux-x86_64-fedora-clang 1.0-0 40.95 NOTE
r-devel-linux-x86_64-fedora-gcc 1.0-0 39.32 NOTE
r-devel-osx-x86_64-clang 1.0-0 37.73 OK
r-devel-windows-ix86+x86_64 1.0-0 6.00 32.00 38.00 NOTE
r-patched-linux-x86_64 1.0-0 0.62 20.92 21.54 OK
r-patched-solaris-sparc 1.0-0 296.10 OK
r-patched-solaris-x86 1.0-0 55.90 OK
r-release-linux-x86_64 1.0-0 0.63 20.42 21.05 OK
r-release-osx-x86_64-mavericks 1.0-0 OK
r-release-windows-ix86+x86_64 1.0-0 4.00 37.00 41.00 OK
r-oldrel-windows-ix86+x86_64 1.0-0 3.00 55.00 58.00 OK

Check Details

Version: 1.0-0
Check: R code for possible problems
Result: NOTE
    GP_fit: no visible global function definition for ‘kmeans’
    GP_fit: no visible global function definition for ‘optim’
    plot.GP: no visible global function definition for ‘matplot’
    plot.GP: no visible global function definition for ‘lines’
    plot.GP: no visible global function definition for ‘legend’
    Undefined global functions or variables:
     kmeans legend lines matplot optim
Flavors: r-devel-linux-x86_64-debian-clang, r-devel-linux-x86_64-debian-gcc, r-devel-linux-x86_64-fedora-clang, r-devel-linux-x86_64-fedora-gcc, r-devel-windows-ix86+x86_64