CRAN Package Check Results for Package GPfit

Last updated on 2016-09-25 23:46:50.

Flavor Version Tinstall Tcheck Ttotal Status Flags
r-devel-linux-x86_64-debian-clang 1.0-0 0.71 20.62 21.33 NOTE
r-devel-linux-x86_64-debian-gcc 1.0-0 0.72 20.03 20.75 NOTE
r-devel-linux-x86_64-fedora-clang 1.0-0 38.00 NOTE
r-devel-linux-x86_64-fedora-gcc 1.0-0 36.11 NOTE
r-devel-macos-x86_64-clang 1.0-0 31.44 NOTE
r-devel-windows-ix86+x86_64 1.0-0 5.00 38.00 43.00 NOTE
r-patched-linux-x86_64 1.0-0 0.64 20.86 21.50 NOTE
r-patched-solaris-sparc 1.0-0 263.70 NOTE
r-patched-solaris-x86 1.0-0 51.20 NOTE
r-release-linux-x86_64 1.0-0 0.64 20.89 21.54 NOTE
r-release-osx-x86_64-mavericks 1.0-0 NOTE
r-release-windows-ix86+x86_64 1.0-0 8.00 61.00 69.00 NOTE
r-oldrel-windows-ix86+x86_64 1.0-0 5.00 53.00 58.00 OK

Check Details

Version: 1.0-0
Check: R code for possible problems
Result: NOTE
    GP_fit: no visible global function definition for ‘kmeans’
    GP_fit: no visible global function definition for ‘optim’
    plot.GP: no visible global function definition for ‘matplot’
    plot.GP: no visible global function definition for ‘lines’
    plot.GP: no visible global function definition for ‘legend’
    Undefined global functions or variables:
     kmeans legend lines matplot optim
    Consider adding
     importFrom("graphics", "legend", "lines", "matplot")
     importFrom("stats", "kmeans", "optim")
    to your NAMESPACE file.
Flavors: r-devel-linux-x86_64-debian-clang, r-devel-linux-x86_64-debian-gcc, r-devel-linux-x86_64-fedora-clang, r-devel-linux-x86_64-fedora-gcc, r-devel-macos-x86_64-clang, r-devel-windows-ix86+x86_64, r-patched-linux-x86_64, r-patched-solaris-sparc, r-patched-solaris-x86, r-release-linux-x86_64, r-release-osx-x86_64-mavericks, r-release-windows-ix86+x86_64