CRAN Package Check Results for Package GPfit

Last updated on 2014-04-20 03:47:28.

Flavor Version Tinstall Tcheck Ttotal Status Flags
r-devel-linux-x86_64-debian-clang 0.1-0 0.75 22.69 23.44 NOTE
r-devel-linux-x86_64-debian-gcc 0.1-0 1.11 22.95 24.06 NOTE
r-devel-linux-x86_64-fedora-clang 0.1-0 46.90 NOTE
r-devel-linux-x86_64-fedora-gcc 0.1-0 45.40 NOTE
r-devel-macosx-x86_64-clang 0.1-0 42.56 NOTE
r-devel-macosx-x86_64-gcc 0.1-0 NOTE
r-devel-windows-ix86+x86_64 0.1-0 3.00 37.00 40.00 NOTE
r-patched-linux-x86_64 0.1-0 0.76 22.75 23.52 NOTE
r-patched-solaris-sparc 0.1-0 274.00 NOTE
r-patched-solaris-x86 0.1-0 58.50 NOTE
r-release-linux-ix86 NOTE
r-release-linux-x86_64 0.1-0 0.71 22.68 23.39 NOTE
r-release-macosx-x86_64 0.1-0 OK
r-release-windows-ix86+x86_64 0.1-0 4.00 37.00 41.00 NOTE
r-oldrel-windows-ix86+x86_64 0.1-0 3.00 39.00 42.00 NOTE

Check Details

Version: 0.1-0
Check: dependencies in R code
Result: NOTE
    Packages in Depends field not imported from:
     ‘lattice’ ‘lhs’
     These packages need to be imported from (in the NAMESPACE file)
     for when this namespace is loaded but not attached.
    See the information on DESCRIPTION files in the chapter ‘Creating R
    packages’ of the ‘Writing R Extensions’ manual.
Flavors: r-devel-linux-x86_64-debian-clang, r-devel-linux-x86_64-debian-gcc, r-devel-linux-x86_64-fedora-clang, r-devel-linux-x86_64-fedora-gcc, r-devel-macosx-x86_64-clang, r-devel-macosx-x86_64-gcc, r-devel-windows-ix86+x86_64, r-patched-linux-x86_64, r-patched-solaris-sparc, r-patched-solaris-x86, r-release-linux-ix86, r-release-linux-x86_64, r-release-windows-ix86+x86_64, r-oldrel-windows-ix86+x86_64