CRAN Package Check Results for Package GPfit

Last updated on 2015-08-04 14:48:02.

Flavor Version Tinstall Tcheck Ttotal Status Flags
r-devel-linux-x86_64-debian-clang 1.0-0 0.69 21.54 22.23 NOTE
r-devel-linux-x86_64-debian-gcc 1.0-0 0.60 19.70 20.30 NOTE
r-devel-linux-x86_64-fedora-clang 1.0-0 42.10 NOTE
r-devel-linux-x86_64-fedora-gcc 1.0-0 38.99 NOTE
r-devel-osx-x86_64-clang 1.0-0 37.53 OK
r-devel-windows-ix86+x86_64 1.0-0 4.00 50.00 54.00 NOTE
r-patched-linux-x86_64 1.0-0 0.63 21.16 21.78 OK
r-patched-solaris-sparc 1.0-0 291.30 OK
r-patched-solaris-x86 1.0-0 55.90 OK
r-release-linux-x86_64 1.0-0 0.76 22.84 23.60 OK
r-release-osx-x86_64-mavericks 1.0-0 OK
r-release-windows-ix86+x86_64 1.0-0 4.00 51.00 55.00 OK
r-oldrel-windows-ix86+x86_64 1.0-0 6.00 40.00 46.00 OK

Check Details

Version: 1.0-0
Check: R code for possible problems
Result: NOTE
    GP_fit: no visible global function definition for ‘kmeans’
    GP_fit: no visible global function definition for ‘optim’
    plot.GP: no visible global function definition for ‘matplot’
    plot.GP: no visible global function definition for ‘lines’
    plot.GP: no visible global function definition for ‘legend’
    Undefined global functions or variables:
     kmeans legend lines matplot optim
    Consider adding
     importFrom("graphics", "legend", "lines", "matplot")
     importFrom("stats", "kmeans", "optim")
    to your NAMESPACE.
Flavors: r-devel-linux-x86_64-debian-clang, r-devel-linux-x86_64-debian-gcc, r-devel-linux-x86_64-fedora-clang, r-devel-linux-x86_64-fedora-gcc, r-devel-windows-ix86+x86_64