CRAN Package Check Results for Package GPfit

Last updated on 2016-12-09 09:52:28.

Flavor Version Tinstall Tcheck Ttotal Status Flags
r-devel-linux-x86_64-debian-clang 1.0-0 0.87 26.14 27.01 NOTE
r-devel-linux-x86_64-debian-gcc 1.0-0 0.84 25.75 26.59 NOTE
r-devel-linux-x86_64-fedora-clang 1.0-0 43.62 NOTE --no-stop-on-test-error
r-devel-linux-x86_64-fedora-gcc 1.0-0 41.18 NOTE --no-stop-on-test-error
r-devel-macos-x86_64-clang 1.0-0 34.55 NOTE
r-devel-windows-ix86+x86_64 1.0-0 4.00 68.00 72.00 NOTE
r-patched-linux-x86_64 1.0-0 0.62 20.71 21.32 NOTE
r-patched-solaris-sparc 1.0-0 263.70 NOTE
r-patched-solaris-x86 1.0-0 51.40 NOTE
r-release-linux-x86_64 1.0-0 0.64 21.05 21.69 NOTE
r-release-osx-x86_64-mavericks 1.0-0 NOTE
r-release-windows-ix86+x86_64 1.0-0 2.00 68.00 70.00 NOTE
r-oldrel-windows-ix86+x86_64 1.0-0 4.00 41.00 45.00 OK

Check Details

Version: 1.0-0
Check: R code for possible problems
Result: NOTE
    GP_fit: no visible global function definition for ‘kmeans’
    GP_fit: no visible global function definition for ‘optim’
    plot.GP: no visible global function definition for ‘matplot’
    plot.GP: no visible global function definition for ‘lines’
    plot.GP: no visible global function definition for ‘legend’
    Undefined global functions or variables:
     kmeans legend lines matplot optim
    Consider adding
     importFrom("graphics", "legend", "lines", "matplot")
     importFrom("stats", "kmeans", "optim")
    to your NAMESPACE file.
Flavors: r-devel-linux-x86_64-debian-clang, r-devel-linux-x86_64-debian-gcc, r-devel-macos-x86_64-clang, r-devel-windows-ix86+x86_64, r-patched-linux-x86_64, r-patched-solaris-sparc, r-patched-solaris-x86, r-release-linux-x86_64, r-release-osx-x86_64-mavericks, r-release-windows-ix86+x86_64

Version: 1.0-0
Flags: --no-stop-on-test-error
Check: R code for possible problems
Result: NOTE
    GP_fit: no visible global function definition for ‘kmeans’
    GP_fit: no visible global function definition for ‘optim’
    plot.GP: no visible global function definition for ‘matplot’
    plot.GP: no visible global function definition for ‘lines’
    plot.GP: no visible global function definition for ‘legend’
    Undefined global functions or variables:
     kmeans legend lines matplot optim
    Consider adding
     importFrom("graphics", "legend", "lines", "matplot")
     importFrom("stats", "kmeans", "optim")
    to your NAMESPACE file.
Flavors: r-devel-linux-x86_64-fedora-clang, r-devel-linux-x86_64-fedora-gcc