CRAN Package Check Results for Package GPfit

Last updated on 2017-01-23 23:52:56.

Flavor Version Tinstall Tcheck Ttotal Status Flags
r-devel-linux-x86_64-debian-clang 1.0-0 0.81 25.90 26.71 NOTE
r-devel-linux-x86_64-debian-gcc 1.0-0 0.90 25.42 26.32 NOTE
r-devel-linux-x86_64-fedora-clang 1.0-0 42.17 NOTE --no-stop-on-test-error
r-devel-linux-x86_64-fedora-gcc 1.0-0 40.12 NOTE --no-stop-on-test-error
r-devel-macos-x86_64-clang 1.0-0 33.94 NOTE --no-stop-on-test-error
r-devel-windows-ix86+x86_64 1.0-0 3.00 55.00 58.00 NOTE
r-patched-linux-x86_64 1.0-0 0.67 20.86 21.53 NOTE
r-patched-solaris-sparc 1.0-0 265.80 NOTE
r-patched-solaris-x86 1.0-0 50.30 NOTE
r-release-linux-x86_64 1.0-0 0.62 20.85 21.48 NOTE
r-release-osx-x86_64-mavericks 1.0-0 NOTE
r-release-windows-ix86+x86_64 1.0-0 7.00 45.00 52.00 NOTE
r-oldrel-windows-ix86+x86_64 1.0-0 8.00 56.00 64.00 OK

Check Details

Version: 1.0-0
Check: R code for possible problems
Result: NOTE
    GP_fit: no visible global function definition for ‘kmeans’
    GP_fit: no visible global function definition for ‘optim’
    plot.GP: no visible global function definition for ‘matplot’
    plot.GP: no visible global function definition for ‘lines’
    plot.GP: no visible global function definition for ‘legend’
    Undefined global functions or variables:
     kmeans legend lines matplot optim
    Consider adding
     importFrom("graphics", "legend", "lines", "matplot")
     importFrom("stats", "kmeans", "optim")
    to your NAMESPACE file.
Flavors: r-devel-linux-x86_64-debian-clang, r-devel-linux-x86_64-debian-gcc, r-devel-windows-ix86+x86_64, r-patched-linux-x86_64, r-patched-solaris-sparc, r-patched-solaris-x86, r-release-linux-x86_64, r-release-osx-x86_64-mavericks, r-release-windows-ix86+x86_64

Version: 1.0-0
Flags: --no-stop-on-test-error
Check: R code for possible problems
Result: NOTE
    GP_fit: no visible global function definition for ‘kmeans’
    GP_fit: no visible global function definition for ‘optim’
    plot.GP: no visible global function definition for ‘matplot’
    plot.GP: no visible global function definition for ‘lines’
    plot.GP: no visible global function definition for ‘legend’
    Undefined global functions or variables:
     kmeans legend lines matplot optim
    Consider adding
     importFrom("graphics", "legend", "lines", "matplot")
     importFrom("stats", "kmeans", "optim")
    to your NAMESPACE file.
Flavors: r-devel-linux-x86_64-fedora-clang, r-devel-linux-x86_64-fedora-gcc, r-devel-macos-x86_64-clang