CRAN Package Check Results for Package GPfit

Last updated on 2015-02-01 05:47:54.

Flavor Version Tinstall Tcheck Ttotal Status Flags
r-devel-linux-x86_64-debian-clang 0.2-1 0.66 21.12 21.78 NOTE
r-devel-linux-x86_64-debian-gcc 0.2-1 0.65 20.00 20.65 NOTE
r-devel-linux-x86_64-fedora-clang 0.2-1 46.79 NOTE
r-devel-linux-x86_64-fedora-gcc 0.2-1 40.41 NOTE
r-devel-osx-x86_64-clang 0.2-1 43.58 NOTE
r-devel-windows-ix86+x86_64 0.2-1 4.00 37.00 41.00 OK
r-patched-linux-x86_64 0.2-1 0.72 23.43 24.15 OK
r-patched-solaris-sparc 0.2-1 301.70 OK
r-patched-solaris-x86 0.2-1 63.30 OK
r-release-linux-ix86 0.2-1 1.04 31.65 32.70 OK
r-release-linux-x86_64 0.2-1 0.91 23.74 24.65 OK
r-release-osx-x86_64-mavericks 0.2-1 OK
r-release-osx-x86_64-snowleopard 0.2-1 OK
r-release-windows-ix86+x86_64 0.2-1 3.00 42.00 45.00 OK
r-oldrel-windows-ix86+x86_64 0.2-1 4.00 37.00 41.00 OK

Check Details

Version: 0.2-1
Check: S3 generic/method consistency
Result: NOTE
    Found the following apparent S3 methods exported but not registered:
     print.GP summary.GP plot.GP predict.GP
    See section ‘Registering S3 methods’ in the ‘Writing R Extensions’
    manual.
Flavors: r-devel-linux-x86_64-debian-clang, r-devel-linux-x86_64-debian-gcc, r-devel-linux-x86_64-fedora-clang, r-devel-linux-x86_64-fedora-gcc, r-devel-osx-x86_64-clang