CRAN Package Check Results for Package GPfit

Last updated on 2018-07-19 18:49:20 CEST.

Flavor Version Tinstall Tcheck Ttotal Status Flags
r-devel-linux-x86_64-debian-clang 1.0-0 1.25 32.58 33.83 NOTE
r-devel-linux-x86_64-debian-gcc 1.0-0 1.44 27.58 29.02 NOTE
r-devel-linux-x86_64-fedora-clang 1.0-0 44.72 NOTE
r-devel-linux-x86_64-fedora-gcc 1.0-0 44.43 NOTE
r-devel-windows-ix86+x86_64 1.0-0 4.00 67.00 71.00 NOTE
r-patched-linux-x86_64 1.0-0 1.41 34.50 35.91 NOTE
r-patched-solaris-x86 1.0-0 66.00 NOTE
r-release-linux-x86_64 1.0-0 1.73 34.33 36.06 NOTE
r-release-windows-ix86+x86_64 1.0-0 5.00 48.00 53.00 NOTE
r-release-osx-x86_64 1.0-0 NOTE
r-oldrel-windows-ix86+x86_64 1.0-0 6.00 52.00 58.00 NOTE
r-oldrel-osx-x86_64 1.0-0 NOTE

Check Details

Version: 1.0-0
Check: R code for possible problems
Result: NOTE
    GP_fit: no visible global function definition for ‘kmeans’
    GP_fit: no visible global function definition for ‘optim’
    plot.GP: no visible global function definition for ‘matplot’
    plot.GP: no visible global function definition for ‘lines’
    plot.GP: no visible global function definition for ‘legend’
    Undefined global functions or variables:
     kmeans legend lines matplot optim
    Consider adding
     importFrom("graphics", "legend", "lines", "matplot")
     importFrom("stats", "kmeans", "optim")
    to your NAMESPACE file.
Flavors: r-devel-linux-x86_64-debian-clang, r-devel-linux-x86_64-debian-gcc, r-devel-linux-x86_64-fedora-clang, r-devel-linux-x86_64-fedora-gcc, r-devel-windows-ix86+x86_64, r-patched-linux-x86_64, r-patched-solaris-x86, r-release-linux-x86_64, r-release-windows-ix86+x86_64, r-release-osx-x86_64, r-oldrel-windows-ix86+x86_64, r-oldrel-osx-x86_64