CRAN Package Check Results for Package GPfit

Last updated on 2017-12-17 19:47:49 CET.

Flavor Version Tinstall Tcheck Ttotal Status Flags
r-devel-linux-x86_64-debian-clang 1.0-0 1.01 42.83 43.84 NOTE
r-devel-linux-x86_64-debian-gcc 1.0-0 0.84 33.01 33.85 NOTE
r-devel-linux-x86_64-fedora-clang 1.0-0 42.29 NOTE
r-devel-linux-x86_64-fedora-gcc 1.0-0 38.98 NOTE
r-devel-windows-ix86+x86_64 1.0-0 3.00 46.00 49.00 NOTE
r-patched-linux-x86_64 1.0-0 0.91 40.73 41.64 NOTE
r-patched-solaris-x86 1.0-0 60.00 NOTE
r-release-linux-x86_64 1.0-0 1.09 40.13 41.22 NOTE
r-release-windows-ix86+x86_64 1.0-0 3.00 78.00 81.00 NOTE
r-release-osx-x86_64 1.0-0 NOTE
r-oldrel-windows-ix86+x86_64 1.0-0 5.00 58.00 63.00 NOTE
r-oldrel-osx-x86_64 1.0-0 NOTE

Check Details

Version: 1.0-0
Check: R code for possible problems
Result: NOTE
    GP_fit: no visible global function definition for ‘kmeans’
    GP_fit: no visible global function definition for ‘optim’
    plot.GP: no visible global function definition for ‘matplot’
    plot.GP: no visible global function definition for ‘lines’
    plot.GP: no visible global function definition for ‘legend’
    Undefined global functions or variables:
     kmeans legend lines matplot optim
    Consider adding
     importFrom("graphics", "legend", "lines", "matplot")
     importFrom("stats", "kmeans", "optim")
    to your NAMESPACE file.
Flavors: r-devel-linux-x86_64-debian-clang, r-devel-linux-x86_64-debian-gcc, r-devel-linux-x86_64-fedora-clang, r-devel-linux-x86_64-fedora-gcc, r-devel-windows-ix86+x86_64, r-patched-linux-x86_64, r-patched-solaris-x86, r-release-linux-x86_64, r-release-windows-ix86+x86_64, r-release-osx-x86_64, r-oldrel-windows-ix86+x86_64, r-oldrel-osx-x86_64