CRAN Package Check Results for Package GPfit

Last updated on 2015-03-06 14:46:57.

Flavor Version Tinstall Tcheck Ttotal Status Flags
r-devel-linux-x86_64-debian-clang 0.2-1 0.77 20.88 21.65 NOTE
r-devel-linux-x86_64-debian-gcc 0.2-1 0.62 20.61 21.24 NOTE
r-devel-linux-x86_64-fedora-clang 0.2-1 42.08 NOTE
r-devel-linux-x86_64-fedora-gcc 0.2-1 39.88 NOTE
r-devel-osx-x86_64-clang 0.2-1 41.06 NOTE
r-devel-windows-ix86+x86_64 0.2-1 3.00 34.00 37.00 OK
r-patched-linux-x86_64 0.2-1 0.70 23.74 24.43 OK
r-patched-solaris-sparc 0.2-1 318.90 OK
r-patched-solaris-x86 0.2-1 64.30 OK
r-release-linux-ix86 0.2-1 1.13 31.53 32.66 OK
r-release-linux-x86_64 0.2-1 0.69 23.36 24.06 OK
r-release-osx-x86_64-mavericks 0.2-1 OK
r-release-osx-x86_64-snowleopard 0.2-1 OK
r-release-windows-ix86+x86_64 0.2-1 4.00 38.00 42.00 OK
r-oldrel-windows-ix86+x86_64 0.2-1 3.00 55.00 58.00 OK

Check Details

Version: 0.2-1
Check: S3 generic/method consistency
Result: NOTE
    Found the following apparent S3 methods exported but not registered:
     plot.GP predict.GP print.GP summary.GP
    See section ‘Registering S3 methods’ in the ‘Writing R Extensions’
    manual.
Flavors: r-devel-linux-x86_64-debian-clang, r-devel-linux-x86_64-debian-gcc, r-devel-linux-x86_64-fedora-clang, r-devel-linux-x86_64-fedora-gcc, r-devel-osx-x86_64-clang