CRAN Package Check Results for Package GPrank

Last updated on 2019-06-20 13:46:49 CEST.

Flavor Version Tinstall Tcheck Ttotal Status Flags
r-devel-linux-x86_64-debian-clang 0.1.4 9.44 101.27 110.71 NOTE
r-devel-linux-x86_64-debian-gcc 0.1.4 8.73 80.34 89.07 NOTE
r-devel-linux-x86_64-fedora-clang 0.1.4 131.60 NOTE
r-devel-linux-x86_64-fedora-gcc 0.1.4 128.10 NOTE
r-devel-windows-ix86+x86_64 0.1.4 25.00 118.00 143.00 OK
r-patched-linux-x86_64 0.1.4 7.99 99.14 107.13 OK
r-patched-solaris-x86 0.1.4 195.00 OK
r-release-linux-x86_64 0.1.4 10.33 100.19 110.52 OK
r-release-windows-ix86+x86_64 0.1.4 24.00 152.00 176.00 OK
r-release-osx-x86_64 0.1.4 OK
r-oldrel-windows-ix86+x86_64 0.1.4 10.00 146.00 156.00 OK
r-oldrel-osx-x86_64 0.1.4 OK

Check Details

Version: 0.1.4
Check: for non-standard things in the check directory
Result: NOTE
    Found the following files/directories:
     'geneA_GPprofile.pdf' 'geneA_abstr.png' 'geneA_gene.png'
     'geneA_reltr.png' 'geneB_abstr.png' 'geneB_gene.png'
     'geneB_reltr.png' 'geneC_abstr.png' 'geneC_gene.png'
     'geneC_reltr.png' 'testdb.sqlite'
Flavors: r-devel-linux-x86_64-debian-clang, r-devel-linux-x86_64-debian-gcc, r-devel-linux-x86_64-fedora-clang, r-devel-linux-x86_64-fedora-gcc