CRAN Package Check Results for Package GPrank

Last updated on 2019-09-23 11:48:19 CEST.

Flavor Version Tinstall Tcheck Ttotal Status Flags
r-devel-linux-x86_64-debian-clang 0.1.4 9.03 106.18 115.21 NOTE
r-devel-linux-x86_64-debian-gcc 0.1.4 8.38 83.11 91.49 NOTE
r-devel-linux-x86_64-fedora-clang 0.1.4 139.39 NOTE
r-devel-linux-x86_64-fedora-gcc 0.1.4 141.63 NOTE
r-devel-windows-ix86+x86_64 0.1.4 34.00 162.00 196.00 OK
r-patched-linux-x86_64 0.1.4 7.98 100.51 108.49 OK
r-patched-solaris-x86 0.1.4 195.70 OK
r-release-linux-x86_64 0.1.4 8.21 102.70 110.91 OK
r-release-windows-ix86+x86_64 0.1.4 27.00 144.00 171.00 OK
r-release-osx-x86_64 0.1.4 OK
r-oldrel-windows-ix86+x86_64 0.1.4 12.00 106.00 118.00 OK
r-oldrel-osx-x86_64 0.1.4 OK

Check Details

Version: 0.1.4
Check: for non-standard things in the check directory
Result: NOTE
    Found the following files/directories:
     'geneA_GPprofile.pdf' 'geneA_abstr.png' 'geneA_gene.png'
     'geneA_reltr.png' 'geneB_abstr.png' 'geneB_gene.png'
     'geneB_reltr.png' 'geneC_abstr.png' 'geneC_gene.png'
     'geneC_reltr.png' 'testdb.sqlite'
Flavors: r-devel-linux-x86_64-debian-clang, r-devel-linux-x86_64-debian-gcc, r-devel-linux-x86_64-fedora-clang, r-devel-linux-x86_64-fedora-gcc