CRAN Package Check Results for Package GPvam

Last updated on 2014-04-24 09:49:02.

Flavor Version Tinstall Tcheck Ttotal Status Flags
r-devel-linux-x86_64-debian-clang 3.0-1 12.74 51.86 64.60 OK
r-devel-linux-x86_64-debian-gcc 3.0-1 13.20 52.46 65.66 OK
r-devel-linux-x86_64-fedora-clang 3.0-1 144.74 OK
r-devel-linux-x86_64-fedora-gcc 3.0-1 139.85 OK
r-devel-osx-x86_64-clang 3.0-1 114.15 OK
r-devel-osx-x86_64-gcc 3.0-1 OK
r-devel-windows-ix86+x86_64 3.0-1 39.00 95.00 134.00 OK
r-patched-linux-x86_64 3.0-1 13.56 51.30 64.86 OK
r-patched-solaris-sparc 3.0-1 763.40 OK
r-patched-solaris-x86 3.0-1 177.50 OK
r-release-linux-ix86 3.0-1 20.00 81.00 101.00 OK
r-release-linux-x86_64 3.0-1 13.33 51.54 64.87 OK
r-release-osx-x86_64-mavericks 3.0-1 WARN
r-release-osx-x86_64-snowleopard 3.0-1 OK
r-release-windows-ix86+x86_64 3.0-1 35.00 96.00 131.00 OK
r-oldrel-windows-ix86+x86_64 3.0-1 38.00 94.00 132.00 OK

Check Details

Version: 3.0-1
Check: PDF version of manual
Result: WARNING
    LaTeX errors when creating PDF version.
    This typically indicates Rd problems.
    LaTeX errors found:
    ! LaTeX Error: File `upquote.sty' not found.
    
    Type X to quit or <RETURN> to proceed,
    or enter new name. (Default extension: sty)
    
    2a455e96/Rd2.tex:8: ==> Fatal error occurred, no output PDF file produced!
Flavor: r-release-osx-x86_64-mavericks