CRAN Package Check Results for Package GPvam

Last updated on 2015-03-29 04:50:20.

Flavor Version Tinstall Tcheck Ttotal Status Flags
r-devel-linux-x86_64-debian-clang 3.0-2 11.01 41.79 52.80 NOTE
r-devel-linux-x86_64-debian-gcc 3.0-2 11.51 40.34 51.85 NOTE
r-devel-linux-x86_64-fedora-clang 3.0-2 115.68 NOTE
r-devel-linux-x86_64-fedora-gcc 3.0-2 102.98 NOTE
r-devel-osx-x86_64-clang 3.0-2 98.35 NOTE
r-prerel-windows-ix86+x86_64 3.0-2 47.00 81.00 128.00 NOTE
r-prerel-linux-x86_64 3.0-2 11.82 41.28 53.10 NOTE
r-prerel-solaris-sparc 3.0-2 626.40 NOTE
r-prerel-solaris-x86 3.0-2 134.90 NOTE
r-release-linux-x86_64 3.0-2 13.00 50.01 63.01 OK
r-release-osx-x86_64-mavericks 3.0-2 OK
r-release-osx-x86_64-snowleopard 3.0-2 OK
r-release-windows-ix86+x86_64 3.0-2 39.00 102.00 141.00 OK
r-oldrel-windows-ix86+x86_64 3.0-2 38.00 101.00 139.00 OK

Check Details

Version: 3.0-2
Check: DESCRIPTION meta-information
Result: NOTE
    Malformed Description field: should contain one or more complete sentences.
Flavors: r-devel-linux-x86_64-debian-clang, r-devel-linux-x86_64-debian-gcc, r-devel-linux-x86_64-fedora-clang, r-devel-linux-x86_64-fedora-gcc, r-devel-osx-x86_64-clang, r-prerel-windows-ix86+x86_64, r-prerel-linux-x86_64, r-prerel-solaris-sparc, r-prerel-solaris-x86