CRAN Package Check Results for Package GPvam

Last updated on 2015-05-23 08:47:02.

Flavor Version Tinstall Tcheck Ttotal Status Flags
r-devel-linux-x86_64-debian-clang 3.0-2 12.25 41.60 53.86 NOTE
r-devel-linux-x86_64-debian-gcc 3.0-2 11.68 41.98 53.66 NOTE
r-devel-linux-x86_64-fedora-clang 3.0-2 107.83 NOTE
r-devel-linux-x86_64-fedora-gcc 3.0-2 104.12 NOTE
r-devel-osx-x86_64-clang 3.0-2 91.95 NOTE
r-devel-windows-ix86+x86_64 3.0-2 37.00 81.00 118.00 NOTE
r-patched-linux-x86_64 3.0-2 13.68 41.10 54.78 NOTE
r-patched-solaris-sparc 3.0-2 633.20 NOTE
r-patched-solaris-x86 3.0-2 141.00 NOTE
r-release-linux-x86_64 3.0-2 11.62 41.49 53.12 NOTE
r-release-osx-x86_64-mavericks 3.0-2 NOTE
r-release-osx-x86_64-snowleopard 3.0-2 NOTE
r-release-windows-ix86+x86_64 3.0-2 35.00 80.00 115.00 NOTE
r-oldrel-windows-ix86+x86_64 3.0-2 38.00 142.00 180.00 OK

Check Details

Version: 3.0-2
Check: DESCRIPTION meta-information
Result: NOTE
    Malformed Description field: should contain one or more complete sentences.
Flavors: r-devel-linux-x86_64-debian-clang, r-devel-linux-x86_64-debian-gcc, r-devel-linux-x86_64-fedora-clang, r-devel-linux-x86_64-fedora-gcc, r-devel-osx-x86_64-clang, r-devel-windows-ix86+x86_64, r-patched-linux-x86_64, r-patched-solaris-sparc, r-patched-solaris-x86, r-release-linux-x86_64, r-release-osx-x86_64-mavericks, r-release-osx-x86_64-snowleopard, r-release-windows-ix86+x86_64