CRAN Package Check Results for Package GPvam

Last updated on 2015-04-28 05:47:48.

Flavor Version Tinstall Tcheck Ttotal Status Flags
r-devel-linux-x86_64-debian-clang 3.0-2 11.51 42.87 54.38 NOTE
r-devel-linux-x86_64-debian-gcc 3.0-2 11.90 41.25 53.15 NOTE
r-devel-linux-x86_64-fedora-clang 3.0-2 109.71 NOTE
r-devel-linux-x86_64-fedora-gcc 3.0-2 103.48 NOTE
r-devel-osx-x86_64-clang 3.0-2 93.71 NOTE
r-devel-windows-ix86+x86_64 3.0-2 38.00 82.00 120.00 NOTE
r-patched-linux-x86_64 3.0-2 11.56 41.60 53.17 NOTE
r-patched-solaris-sparc 3.0-2 626.40 NOTE
r-patched-solaris-x86 3.0-2 140.80 NOTE
r-release-linux-x86_64 3.0-2 11.70 40.84 52.54 NOTE
r-release-osx-x86_64-mavericks 3.0-2 NOTE
r-release-osx-x86_64-snowleopard 3.0-2 NOTE
r-release-windows-ix86+x86_64 3.0-2 47.00 107.00 154.00 NOTE
r-oldrel-windows-ix86+x86_64 3.0-2 36.00 96.00 132.00 OK

Check Details

Version: 3.0-2
Check: DESCRIPTION meta-information
Result: NOTE
    Malformed Description field: should contain one or more complete sentences.
Flavors: r-devel-linux-x86_64-debian-clang, r-devel-linux-x86_64-debian-gcc, r-devel-linux-x86_64-fedora-clang, r-devel-linux-x86_64-fedora-gcc, r-devel-osx-x86_64-clang, r-devel-windows-ix86+x86_64, r-patched-solaris-sparc, r-patched-solaris-x86, r-release-linux-x86_64, r-release-osx-x86_64-mavericks, r-release-osx-x86_64-snowleopard, r-release-windows-ix86+x86_64