CRAN Package Check Results for Package GPvam

Last updated on 2016-06-28 14:48:25.

Flavor Version Tinstall Tcheck Ttotal Status Flags
r-devel-linux-x86_64-debian-gcc 3.0-3 14.27 46.57 60.84 OK
r-devel-linux-x86_64-fedora-clang 3.0-3 114.45 OK
r-devel-linux-x86_64-fedora-gcc 3.0-3 106.67 OK
r-devel-osx-x86_64-clang 3.0-3 88.53 OK
r-devel-windows-ix86+x86_64 3.0-3 54.00 103.00 157.00 OK
r-patched-linux-x86_64 3.0-3 11.57 46.62 58.19 OK
r-patched-solaris-sparc 3.0-3 674.00 NOTE
r-patched-solaris-x86 3.0-3 141.50 NOTE
r-release-linux-x86_64 3.0-3 11.81 46.29 58.10 OK
r-release-osx-x86_64-mavericks 3.0-3 OK
r-release-windows-ix86+x86_64 3.0-3 50.00 100.00 150.00 OK
r-oldrel-windows-ix86+x86_64 3.0-3 49.00 103.00 152.00 OK

Check Details

Version: 3.0-3
Check: installed package size
Result: NOTE
     installed size is 5.8Mb
     sub-directories of 1Mb or more:
     libs 5.3Mb
Flavors: r-patched-solaris-sparc, r-patched-solaris-x86