CRAN Package Check Results for Package GPvam

Last updated on 2015-07-04 16:46:25.

Flavor Version Tinstall Tcheck Ttotal Status Flags
r-devel-linux-x86_64-debian-clang 3.0-2 11.22 42.02 53.24 NOTE
r-devel-linux-x86_64-debian-gcc 3.0-2 11.96 41.34 53.30 NOTE
r-devel-linux-x86_64-fedora-clang 3.0-2 107.08 NOTE
r-devel-linux-x86_64-fedora-gcc 3.0-2 101.59 NOTE
r-devel-osx-x86_64-clang 3.0-2 89.18 NOTE
r-devel-windows-ix86+x86_64 3.0-2 46.00 83.00 129.00 NOTE
r-patched-linux-x86_64 3.0-2 11.90 40.15 52.05 NOTE
r-patched-solaris-sparc 3.0-2 633.20 NOTE
r-patched-solaris-x86 3.0-2 139.50 NOTE
r-release-linux-x86_64 3.0-2 12.00 40.75 52.75 NOTE
r-release-osx-x86_64-mavericks 3.0-2 NOTE
r-release-windows-ix86+x86_64 3.0-2 45.00 88.00 133.00 NOTE
r-oldrel-windows-ix86+x86_64 3.0-2 37.00 141.00 178.00 OK

Check Details

Version: 3.0-2
Check: DESCRIPTION meta-information
Result: NOTE
    Malformed Description field: should contain one or more complete sentences.
Flavors: r-devel-linux-x86_64-debian-clang, r-devel-linux-x86_64-debian-gcc, r-devel-linux-x86_64-fedora-clang, r-devel-linux-x86_64-fedora-gcc, r-devel-osx-x86_64-clang, r-devel-windows-ix86+x86_64, r-patched-linux-x86_64, r-patched-solaris-sparc, r-patched-solaris-x86, r-release-linux-x86_64, r-release-osx-x86_64-mavericks, r-release-windows-ix86+x86_64

Version: 3.0-2
Check: R code for possible problems
Result: NOTE
    GP.csh : ltriangle: no visible global function definition for ‘as’
    GP.csh : update.eta: no visible global function definition for ‘dnorm’
    GP.csh: no visible global function definition for ‘flush.console’
    GP.csh: no visible global function definition for ‘as’
    GP.un : ltriangle: no visible global function definition for ‘as’
    GP.un: no visible global function definition for ‘as’
    GP.un: no visible global function definition for ‘var’
    GP.un: no visible global function definition for ‘flush.console’
    GPvam: no visible global function definition for ‘formula’
    GPvam: no visible global function definition for ‘na.fail’
    GPvam: no visible global function definition for ‘flush.console’
    VP.CP.ZP.un : ltriangle: no visible global function definition for ‘as’
    VP.CP.ZP.un: no visible global function definition for ‘as’
    VP.CP.ZP.un: no visible global function definition for ‘var’
    VP.CP.ZP.un: no visible global function definition for ‘flush.console’
    plot.GPvam : plotCI: no visible global function definition for ‘par’
    plot.GPvam : plotCI: no visible global function definition for ‘plot’
    plot.GPvam : plotCI: no visible global function definition for ‘text’
    plot.GPvam : plotCI: no visible global function definition for
     ‘strheight’
    plot.GPvam : plotCI: no visible global function definition for ‘arrows’
    plot.GPvam : plotCI: no visible global function definition for
     ‘strwidth’
    plot.GPvam : plotCI: no visible global function definition for ‘points’
    plot.GPvam: no visible global function definition for ‘devAskNewPage’
    plot.GPvam: no visible global function definition for ‘qnorm’
    plot.GPvam: no visible global function definition for ‘title’
    plot.GPvam: no visible global function definition for ‘abline’
    plot.GPvam: no visible global function definition for ‘qqnorm’
    plot.GPvam: no visible global function definition for ‘qqline’
    plot.GPvam: no visible global function definition for ‘plot’
    rGP.un : ltriangle: no visible global function definition for ‘as’
    rGP.un: no visible global function definition for ‘as’
    rGP.un: no visible global function definition for ‘var’
    rGP.un: no visible global function definition for ‘flush.console’
    summary.GPvam: no visible global function definition for ‘qnorm’
    Undefined global functions or variables:
     abline arrows as devAskNewPage dnorm flush.console formula na.fail
     par plot points qnorm qqline qqnorm strheight strwidth text title var
Flavors: r-devel-linux-x86_64-debian-clang, r-devel-linux-x86_64-debian-gcc, r-devel-linux-x86_64-fedora-clang, r-devel-linux-x86_64-fedora-gcc, r-devel-windows-ix86+x86_64