CRAN Package Check Results for Package GPvam

Last updated on 2017-02-19 23:48:12.

Flavor Version Tinstall Tcheck Ttotal Status Flags
r-devel-linux-x86_64-debian-clang 3.0-3 12.49 47.81 60.30 NOTE
r-devel-linux-x86_64-debian-gcc 3.0-3 13.27 46.99 60.26 NOTE
r-devel-linux-x86_64-fedora-clang 3.0-3 127.39 NOTE --no-stop-on-test-error
r-devel-linux-x86_64-fedora-gcc 3.0-3 124.75 NOTE --no-stop-on-test-error
r-devel-macos-x86_64-clang 3.0-3 94.40 NOTE --no-stop-on-test-error
r-devel-windows-ix86+x86_64 3.0-3 41.00 149.00 190.00 OK
r-patched-linux-x86_64 3.0-3 11.07 44.10 55.17 OK
r-patched-solaris-sparc 3.0-3 663.80 OK
r-patched-solaris-x86 3.0-3 143.50 OK
r-release-linux-x86_64 3.0-3 11.45 43.49 54.94 OK
r-release-osx-x86_64-mavericks 3.0-3 OK
r-release-windows-ix86+x86_64 3.0-3 35.00 104.00 139.00 OK
r-oldrel-windows-ix86+x86_64 3.0-3 56.00 140.00 196.00 OK

Check Details

Version: 3.0-3
Check: compiled code
Result: NOTE
    File ‘GPvam/libs/GPvam.so’:
     Found no calls to: ‘R_registerRoutines’, ‘R_useDynamicSymbols’
    
    It is good practice to register native routines and to disable symbol
    search.
    
    See ‘Writing portable packages’ in the ‘Writing R Extensions’ manual.
Flavors: r-devel-linux-x86_64-debian-clang, r-devel-linux-x86_64-debian-gcc

Version: 3.0-3
Flags: --no-stop-on-test-error
Check: compiled code
Result: NOTE
    File ‘GPvam/libs/GPvam.so’:
     Found no calls to: ‘R_registerRoutines’, ‘R_useDynamicSymbols’
    
    It is good practice to register native routines and to disable symbol
    search.
    
    See ‘Writing portable packages’ in the ‘Writing R Extensions’ manual.
Flavors: r-devel-linux-x86_64-fedora-clang, r-devel-linux-x86_64-fedora-gcc, r-devel-macos-x86_64-clang