CRAN Package Check Results for Package GRANBase

Last updated on 2022-01-21 16:50:54 CET.

Flavor Version Tinstall Tcheck Ttotal Status Flags
r-devel-linux-x86_64-debian-clang 2.6.20 10.09 92.91 103.00 OK
r-devel-linux-x86_64-debian-gcc 2.6.20 8.26 68.46 76.72 OK
r-devel-linux-x86_64-fedora-clang 2.6.20 123.72 OK
r-devel-linux-x86_64-fedora-gcc 2.6.20 111.46 OK
r-devel-windows-x86_64-new-UL 2.6.20 130.00 112.00 242.00 OK
r-devel-windows-x86_64-new-TK 0.10.0 OK
r-patched-linux-x86_64 2.6.20 14.39 209.46 223.85 OK
r-release-linux-x86_64 2.6.20 8.51 204.34 212.85 OK
r-release-macos-arm64 2.6.20 NOTE
r-release-macos-x86_64 2.6.20 OK
r-release-windows-ix86+x86_64 2.6.20 23.00 198.00 221.00 OK
r-oldrel-macos-x86_64 2.6.20 OK
r-oldrel-windows-ix86+x86_64 2.6.20 23.00 194.00 217.00 OK

Check Details

Version: 2.6.20
Check: package dependencies
Result: NOTE
    Package suggested but not available for checking: ‘hexSticker’
Flavor: r-release-macos-arm64