CRAN Package Check Results for Package GREMLINS

Last updated on 2022-07-07 08:53:17 CEST.

Flavor Version Tinstall Tcheck Ttotal Status Flags
r-devel-linux-x86_64-debian-clang 0.2.0 14.70 170.65 185.35 OK
r-devel-linux-x86_64-debian-gcc 0.2.0 8.86 120.14 129.00 OK
r-devel-linux-x86_64-fedora-clang 0.2.0 219.56 NOTE
r-devel-linux-x86_64-fedora-gcc 0.2.0 222.35 NOTE
r-devel-windows-x86_64 0.2.0 25.00 255.00 280.00 OK
r-patched-linux-x86_64 0.2.0 11.54 157.61 169.15 OK
r-release-linux-x86_64 0.2.0 12.23 160.35 172.58 OK
r-release-macos-arm64 0.2.0 54.00 NOTE
r-release-macos-x86_64 0.2.0 85.00 NOTE
r-release-windows-x86_64 0.2.0 26.00 264.00 290.00 OK
r-oldrel-macos-arm64 0.2.0 65.00 NOTE
r-oldrel-macos-x86_64 0.2.0 119.00 NOTE
r-oldrel-windows-ix86+x86_64 0.2.0 24.00 318.00 342.00 OK

Check Details

Version: 0.2.0
Check: dependencies in R code
Result: NOTE
    Namespace in Imports field not imported from: ‘mclust’
     All declared Imports should be used.
Flavors: r-devel-linux-x86_64-fedora-clang, r-devel-linux-x86_64-fedora-gcc, r-release-macos-arm64, r-release-macos-x86_64, r-oldrel-macos-arm64, r-oldrel-macos-x86_64