Last updated on 2023-10-03 17:05:56 CEST.
Flavor | Version | Tinstall | Tcheck | Ttotal | Status | Flags |
---|---|---|---|---|---|---|
r-devel-linux-x86_64-debian-clang | 1.0.0 | 21.24 | 190.61 | 211.85 | OK | |
r-devel-linux-x86_64-debian-gcc | 1.0.0 | 15.72 | 140.85 | 156.57 | OK | |
r-devel-linux-x86_64-fedora-clang | 1.0.0 | 250.87 | NOTE | |||
r-devel-linux-x86_64-fedora-gcc | 1.0.0 | 271.69 | OK | |||
r-devel-windows-x86_64 | 1.0.0 | 17.00 | 144.00 | 161.00 | OK | |
r-patched-linux-x86_64 | 1.0.0 | 25.56 | 176.03 | 201.59 | OK | |
r-release-linux-x86_64 | 1.0.0 | 15.02 | 177.38 | 192.40 | OK | |
r-release-macos-arm64 | 1.0.0 | 76.00 | OK | |||
r-release-macos-x86_64 | 1.0.0 | 153.00 | OK | |||
r-release-windows-x86_64 | 1.0.0 | 23.00 | 178.00 | 201.00 | OK | |
r-oldrel-macos-arm64 | 1.0.0 | 64.00 | OK | |||
r-oldrel-macos-x86_64 | 1.0.0 | 103.00 | OK | |||
r-oldrel-windows-x86_64 | 1.0.0 | 25.00 | 190.00 | 215.00 | OK |
Version: 1.0.0
Check: package dependencies
Result: NOTE
Imports includes 21 non-default packages.
Importing from so many packages makes the package vulnerable to any of
them becoming unavailable. Move as many as possible to Suggests and
use conditionally.
Flavor: r-devel-linux-x86_64-fedora-clang