CRAN Package Check Results for Package GRaF

Last updated on 2015-01-25 19:47:40.

Flavor Version Tinstall Tcheck Ttotal Status Flags
r-devel-linux-x86_64-debian-clang 0.1-12 3.06 32.21 35.27 NOTE
r-devel-linux-x86_64-debian-gcc 0.1-12 3.18 32.70 35.88 NOTE
r-devel-linux-x86_64-fedora-clang 0.1-12 94.63 NOTE
r-devel-linux-x86_64-fedora-gcc 0.1-12 87.42 NOTE
r-devel-osx-x86_64-clang 0.1-12 76.43 NOTE
r-devel-windows-ix86+x86_64 0.1-12 10.00 50.00 60.00 NOTE
r-patched-linux-x86_64 0.1-12 4.51 36.00 40.51 NOTE
r-patched-solaris-sparc 0.1-12 482.80 NOTE
r-patched-solaris-x86 0.1-12 116.90 NOTE
r-release-linux-ix86 0.1-12 3.78 42.69 46.47 NOTE
r-release-linux-x86_64 0.1-12 3.26 35.54 38.80 NOTE
r-release-osx-x86_64-mavericks 0.1-12 NOTE
r-release-osx-x86_64-snowleopard 0.1-12 OK
r-release-windows-ix86+x86_64 0.1-12 10.00 51.00 61.00 NOTE
r-oldrel-windows-ix86+x86_64 0.1-12 10.00 48.00 58.00 NOTE

Check Details

Version: 0.1-12
Check: dependencies in R code
Result: NOTE
    Package in Depends field not imported from: ‘dismo’
     These packages need to be imported from (in the NAMESPACE file)
     for when this namespace is loaded but not attached.
Flavors: r-devel-linux-x86_64-debian-clang, r-devel-linux-x86_64-debian-gcc, r-devel-linux-x86_64-fedora-clang, r-devel-linux-x86_64-fedora-gcc, r-devel-osx-x86_64-clang, r-devel-windows-ix86+x86_64

Version: 0.1-12
Check: S3 generic/method consistency
Result: NOTE
    Found the following apparent S3 methods exported but not registered:
     print.graf plot.graf predict.graf
    See section ‘Registering S3 methods’ in the ‘Writing R Extensions’
    manual.
Flavors: r-devel-linux-x86_64-fedora-clang, r-devel-linux-x86_64-fedora-gcc, r-devel-osx-x86_64-clang

Version: 0.1-12
Check: dependencies in R code
Result: NOTE
    Package in Depends field not imported from: ‘dismo’
     These packages need to be imported from (in the NAMESPACE file)
     for when this namespace is loaded but not attached.
    See the information on DESCRIPTION files in the chapter ‘Creating R
    packages’ of the ‘Writing R Extensions’ manual.
Flavors: r-patched-linux-x86_64, r-patched-solaris-sparc, r-patched-solaris-x86, r-release-linux-ix86, r-release-linux-x86_64, r-release-osx-x86_64-mavericks, r-release-windows-ix86+x86_64, r-oldrel-windows-ix86+x86_64