CRAN Package Check Results for Package GRaF

Last updated on 2014-11-27 14:47:18.

Flavor Version Tinstall Tcheck Ttotal Status Flags
r-devel-linux-x86_64-debian-clang 0.1-12 3.25 35.02 38.27 NOTE
r-devel-linux-x86_64-debian-gcc 0.1-12 3.24 34.71 37.94 NOTE
r-devel-linux-x86_64-fedora-clang 0.1-12 92.29 NOTE
r-devel-linux-x86_64-fedora-gcc 0.1-12 87.28 NOTE
r-devel-osx-x86_64-clang 0.1-12 78.23 NOTE
r-devel-windows-ix86+x86_64 0.1-12 10.00 48.00 58.00 NOTE
r-patched-linux-x86_64 0.1-12 3.30 36.03 39.33 NOTE
r-patched-solaris-sparc 0.1-12 489.20 NOTE
r-patched-solaris-x86 0.1-12 116.60 NOTE
r-release-linux-ix86 0.1-12 3.70 42.49 46.19 NOTE
r-release-linux-x86_64 0.1-12 3.24 35.24 38.48 NOTE
r-release-osx-x86_64-mavericks 0.1-12 NOTE
r-release-osx-x86_64-snowleopard 0.1-12 OK
r-release-windows-ix86+x86_64 0.1-12 8.00 54.00 62.00 NOTE
r-oldrel-windows-ix86+x86_64 0.1-12 9.00 48.00 57.00 NOTE

Check Details

Version: 0.1-12
Check: dependencies in R code
Result: NOTE
    Package in Depends field not imported from: ‘dismo’
     These packages need to be imported from (in the NAMESPACE file)
     for when this namespace is loaded but not attached.
    See the information on DESCRIPTION files in the chapter ‘Creating R
    packages’ of the ‘Writing R Extensions’ manual.
Flavors: r-devel-linux-x86_64-debian-clang, r-devel-linux-x86_64-debian-gcc, r-devel-linux-x86_64-fedora-clang, r-devel-linux-x86_64-fedora-gcc, r-devel-osx-x86_64-clang, r-devel-windows-ix86+x86_64, r-patched-linux-x86_64, r-patched-solaris-sparc, r-patched-solaris-x86, r-release-linux-ix86, r-release-linux-x86_64, r-release-osx-x86_64-mavericks, r-release-windows-ix86+x86_64, r-oldrel-windows-ix86+x86_64