CRAN Package Check Results for Package GRaF

Last updated on 2015-05-23 02:46:48.

Flavor Version Tinstall Tcheck Ttotal Status Flags
r-devel-linux-x86_64-debian-clang 0.1-12 3.38 29.06 32.44 NOTE
r-devel-linux-x86_64-debian-gcc 0.1-12 2.40 28.91 31.31 NOTE
r-devel-linux-x86_64-fedora-clang 0.1-12 64.40 NOTE
r-devel-linux-x86_64-fedora-gcc 0.1-12 61.35 NOTE
r-devel-osx-x86_64-clang 0.1-12 62.07 NOTE
r-devel-windows-ix86+x86_64 0.1-12 7.00 44.00 51.00 NOTE
r-patched-linux-x86_64 0.1-12 2.36 28.15 30.51 NOTE
r-patched-solaris-sparc 0.1-12 368.10 NOTE
r-patched-solaris-x86 0.1-12 88.50 NOTE
r-release-linux-x86_64 0.1-12 2.38 28.86 31.24 NOTE
r-release-osx-x86_64-mavericks 0.1-12 NOTE
r-release-osx-x86_64-snowleopard 0.1-12 ERROR
r-release-windows-ix86+x86_64 0.1-12 6.00 45.00 51.00 NOTE
r-oldrel-windows-ix86+x86_64 0.1-12 10.00 52.00 62.00 NOTE

Check Details

Version: 0.1-12
Check: dependencies in R code
Result: NOTE
    Package in Depends field not imported from: ‘dismo’
     These packages need to be imported from (in the NAMESPACE file)
     for when this namespace is loaded but not attached.
Flavors: r-devel-linux-x86_64-debian-clang, r-devel-linux-x86_64-debian-gcc, r-devel-linux-x86_64-fedora-clang, r-devel-linux-x86_64-fedora-gcc, r-devel-osx-x86_64-clang, r-devel-windows-ix86+x86_64, r-patched-linux-x86_64, r-patched-solaris-sparc, r-patched-solaris-x86, r-release-linux-x86_64, r-release-osx-x86_64-mavericks, r-release-windows-ix86+x86_64, r-oldrel-windows-ix86+x86_64

Version: 0.1-12
Check: S3 generic/method consistency
Result: NOTE
    Found the following apparent S3 methods exported but not registered:
     plot.graf predict.graf print.graf
    See section ‘Registering S3 methods’ in the ‘Writing R Extensions’
    manual.
Flavors: r-devel-linux-x86_64-debian-clang, r-devel-linux-x86_64-debian-gcc, r-devel-linux-x86_64-fedora-clang, r-devel-linux-x86_64-fedora-gcc, r-devel-osx-x86_64-clang, r-patched-linux-x86_64, r-patched-solaris-sparc, r-patched-solaris-x86, r-release-linux-x86_64

Version: 0.1-12
Check: package dependencies
Result: ERROR
    Package required but not available: ‘dismo’
    
    See section ‘The DESCRIPTION file’ in the ‘Writing R Extensions’
    manual.
Flavor: r-release-osx-x86_64-snowleopard