CRAN Package Check Results for Package GRaF

Last updated on 2014-09-19 03:47:15.

Flavor Version Tinstall Tcheck Ttotal Status Flags
r-devel-linux-x86_64-debian-clang 0.1-12 4.60 33.96 38.56 NOTE
r-devel-linux-x86_64-debian-gcc 0.1-12 3.13 33.27 36.40 NOTE
r-devel-linux-x86_64-fedora-clang 0.1-12 85.47 NOTE
r-devel-linux-x86_64-fedora-gcc 0.1-12 112.04 NOTE
r-devel-osx-x86_64-clang 0.1-12 68.49 NOTE
r-devel-windows-ix86+x86_64 0.1-12 8.00 44.00 52.00 NOTE
r-patched-linux-x86_64 0.1-12 3.51 35.90 39.41 NOTE
r-patched-solaris-sparc 0.1-12 489.20 NOTE
r-patched-solaris-x86 0.1-12 116.30 NOTE
r-release-linux-ix86 0.1-12 3.89 45.34 49.23 NOTE
r-release-linux-x86_64 0.1-12 4.73 36.79 41.52 NOTE
r-release-osx-x86_64-mavericks 0.1-12 NOTE
r-release-osx-x86_64-snowleopard 0.1-12 OK
r-release-windows-ix86+x86_64 0.1-12 10.00 53.00 63.00 NOTE
r-oldrel-windows-ix86+x86_64 0.1-12 10.00 48.00 58.00 NOTE

Check Details

Version: 0.1-12
Check: dependencies in R code
Result: NOTE
    Package in Depends field not imported from: ‘dismo’
     These packages need to be imported from (in the NAMESPACE file)
     for when this namespace is loaded but not attached.
    See the information on DESCRIPTION files in the chapter ‘Creating R
    packages’ of the ‘Writing R Extensions’ manual.
Flavors: r-devel-linux-x86_64-debian-clang, r-devel-linux-x86_64-debian-gcc, r-devel-linux-x86_64-fedora-clang, r-devel-linux-x86_64-fedora-gcc, r-devel-osx-x86_64-clang, r-devel-windows-ix86+x86_64, r-patched-linux-x86_64, r-patched-solaris-sparc, r-patched-solaris-x86, r-release-linux-ix86, r-release-linux-x86_64, r-release-osx-x86_64-mavericks, r-release-windows-ix86+x86_64, r-oldrel-windows-ix86+x86_64