CRAN Package Check Results for Package GRaF

Last updated on 2015-03-30 07:48:28.

Flavor Version Tinstall Tcheck Ttotal Status Flags
r-devel-linux-x86_64-debian-clang 0.1-12 2.44 28.66 31.11 NOTE
r-devel-linux-x86_64-debian-gcc 0.1-12 2.40 27.89 30.29 NOTE
r-devel-linux-x86_64-fedora-clang 0.1-12 63.45 NOTE
r-devel-linux-x86_64-fedora-gcc 0.1-12 60.95 NOTE
r-devel-osx-x86_64-clang 0.1-12 64.64 NOTE
r-prerel-windows-ix86+x86_64 0.1-12 7.00 45.00 52.00 NOTE
r-prerel-linux-x86_64 0.1-12 2.59 27.62 30.22 NOTE
r-prerel-solaris-sparc 0.1-12 392.70 NOTE
r-prerel-solaris-x86 0.1-12 87.40 NOTE
r-release-linux-x86_64 0.1-12 3.34 35.43 38.77 NOTE
r-release-osx-x86_64-mavericks 0.1-12 NOTE
r-release-osx-x86_64-snowleopard 0.1-12 OK
r-release-windows-ix86+x86_64 0.1-12 9.00 53.00 62.00 NOTE
r-oldrel-windows-ix86+x86_64 0.1-12 9.00 51.00 60.00 NOTE

Check Details

Version: 0.1-12
Check: dependencies in R code
Result: NOTE
    Package in Depends field not imported from: ‘dismo’
     These packages need to be imported from (in the NAMESPACE file)
     for when this namespace is loaded but not attached.
Flavors: r-devel-linux-x86_64-debian-clang, r-devel-linux-x86_64-debian-gcc, r-devel-linux-x86_64-fedora-clang, r-devel-linux-x86_64-fedora-gcc, r-devel-osx-x86_64-clang, r-prerel-windows-ix86+x86_64, r-prerel-linux-x86_64, r-prerel-solaris-sparc, r-prerel-solaris-x86, r-release-linux-x86_64, r-release-windows-ix86+x86_64

Version: 0.1-12
Check: S3 generic/method consistency
Result: NOTE
    Found the following apparent S3 methods exported but not registered:
     plot.graf predict.graf print.graf
    See section ‘Registering S3 methods’ in the ‘Writing R Extensions’
    manual.
Flavors: r-devel-linux-x86_64-debian-clang, r-devel-linux-x86_64-debian-gcc, r-devel-linux-x86_64-fedora-clang, r-devel-linux-x86_64-fedora-gcc, r-devel-osx-x86_64-clang, r-prerel-linux-x86_64

Version: 0.1-12
Check: dependencies in R code
Result: NOTE
    Package in Depends field not imported from: ‘dismo’
     These packages need to be imported from (in the NAMESPACE file)
     for when this namespace is loaded but not attached.
    See the information on DESCRIPTION files in the chapter ‘Creating R
    packages’ of the ‘Writing R Extensions’ manual.
Flavors: r-release-osx-x86_64-mavericks, r-oldrel-windows-ix86+x86_64