CRAN Package Check Results for Package GRaF

Last updated on 2015-02-28 19:51:07.

Flavor Version Tinstall Tcheck Ttotal Status Flags
r-devel-linux-x86_64-debian-clang 0.1-12 2.48 29.08 31.56 NOTE
r-devel-linux-x86_64-debian-gcc 0.1-12 2.35 27.92 30.27 NOTE
r-devel-linux-x86_64-fedora-clang 0.1-12 64.69 NOTE
r-devel-linux-x86_64-fedora-gcc 0.1-12 63.40 NOTE
r-devel-osx-x86_64-clang 0.1-12 62.09 NOTE
r-devel-windows-ix86+x86_64 0.1-12 10.00 44.00 54.00 NOTE
r-patched-linux-x86_64 0.1-12 4.48 35.96 40.44 NOTE
r-patched-solaris-sparc 0.1-12 482.80 NOTE
r-patched-solaris-x86 0.1-12 115.50 NOTE
r-release-linux-ix86 0.1-12 3.83 43.52 47.35 NOTE
r-release-linux-x86_64 0.1-12 4.42 35.82 40.25 NOTE
r-release-osx-x86_64-mavericks 0.1-12 NOTE
r-release-osx-x86_64-snowleopard 0.1-12 OK
r-release-windows-ix86+x86_64 0.1-12 10.00 54.00 64.00 NOTE
r-oldrel-windows-ix86+x86_64 0.1-12 9.00 50.00 59.00 NOTE

Check Details

Version: 0.1-12
Check: dependencies in R code
Result: NOTE
    Package in Depends field not imported from: ‘dismo’
     These packages need to be imported from (in the NAMESPACE file)
     for when this namespace is loaded but not attached.
Flavors: r-devel-linux-x86_64-debian-clang, r-devel-linux-x86_64-debian-gcc, r-devel-linux-x86_64-fedora-clang, r-devel-linux-x86_64-fedora-gcc, r-devel-osx-x86_64-clang, r-devel-windows-ix86+x86_64, r-patched-linux-x86_64, r-patched-solaris-x86

Version: 0.1-12
Check: S3 generic/method consistency
Result: NOTE
    Found the following apparent S3 methods exported but not registered:
     plot.graf predict.graf print.graf
    See section ‘Registering S3 methods’ in the ‘Writing R Extensions’
    manual.
Flavors: r-devel-linux-x86_64-debian-clang, r-devel-linux-x86_64-debian-gcc, r-devel-linux-x86_64-fedora-clang, r-devel-linux-x86_64-fedora-gcc, r-devel-osx-x86_64-clang

Version: 0.1-12
Check: dependencies in R code
Result: NOTE
    Package in Depends field not imported from: ‘dismo’
     These packages need to be imported from (in the NAMESPACE file)
     for when this namespace is loaded but not attached.
    See the information on DESCRIPTION files in the chapter ‘Creating R
    packages’ of the ‘Writing R Extensions’ manual.
Flavors: r-patched-solaris-sparc, r-release-linux-ix86, r-release-linux-x86_64, r-release-osx-x86_64-mavericks, r-release-windows-ix86+x86_64, r-oldrel-windows-ix86+x86_64