CRAN Package Check Results for Package GRaF

Last updated on 2015-08-05 11:47:59.

Flavor Version Tinstall Tcheck Ttotal Status Flags
r-devel-linux-x86_64-debian-clang 0.1-12 2.70 29.07 31.77 NOTE
r-devel-linux-x86_64-debian-gcc 0.1-12 2.71 29.06 31.76 NOTE
r-devel-linux-x86_64-fedora-clang 0.1-12 67.17 NOTE
r-devel-linux-x86_64-fedora-gcc 0.1-12 61.93 NOTE
r-devel-osx-x86_64-clang 0.1-12 57.48 NOTE
r-devel-windows-ix86+x86_64 0.1-12 10.00 43.00 53.00 NOTE
r-patched-linux-x86_64 0.1-12 2.69 29.35 32.04 NOTE
r-patched-solaris-sparc 0.1-12 400.20 NOTE
r-patched-solaris-x86 0.1-12 90.00 NOTE
r-release-linux-x86_64 0.1-12 2.79 28.82 31.61 NOTE
r-release-osx-x86_64-mavericks 0.1-12 NOTE
r-release-windows-ix86+x86_64 0.1-12 10.00 50.00 60.00 NOTE
r-oldrel-windows-ix86+x86_64 0.1-12 14.00 58.00 72.00 NOTE

Check Details

Version: 0.1-12
Check: dependencies in R code
Result: NOTE
    Package in Depends field not imported from: ‘dismo’
     These packages need to be imported from (in the NAMESPACE file)
     for when this namespace is loaded but not attached.
Flavors: r-devel-linux-x86_64-debian-clang, r-devel-linux-x86_64-debian-gcc, r-devel-linux-x86_64-fedora-clang, r-devel-linux-x86_64-fedora-gcc, r-devel-osx-x86_64-clang, r-devel-windows-ix86+x86_64, r-patched-linux-x86_64, r-patched-solaris-sparc, r-patched-solaris-x86, r-release-linux-x86_64, r-release-osx-x86_64-mavericks, r-release-windows-ix86+x86_64, r-oldrel-windows-ix86+x86_64

Version: 0.1-12
Check: S3 generic/method consistency
Result: NOTE
    Found the following apparent S3 methods exported but not registered:
     plot.graf predict.graf print.graf
    See section ‘Registering S3 methods’ in the ‘Writing R Extensions’
    manual.
Flavors: r-devel-linux-x86_64-debian-clang, r-devel-linux-x86_64-debian-gcc, r-devel-linux-x86_64-fedora-clang, r-devel-linux-x86_64-fedora-gcc, r-devel-osx-x86_64-clang, r-patched-linux-x86_64, r-patched-solaris-sparc, r-patched-solaris-x86, r-release-linux-x86_64

Version: 0.1-12
Check: R code for possible problems
Result: NOTE
    DIC : llik: no visible global function definition for ‘dnorm’
    DIC : foo: no visible global function definition for ‘integrate’
    cov.SE : <anonymous>: no visible global function definition for ‘dist’
    d0: no visible global function definition for ‘qnorm’
    d0: no visible global function definition for ‘dnorm’
    d0: no visible global function definition for ‘pnorm’
    d1: no visible global function definition for ‘qnorm’
    d1: no visible global function definition for ‘dnorm’
    d1: no visible global function definition for ‘pnorm’
    d2: no visible global function definition for ‘dnorm’
    d2: no visible global function definition for ‘pnorm’
    ep.moments: no visible global function definition for ‘pnorm’
    ep.moments: no visible global function definition for ‘dnorm’
    graf : theta.prior: no visible global function definition for ‘dnorm’
    graf: no visible global function definition for ‘optim’
    graf : <anonymous>: no visible global function definition for ‘sd’
    graf: no visible binding for global variable ‘sd’
    graf.fit.ep: no visible global function definition for ‘qnorm’
    graf.fit.ep: no visible global function definition for ‘pnorm’
    graf.fit.laplace: no visible global function definition for ‘qnorm’
    graf.fit.laplace: no visible global function definition for ‘optimise’
    plot.graf: no visible global function definition for ‘predict’
    plot.graf: no visible global function definition for ‘plot’
    plot.graf: no visible global function definition for ‘rect’
    plot.graf: no visible global function definition for ‘lines’
    plot.graf: no visible global function definition for ‘rgb’
    plot.graf: no visible global function definition for ‘rug’
    plot.graf: no visible global function definition for ‘box’
    plot.graf: no visible global function definition for ‘polygon’
    plot3d: no visible global function definition for ‘predict’
    plot3d: no visible global function definition for ‘persp’
    pred: no visible global function definition for ‘qnorm’
    predict.graf: no visible global function definition for ‘qnorm’
    predict.graf: no visible global function definition for ‘pnorm’
    update.ep: no visible global function definition for ‘pnorm’
    update.ep: no visible global function definition for ‘dnorm’
    Undefined global functions or variables:
     box dist dnorm integrate lines optim optimise persp plot pnorm
     polygon predict qnorm rect rgb rug sd
    Consider adding
     importFrom("grDevices", "rgb")
     importFrom("graphics", "box", "lines", "persp", "plot", "polygon",
     "rect", "rug")
     importFrom("stats", "dist", "dnorm", "integrate", "optim", "optimise",
     "pnorm", "predict", "qnorm", "sd")
    to your NAMESPACE.
Flavors: r-devel-linux-x86_64-debian-clang, r-devel-linux-x86_64-debian-gcc, r-devel-linux-x86_64-fedora-clang, r-devel-linux-x86_64-fedora-gcc, r-devel-windows-ix86+x86_64