CRAN Package Check Results for Package GRaF

Last updated on 2015-04-19 19:51:49.

Flavor Version Tinstall Tcheck Ttotal Status Flags
r-devel-linux-x86_64-debian-clang 0.1-12 2.83 28.74 31.57 NOTE
r-devel-linux-x86_64-debian-gcc 0.1-12 2.40 27.70 30.10 NOTE
r-devel-linux-x86_64-fedora-clang 0.1-12 63.56 NOTE
r-devel-linux-x86_64-fedora-gcc 0.1-12 71.25 NOTE
r-devel-osx-x86_64-clang 0.1-12 61.14 NOTE
r-devel-windows-ix86+x86_64 0.1-12 9.00 57.00 66.00 NOTE
r-patched-linux-x86_64 0.1-12 2.72 29.04 31.76 NOTE
r-patched-solaris-sparc 0.1-12 392.70 NOTE
r-patched-solaris-x86 0.1-12 86.10 NOTE
r-release-linux-x86_64 0.1-12 3.18 27.67 30.85 NOTE
r-release-osx-x86_64-mavericks 0.1-12 NOTE
r-release-osx-x86_64-snowleopard 0.1-12 ERROR
r-release-windows-ix86+x86_64 0.1-12 6.00 41.00 47.00 NOTE
r-oldrel-windows-ix86+x86_64 0.1-12 8.00 48.00 56.00 NOTE

Check Details

Version: 0.1-12
Check: dependencies in R code
Result: NOTE
    Package in Depends field not imported from: ‘dismo’
     These packages need to be imported from (in the NAMESPACE file)
     for when this namespace is loaded but not attached.
Flavors: r-devel-linux-x86_64-debian-clang, r-devel-linux-x86_64-debian-gcc, r-devel-linux-x86_64-fedora-clang, r-devel-linux-x86_64-fedora-gcc, r-devel-osx-x86_64-clang, r-devel-windows-ix86+x86_64, r-patched-linux-x86_64, r-patched-solaris-sparc, r-patched-solaris-x86, r-release-linux-x86_64, r-release-osx-x86_64-mavericks, r-release-windows-ix86+x86_64, r-oldrel-windows-ix86+x86_64

Version: 0.1-12
Check: S3 generic/method consistency
Result: NOTE
    Found the following apparent S3 methods exported but not registered:
     plot.graf predict.graf print.graf
    See section ‘Registering S3 methods’ in the ‘Writing R Extensions’
    manual.
Flavors: r-devel-linux-x86_64-debian-clang, r-devel-linux-x86_64-debian-gcc, r-devel-linux-x86_64-fedora-clang, r-devel-linux-x86_64-fedora-gcc, r-devel-osx-x86_64-clang, r-patched-linux-x86_64, r-release-linux-x86_64

Version: 0.1-12
Check: package dependencies
Result: ERROR
    Package required but not available: ‘dismo’
    
    See section ‘The DESCRIPTION file’ in the ‘Writing R Extensions’
    manual.
Flavor: r-release-osx-x86_64-snowleopard