CRAN Package Check Results for Package GRaF

Last updated on 2014-04-21 01:48:04.

Flavor Version Tinstall Tcheck Ttotal Status Flags
r-devel-linux-x86_64-debian-clang 0.1-12 3.61 37.68 41.29 NOTE
r-devel-linux-x86_64-debian-gcc 0.1-12 3.58 36.99 40.58 NOTE
r-devel-linux-x86_64-fedora-clang 0.1-12 91.79 NOTE
r-devel-linux-x86_64-fedora-gcc 0.1-12 88.30 NOTE
r-devel-macosx-x86_64-clang 0.1-12 75.82 NOTE
r-devel-macosx-x86_64-gcc 0.1-12 ERROR
r-devel-windows-ix86+x86_64 0.1-12 9.00 49.00 58.00 NOTE
r-patched-linux-x86_64 0.1-12 3.40 38.19 41.59 NOTE
r-patched-solaris-sparc 0.1-12 484.10 NOTE
r-patched-solaris-x86 0.1-12 118.00 NOTE
r-release-linux-ix86 NOTE
r-release-linux-x86_64 0.1-12 3.55 37.63 41.18 NOTE
r-release-macosx-x86_64 0.1-12 OK
r-release-windows-ix86+x86_64 0.1-12 11.00 53.00 64.00 NOTE
r-oldrel-windows-ix86+x86_64 0.1-12 9.00 47.00 56.00 NOTE

Check Details

Version: 0.1-12
Check: dependencies in R code
Result: NOTE
    Package in Depends field not imported from: ‘dismo’
     These packages need to be imported from (in the NAMESPACE file)
     for when this namespace is loaded but not attached.
    See the information on DESCRIPTION files in the chapter ‘Creating R
    packages’ of the ‘Writing R Extensions’ manual.
Flavors: r-devel-linux-x86_64-debian-clang, r-devel-linux-x86_64-debian-gcc, r-devel-linux-x86_64-fedora-clang, r-devel-linux-x86_64-fedora-gcc, r-devel-macosx-x86_64-clang, r-devel-windows-ix86+x86_64, r-patched-linux-x86_64, r-patched-solaris-sparc, r-patched-solaris-x86, r-release-linux-ix86, r-release-linux-x86_64, r-release-windows-ix86+x86_64, r-oldrel-windows-ix86+x86_64

Version: 0.1-12
Check: package dependencies
Result: ERROR
    Package required but not available: ‘dismo’
    
    See the information on DESCRIPTION files in the chapter ‘Creating R
    packages’ of the ‘Writing R Extensions’ manual.
Flavor: r-devel-macosx-x86_64-gcc