CRAN Package Check Results for Package GRaF

Last updated on 2014-12-22 21:47:16.

Flavor Version Tinstall Tcheck Ttotal Status Flags
r-devel-linux-x86_64-debian-clang 0.1-12 3.17 35.02 38.20 NOTE
r-devel-linux-x86_64-debian-gcc 0.1-12 3.01 33.33 36.34 NOTE
r-devel-linux-x86_64-fedora-clang 0.1-12 92.67 NOTE
r-devel-linux-x86_64-fedora-gcc 0.1-12 92.26 NOTE
r-devel-osx-x86_64-clang 0.1-12 76.07 NOTE
r-devel-windows-ix86+x86_64 0.1-12 9.00 49.00 58.00 NOTE
r-patched-linux-x86_64 0.1-12 3.29 35.36 38.65 NOTE
r-patched-solaris-sparc 0.1-12 481.40 NOTE
r-patched-solaris-x86 0.1-12 116.00 NOTE
r-release-linux-ix86 0.1-12 3.78 42.90 46.68 NOTE
r-release-linux-x86_64 0.1-12 3.28 35.56 38.84 NOTE
r-release-osx-x86_64-mavericks 0.1-12 NOTE
r-release-osx-x86_64-snowleopard 0.1-12 OK
r-release-windows-ix86+x86_64 0.1-12 11.00 51.00 62.00 NOTE
r-oldrel-windows-ix86+x86_64 0.1-12 10.00 50.00 60.00 NOTE

Check Details

Version: 0.1-12
Check: dependencies in R code
Result: NOTE
    Package in Depends field not imported from: ‘dismo’
     These packages need to be imported from (in the NAMESPACE file)
     for when this namespace is loaded but not attached.
    See the information on DESCRIPTION files in the chapter ‘Creating R
    packages’ of the ‘Writing R Extensions’ manual.
Flavors: r-devel-linux-x86_64-debian-clang, r-devel-linux-x86_64-debian-gcc, r-devel-linux-x86_64-fedora-clang, r-devel-linux-x86_64-fedora-gcc, r-devel-osx-x86_64-clang, r-devel-windows-ix86+x86_64, r-patched-linux-x86_64, r-patched-solaris-sparc, r-patched-solaris-x86, r-release-linux-ix86, r-release-linux-x86_64, r-release-osx-x86_64-mavericks, r-release-windows-ix86+x86_64, r-oldrel-windows-ix86+x86_64