CRAN Package Check Results for Package GRaF

Last updated on 2014-10-31 06:47:19.

Flavor Version Tinstall Tcheck Ttotal Status Flags
r-devel-linux-x86_64-debian-clang 0.1-12 4.34 34.51 38.86 NOTE
r-devel-linux-x86_64-debian-gcc 0.1-12 3.06 33.72 36.78 NOTE
r-devel-linux-x86_64-fedora-clang 0.1-12 87.95 NOTE
r-devel-linux-x86_64-fedora-gcc 0.1-12 82.99 NOTE
r-devel-osx-x86_64-clang 0.1-12 76.24 NOTE
r-devel-windows-ix86+x86_64 0.1-12 9.00 48.00 57.00 NOTE
r-patched-linux-x86_64 0.1-12 3.22 35.12 38.35 NOTE
r-patched-solaris-sparc 0.1-12 489.20 NOTE
r-patched-solaris-x86 0.1-12 117.20 NOTE
r-release-linux-ix86 0.1-12 3.94 45.47 49.41 NOTE
r-release-linux-x86_64 0.1-12 3.32 36.43 39.74 NOTE
r-release-osx-x86_64-mavericks 0.1-12 NOTE
r-release-osx-x86_64-snowleopard 0.1-12 OK
r-release-windows-ix86+x86_64 0.1-12 9.00 56.00 65.00 NOTE
r-oldrel-windows-ix86+x86_64 0.1-12 11.00 53.00 64.00 NOTE

Check Details

Version: 0.1-12
Check: dependencies in R code
Result: NOTE
    Package in Depends field not imported from: ‘dismo’
     These packages need to be imported from (in the NAMESPACE file)
     for when this namespace is loaded but not attached.
    See the information on DESCRIPTION files in the chapter ‘Creating R
    packages’ of the ‘Writing R Extensions’ manual.
Flavors: r-devel-linux-x86_64-debian-clang, r-devel-linux-x86_64-debian-gcc, r-devel-linux-x86_64-fedora-clang, r-devel-linux-x86_64-fedora-gcc, r-devel-osx-x86_64-clang, r-devel-windows-ix86+x86_64, r-patched-linux-x86_64, r-patched-solaris-sparc, r-patched-solaris-x86, r-release-linux-ix86, r-release-linux-x86_64, r-release-osx-x86_64-mavericks, r-release-windows-ix86+x86_64, r-oldrel-windows-ix86+x86_64