CRAN Package Check Results for Package GRaF

Last updated on 2014-07-26 16:48:37.

Flavor Version Tinstall Tcheck Ttotal Status Flags
r-devel-linux-x86_64-debian-clang 0.1-12 3.28 35.35 38.63 NOTE
r-devel-linux-x86_64-debian-gcc 0.1-12 3.19 35.08 38.27 NOTE
r-devel-linux-x86_64-fedora-clang 0.1-12 91.11 NOTE
r-devel-linux-x86_64-fedora-gcc 0.1-12 85.98 NOTE
r-devel-osx-x86_64-clang 0.1-12 82.48 NOTE
r-devel-windows-ix86+x86_64 0.1-12 8.00 49.00 57.00 NOTE
r-patched-linux-x86_64 0.1-12 3.25 35.06 38.31 NOTE
r-patched-solaris-sparc 0.1-12 484.10 NOTE
r-patched-solaris-x86 0.1-12 115.40 NOTE
r-release-linux-ix86 0.1-12 3.78 44.06 47.84 NOTE
r-release-linux-x86_64 0.1-12 3.29 36.87 40.16 NOTE
r-release-osx-x86_64-mavericks 0.1-12 NOTE
r-release-osx-x86_64-snowleopard 0.1-12 OK
r-release-windows-ix86+x86_64 0.1-12 8.00 53.00 61.00 NOTE
r-oldrel-windows-ix86+x86_64 0.1-12 8.00 48.00 56.00 NOTE

Check Details

Version: 0.1-12
Check: dependencies in R code
Result: NOTE
    Package in Depends field not imported from: ‘dismo’
     These packages need to be imported from (in the NAMESPACE file)
     for when this namespace is loaded but not attached.
    See the information on DESCRIPTION files in the chapter ‘Creating R
    packages’ of the ‘Writing R Extensions’ manual.
Flavors: r-devel-linux-x86_64-debian-clang, r-devel-linux-x86_64-debian-gcc, r-devel-linux-x86_64-fedora-clang, r-devel-linux-x86_64-fedora-gcc, r-devel-osx-x86_64-clang, r-devel-windows-ix86+x86_64, r-patched-linux-x86_64, r-patched-solaris-sparc, r-patched-solaris-x86, r-release-linux-ix86, r-release-linux-x86_64, r-release-osx-x86_64-mavericks, r-release-windows-ix86+x86_64, r-oldrel-windows-ix86+x86_64