CRAN Package Check Results for Package GSA

Last updated on 2022-12-04 21:55:39 CET.

Flavor Version Tinstall Tcheck Ttotal Status Flags
r-devel-linux-x86_64-debian-clang 1.03.2 3.80 32.77 36.57 OK
r-devel-linux-x86_64-debian-gcc 1.03.2 2.68 24.57 27.25 OK
r-devel-linux-x86_64-fedora-clang 1.03.2 54.93 OK
r-devel-linux-x86_64-fedora-gcc 1.03.2 53.88 OK
r-devel-windows-x86_64 1.03.2 17.00 59.00 76.00 OK
r-patched-linux-x86_64 1.03.2 4.11 30.92 35.03 OK
r-release-linux-x86_64 1.03.2 2.23 31.56 33.79 OK
r-release-macos-arm64 1.03.2 17.00 NOTE
r-release-macos-x86_64 1.03.2 25.00 OK
r-release-windows-x86_64 1.03.2 7.00 54.00 61.00 OK
r-oldrel-macos-arm64 1.03.2 19.00 OK
r-oldrel-macos-x86_64 1.03.2 25.00 OK
r-oldrel-windows-ix86+x86_64 1.03.2 6.00 50.00 56.00 OK

Check Details

Version: 1.03.2
Check: package dependencies
Result: NOTE
    Package suggested but not available for checking: ‘impute’
Flavor: r-release-macos-arm64