CRAN Package Check Results for Package GSIF

Last updated on 2016-10-01 18:47:24.

Flavor Version Tinstall Tcheck Ttotal Status Flags
r-devel-linux-x86_64-debian-clang 0.5-3 8.09 127.42 135.51 OK
r-devel-linux-x86_64-debian-gcc 0.5-3 7.49 121.21 128.70 OK
r-devel-linux-x86_64-fedora-clang 0.5-3 309.54 OK
r-devel-linux-x86_64-fedora-gcc 0.5-3 253.39 OK
r-devel-macos-x86_64-clang 0.5-3 186.64 OK
r-devel-windows-ix86+x86_64 0.5-3 36.00 250.00 286.00 OK
r-patched-linux-x86_64 0.5-3 7.89 122.47 130.37 OK
r-patched-solaris-sparc 0.5-3 1530.70 OK
r-patched-solaris-x86 0.5-3 345.40 OK
r-release-linux-x86_64 0.5-3 7.84 122.00 129.84 OK
r-release-osx-x86_64-mavericks 0.5-3 NOTE
r-release-windows-ix86+x86_64 0.5-3 20.00 177.00 197.00 OK
r-oldrel-windows-ix86+x86_64 0.5-3 23.00 185.00 208.00 OK

Check Details

Version: 0.5-3
Check: package dependencies
Result: NOTE
    Package suggested but not available for checking: ‘gdalUtils’
Flavor: r-release-osx-x86_64-mavericks