CRAN Package Check Results for Package GSIF

Last updated on 2014-07-22 10:47:19.

Flavor Version Tinstall Tcheck Ttotal Status Flags
r-devel-linux-x86_64-debian-clang 0.4-1 8.85 106.19 115.04 OK
r-devel-linux-x86_64-debian-gcc 0.4-1 8.54 103.76 112.30 OK
r-devel-linux-x86_64-fedora-clang 0.4-1 273.38 OK
r-devel-linux-x86_64-fedora-gcc 0.4-1 260.57 OK
r-devel-osx-x86_64-clang 0.4-1 202.80 OK
r-devel-windows-ix86+x86_64 0.4-1 24.00 164.00 188.00 OK
r-patched-linux-x86_64 0.4-1 9.98 105.18 115.16 OK
r-patched-solaris-sparc 0.4-1 1352.80 OK
r-patched-solaris-x86 0.4-1 352.90 OK
r-release-linux-ix86 0.4-1 10.27 142.88 153.16 OK
r-release-linux-x86_64 0.4-1 9.53 108.80 118.34 OK
r-release-osx-x86_64-mavericks 0.4-1 ERROR
r-release-osx-x86_64-snowleopard 0.4-1 ERROR
r-release-windows-ix86+x86_64 0.4-1 23.00 169.00 192.00 OK
r-oldrel-windows-ix86+x86_64 0.4-1 24.00 161.00 185.00 OK

Check Details

Version: 0.4-1
Check: package dependencies
Result: ERROR
    Packages required but not available:
     ‘RSAGA’ ‘rgdal’ ‘aqp’ ‘plotKML’ ‘gstat’
    
    See the information on DESCRIPTION files in the chapter ‘Creating R
    packages’ of the ‘Writing R Extensions’ manual.
Flavor: r-release-osx-x86_64-mavericks

Version: 0.4-1
Check: package dependencies
Result: ERROR
    Packages required but not available: ‘aqp’ ‘plotKML’
    
    See the information on DESCRIPTION files in the chapter ‘Creating R
    packages’ of the ‘Writing R Extensions’ manual.
Flavor: r-release-osx-x86_64-snowleopard