CRAN Package Check Results for Package GSIF

Last updated on 2016-12-09 13:46:58.

Flavor Version Tinstall Tcheck Ttotal Status Flags
r-devel-linux-x86_64-debian-clang 0.5-3 8.42 136.27 144.69 OK
r-devel-linux-x86_64-debian-gcc 0.5-3 8.29 137.25 145.54 OK
r-devel-linux-x86_64-fedora-clang 0.5-3 301.08 OK --no-stop-on-test-error
r-devel-linux-x86_64-fedora-gcc 0.5-3 300.67 OK --no-stop-on-test-error
r-devel-macos-x86_64-clang 0.5-3 214.11 OK --no-stop-on-test-error
r-devel-windows-ix86+x86_64 0.5-3 23.00 201.00 224.00 OK
r-patched-linux-x86_64 0.5-3 7.68 125.11 132.79 OK
r-patched-solaris-sparc 0.5-3 1644.60 OK
r-patched-solaris-x86 0.5-3 346.90 OK
r-release-linux-x86_64 0.5-3 7.94 124.25 132.19 OK
r-release-osx-x86_64-mavericks 0.5-3 NOTE
r-release-windows-ix86+x86_64 0.5-3 23.00 193.00 216.00 OK
r-oldrel-windows-ix86+x86_64 0.5-3 35.00 287.00 322.00 OK

Check Details

Version: 0.5-3
Check: package dependencies
Result: NOTE
    Package suggested but not available for checking: ‘gdalUtils’
Flavor: r-release-osx-x86_64-mavericks