CRAN Package Check Results for Package GSIF

Last updated on 2014-11-24 12:47:46.

Flavor Version Tinstall Tcheck Ttotal Status Flags
r-devel-linux-x86_64-debian-clang 0.4-2 9.23 111.85 121.08 OK
r-devel-linux-x86_64-debian-gcc 0.4-2 9.89 109.56 119.45 OK
r-devel-linux-x86_64-fedora-clang 0.4-2 304.85 OK
r-devel-linux-x86_64-fedora-gcc 0.4-2 269.77 OK
r-devel-osx-x86_64-clang 0.4-2 236.08 OK
r-devel-windows-ix86+x86_64 0.4-2 26.00 166.00 192.00 OK
r-patched-linux-x86_64 0.4-2 9.83 115.56 125.40 OK
r-patched-solaris-sparc 0.4-2 1413.10 OK
r-patched-solaris-x86 0.4-2 380.10 OK
r-release-linux-ix86 0.4-2 10.77 133.74 144.51 OK
r-release-linux-x86_64 0.4-2 9.34 119.30 128.64 OK
r-release-osx-x86_64-mavericks 0.4-2 ERROR
r-release-osx-x86_64-snowleopard 0.4-2 ERROR
r-release-windows-ix86+x86_64 0.4-2 31.00 187.00 218.00 OK
r-oldrel-windows-ix86+x86_64 0.4-2 27.00 191.00 218.00 OK

Check Details

Version: 0.4-2
Check: package dependencies
Result: ERROR
    Packages required but not available:
     ‘RSAGA’ ‘rgdal’ ‘aqp’ ‘plotKML’ ‘gstat’
    
    Package suggested but not available for checking: ‘spacetime’
    
    See the information on DESCRIPTION files in the chapter ‘Creating R
    packages’ of the ‘Writing R Extensions’ manual.
Flavor: r-release-osx-x86_64-mavericks

Version: 0.4-2
Check: package dependencies
Result: ERROR
    Packages required but not available: ‘aqp’ ‘plotKML’
    
    See the information on DESCRIPTION files in the chapter ‘Creating R
    packages’ of the ‘Writing R Extensions’ manual.
Flavor: r-release-osx-x86_64-snowleopard