CRAN Package Check Results for Package GSIF

Last updated on 2014-04-24 23:48:04.

Flavor Version Tinstall Tcheck Ttotal Status Flags
r-devel-linux-x86_64-debian-clang 0.3-6 10.42 111.15 121.57 OK
r-devel-linux-x86_64-debian-gcc 0.3-6 10.30 110.64 120.94 OK
r-devel-linux-x86_64-fedora-clang 0.3-6 273.36 OK
r-devel-linux-x86_64-fedora-gcc 0.3-6 263.38 OK
r-devel-osx-x86_64-clang 0.3-6 227.69 OK
r-devel-osx-x86_64-gcc 0.3-6 ERROR
r-devel-windows-ix86+x86_64 0.3-6 23.00 154.00 177.00 OK
r-patched-linux-x86_64 0.3-6 10.65 110.79 121.44 OK
r-patched-solaris-sparc 0.3-6 1348.90 OK
r-patched-solaris-x86 0.3-6 361.10 OK
r-release-linux-ix86 0.3-6 16.00 174.00 190.00 OK
r-release-linux-x86_64 0.3-6 10.67 109.07 119.74 OK
r-release-osx-x86_64-mavericks 0.3-6 ERROR
r-release-osx-x86_64-snowleopard 0.3-6 ERROR
r-release-windows-ix86+x86_64 0.3-6 21.00 166.00 187.00 OK
r-oldrel-windows-ix86+x86_64 0.3-6 26.00 161.00 187.00 OK

Check Details

Version: 0.3-6
Check: package dependencies
Result: ERROR
    Packages required but not available:
     ‘RSAGA’ ‘dismo’ ‘raster’ ‘aqp’ ‘plotKML’ ‘gstat’
    
    Packages suggested but not available for checking:
     ‘XML’ ‘maptools’ ‘SDMTools’
    
    See the information on DESCRIPTION files in the chapter ‘Creating R
    packages’ of the ‘Writing R Extensions’ manual.
Flavor: r-devel-osx-x86_64-gcc

Version: 0.3-6
Check: package dependencies
Result: ERROR
    Packages required but not available:
     ‘RSAGA’ ‘rgdal’ ‘aqp’ ‘plotKML’ ‘gstat’
    
    Package suggested but not available for checking: ‘maptools’
    
    See the information on DESCRIPTION files in the chapter ‘Creating R
    packages’ of the ‘Writing R Extensions’ manual.
Flavor: r-release-osx-x86_64-mavericks

Version: 0.3-6
Check: package dependencies
Result: ERROR
    Packages required but not available: ‘aqp’ ‘plotKML’
    
    See the information on DESCRIPTION files in the chapter ‘Creating R
    packages’ of the ‘Writing R Extensions’ manual.
Flavor: r-release-osx-x86_64-snowleopard