CRAN Package Check Results for Package GSIF

Last updated on 2014-10-24 16:46:45.

Flavor Version Tinstall Tcheck Ttotal Status Flags
r-devel-linux-x86_64-debian-clang 0.4-1 9.37 109.78 119.16 NOTE
r-devel-linux-x86_64-debian-gcc 0.4-1 9.27 110.84 120.12 NOTE
r-devel-linux-x86_64-fedora-clang 0.4-1 267.36 NOTE
r-devel-linux-x86_64-fedora-gcc 0.4-1 257.75 NOTE
r-devel-osx-x86_64-clang 0.4-1 210.70 NOTE
r-devel-windows-ix86+x86_64 0.4-1 20.00 165.00 185.00 NOTE
r-patched-linux-x86_64 0.4-1 9.34 114.06 123.40 NOTE
r-patched-solaris-sparc 0.4-1 1427.60 NOTE
r-patched-solaris-x86 0.4-1 362.60 NOTE
r-release-linux-ix86 0.4-1 10.78 149.19 159.98 OK
r-release-linux-x86_64 0.4-1 9.24 114.36 123.60 OK
r-release-osx-x86_64-mavericks 0.4-1 ERROR
r-release-osx-x86_64-snowleopard 0.4-1 ERROR
r-release-windows-ix86+x86_64 0.4-1 23.00 189.00 212.00 OK
r-oldrel-windows-ix86+x86_64 0.4-1 27.00 181.00 208.00 OK

Check Details

Version: 0.4-1
Check: R code for possible problems
Result: NOTE
    .as.data.frame.SoilProfileCollection: no visible global function
     definition for ‘coordinates’
    .gdalwarp.SpatialPixels: no visible global function definition for
     ‘proj4string’
    .gdalwarp.SpatialPixels: no visible global function definition for
     ‘file_ext’
    .gdalwarp.SpatialPixels: no visible global function definition for
     ‘SpatialGrid’
    .over.geosamplesRaster: no visible global function definition for
     ‘coordinates<-’
    .over.geosamplesRaster: no visible global function definition for
     ‘proj4string<-’
    .over.geosamplesRaster: no visible global function definition for
     ‘proj4string’
    .over.geosamplesSP: no visible global function definition for
     ‘coordinates<-’
    .over.geosamplesSP: no visible global function definition for
     ‘proj4string<-’
    .programPath: no visible global function definition for
     ‘gdal_setInstallation’
    .subsetTiles: no visible binding for global variable ‘bbox’
    .test.gstat.Model: no visible global function definition for
     ‘coordinates<-’
    .test.gstat.Model: no visible global function definition for
     ‘proj4string<-’
    .tiles2pol: no visible binding for global variable ‘Polygon’
    REST.SoilGrids: no visible global function definition for ‘fromJSON’
    predict.gstatModel: no visible global function definition for
     ‘proj4string’
    predict.gstatModel: no visible global function definition for
     ‘areaSpatialGrid’
    predict.gstatModel: no visible global function definition for
     ‘proj4string<-’
    predict.gstatModel: no visible global function definition for
     ‘is.projected’
    predict.gstatModel: no visible global function definition for
     ‘zerodist’
    predict.gstatModel: no visible global function definition for
     ‘spsample’
    predict.gstatModel: no visible global function definition for
     ‘SpatialPixels’
    predict.gstatModel: no visible global function definition for
     ‘SpatialPoints’
    predict.gstatModel: no visible global function definition for
     ‘gridded<-’
    predict.gstatModel: no visible global function definition for
     ‘SpatialPixelsDataFrame’
    predict.gstatModel: no visible global function definition for ‘Line’
    predict.gstatModel: no visible global function definition for
     ‘SpatialLines’
    predict.gstatModel: no visible global function definition for ‘Lines’
    as.data.frame,SoilProfileCollection: no visible global function
     definition for ‘coordinates’
    show,SpatialPredictions: no visible global function definition for
     ‘proj4string’
    show,geosamples: no visible global function definition for
     ‘coordinates<-’
    show,geosamples: no visible global function definition for
     ‘proj4string<-’
Flavors: r-devel-linux-x86_64-debian-clang, r-devel-linux-x86_64-debian-gcc, r-devel-linux-x86_64-fedora-clang, r-devel-linux-x86_64-fedora-gcc, r-devel-osx-x86_64-clang, r-devel-windows-ix86+x86_64, r-patched-linux-x86_64, r-patched-solaris-sparc, r-patched-solaris-x86

Version: 0.4-1
Check: package dependencies
Result: ERROR
    Packages required but not available:
     ‘RSAGA’ ‘rgdal’ ‘aqp’ ‘plotKML’ ‘gstat’
    
    See the information on DESCRIPTION files in the chapter ‘Creating R
    packages’ of the ‘Writing R Extensions’ manual.
Flavor: r-release-osx-x86_64-mavericks

Version: 0.4-1
Check: package dependencies
Result: ERROR
    Packages required but not available: ‘aqp’ ‘plotKML’
    
    See the information on DESCRIPTION files in the chapter ‘Creating R
    packages’ of the ‘Writing R Extensions’ manual.
Flavor: r-release-osx-x86_64-snowleopard