CRAN Package Check Results for Package GSIF

Last updated on 2018-05-28 04:49:24 CEST.

Flavor Version Tinstall Tcheck Ttotal Status Flags
r-devel-linux-x86_64-debian-clang 0.5-4 37.28 213.53 250.81 OK
r-devel-linux-x86_64-debian-gcc 0.5-4 26.68 195.66 222.34 OK
r-devel-linux-x86_64-fedora-clang 0.5-4 334.43 OK
r-devel-linux-x86_64-fedora-gcc 0.5-4 328.64 OK
r-devel-windows-ix86+x86_64 0.5-4 45.00 217.00 262.00 OK
r-patched-linux-x86_64 0.5-4 26.43 206.71 233.14 OK
r-patched-solaris-x86 0.5-4 443.30 ERROR
r-release-linux-x86_64 0.5-4 28.98 199.75 228.73 OK
r-release-windows-ix86+x86_64 0.5-4 65.00 276.00 341.00 OK
r-release-osx-x86_64 0.5-4 OK
r-oldrel-windows-ix86+x86_64 0.5-4 34.00 227.00 261.00 OK
r-oldrel-osx-x86_64 0.5-4 OK

Check Details

Version: 0.5-4
Check: package dependencies
Result: NOTE
    Package suggested but not available for checking: ‘xgboost’
Flavor: r-patched-solaris-x86

Version: 0.5-4
Check: examples
Result: ERROR
    Running examples in ‘GSIF-Ex.R’ failed
    The error most likely occurred in:
    
    > ### Name: fit.regModel-methods
    > ### Title: Fits a regression model to spatial data
    > ### Aliases: fit.regModel
    > ### fit.regModel,formula,data.frame,SpatialPixelsDataFrame,character-method
    >
    > ### ** Examples
    >
    > library(sp)
    > library(rpart)
    > library(nlme)
    > library(gstat)
    > library(randomForest)
    randomForest 4.6-14
    Type rfNews() to see new features/changes/bug fixes.
    > library(quantregForest)
    Loading required package: RColorBrewer
    > library(xgboost)
    Error in library(xgboost) : there is no package called ‘xgboost’
    Execution halted
Flavor: r-patched-solaris-x86