CRAN Package Check Results for Package GSIF

Last updated on 2017-04-30 11:47:39.

Flavor Version Tinstall Tcheck Ttotal Status Flags
r-devel-linux-x86_64-debian-clang 0.5-3 7.81 134.80 142.62 OK
r-devel-linux-x86_64-debian-gcc 0.5-3 7.99 131.36 139.36 OK
r-devel-linux-x86_64-fedora-clang 0.5-3 294.97 OK --no-stop-on-test-error
r-devel-linux-x86_64-fedora-gcc 0.5-3 286.28 OK --no-stop-on-test-error
r-devel-windows-ix86+x86_64 0.5-3 38.00 294.00 332.00 OK
r-patched-linux-x86_64 0.5-3 7.85 134.91 142.76 OK
r-patched-solaris-sparc 0.5-3 1752.70 OK
r-patched-solaris-x86 0.5-3 396.00 OK
r-release-linux-x86_64 0.5-3 7.82 132.84 140.66 OK
r-release-windows-ix86+x86_64 0.5-3 34.00 276.00 310.00 OK
r-release-osx-x86_64 0.5-3 OK
r-oldrel-windows-ix86+x86_64 0.5-3 37.00 255.00 292.00 OK
r-oldrel-osx-x86_64 0.5-3 NOTE

Check Details

Version: 0.5-3
Check: package dependencies
Result: NOTE
    Package suggested but not available for checking: ‘gdalUtils’
Flavor: r-oldrel-osx-x86_64