CRAN Package Check Results for Package GSIF

Last updated on 2015-02-01 08:48:21.

Flavor Version Tinstall Tcheck Ttotal Status Flags
r-devel-linux-x86_64-debian-clang 0.4-4 6.10 83.21 89.32 OK
r-devel-linux-x86_64-debian-gcc 0.4-4 5.84 82.11 87.95 OK
r-devel-linux-x86_64-fedora-clang 0.4-4 97.46 OK
r-devel-linux-x86_64-fedora-gcc 0.4-4 188.49 OK
r-devel-osx-x86_64-clang 0.4-4 164.22 OK
r-devel-windows-ix86+x86_64 0.4-3 17.00 119.00 136.00 NOTE
r-patched-linux-x86_64 0.4-4 8.91 116.90 125.81 OK
r-patched-solaris-sparc 0.4-4 1421.90 OK
r-patched-solaris-x86 0.4-4 296.20 OK
r-release-linux-ix86 0.4-3 10.27 133.74 144.02 OK
r-release-linux-x86_64 0.4-3 9.51 116.76 126.28 OK
r-release-osx-x86_64-mavericks 0.4-4 ERROR
r-release-osx-x86_64-snowleopard 0.4-4 ERROR
r-release-windows-ix86+x86_64 0.4-4 26.00 164.00 190.00 OK
r-oldrel-windows-ix86+x86_64 0.4-4 27.00 192.00 219.00 OK

Check Details

Version: 0.4-3
Check: dependencies in R code
Result: NOTE
    'library' or 'require' calls in package code:
     'AICcmodavg' 'XML' 'gdalUtils' 'maptools' 'plyr' 'reshape' 'rjson'
     'spatstat' 'stringr' 'tools'
     Please use :: or requireNamespace() instead.
     See section 'Suggested packages' in the 'Writing R Extensions' manual.
Flavor: r-devel-windows-ix86+x86_64

Version: 0.4-4
Check: package dependencies
Result: ERROR
    Packages required but not available: ‘rgdal’ ‘aqp’ ‘plotKML’
    
    See the information on DESCRIPTION files in the chapter ‘Creating R
    packages’ of the ‘Writing R Extensions’ manual.
Flavor: r-release-osx-x86_64-mavericks

Version: 0.4-4
Check: package dependencies
Result: ERROR
    Packages required but not available: ‘aqp’ ‘plotKML’
    
    See the information on DESCRIPTION files in the chapter ‘Creating R
    packages’ of the ‘Writing R Extensions’ manual.
Flavor: r-release-osx-x86_64-snowleopard