CRAN Package Check Results for Package GSIF

Last updated on 2014-12-18 19:50:37.

Flavor Version Tinstall Tcheck Ttotal Status Flags
r-devel-linux-x86_64-debian-clang 0.4-3 9.18 113.48 122.67 OK
r-devel-linux-x86_64-debian-gcc 0.4-3 9.32 113.47 122.79 OK
r-devel-linux-x86_64-fedora-clang 0.4-3 281.32 OK
r-devel-linux-x86_64-fedora-gcc 0.4-3 255.38 OK
r-devel-osx-x86_64-clang 0.4-3 228.80 OK
r-devel-windows-ix86+x86_64 0.4-3 30.00 175.00 205.00 OK
r-patched-linux-x86_64 0.4-3 9.51 120.68 130.20 OK
r-patched-solaris-sparc 0.4-3 1504.30 OK
r-patched-solaris-x86 0.4-3 381.80 OK
r-release-linux-ix86 0.4-3 10.46 135.28 145.74 OK
r-release-linux-x86_64 0.4-3 9.38 118.27 127.66 OK
r-release-osx-x86_64-mavericks 0.4-3 ERROR
r-release-osx-x86_64-snowleopard 0.4-3 ERROR
r-release-windows-ix86+x86_64 0.4-3 29.00 196.00 225.00 OK
r-oldrel-windows-ix86+x86_64 0.4-3 29.00 202.00 231.00 OK

Check Details

Version: 0.4-3
Check: package dependencies
Result: ERROR
    Packages required but not available:
     ‘RSAGA’ ‘rgdal’ ‘aqp’ ‘plotKML’ ‘gstat’
    
    Package suggested but not available for checking: ‘spacetime’
    
    See the information on DESCRIPTION files in the chapter ‘Creating R
    packages’ of the ‘Writing R Extensions’ manual.
Flavor: r-release-osx-x86_64-mavericks

Version: 0.4-3
Check: package dependencies
Result: ERROR
    Packages required but not available: ‘aqp’ ‘plotKML’
    
    See the information on DESCRIPTION files in the chapter ‘Creating R
    packages’ of the ‘Writing R Extensions’ manual.
Flavor: r-release-osx-x86_64-snowleopard