CRAN Package Check Results for Package GSIF

Last updated on 2017-01-21 16:48:36.

Flavor Version Tinstall Tcheck Ttotal Status Flags
r-devel-linux-x86_64-debian-clang 0.5-3 9.74 131.89 141.64 OK
r-devel-linux-x86_64-debian-gcc 0.5-3 7.93 132.25 140.18 OK
r-devel-linux-x86_64-fedora-clang 0.5-3 288.62 OK --no-stop-on-test-error
r-devel-linux-x86_64-fedora-gcc 0.5-3 276.81 OK --no-stop-on-test-error
r-devel-macos-x86_64-clang 0.5-3 208.19 OK --no-stop-on-test-error
r-devel-windows-ix86+x86_64 0.5-3 34.00 270.00 304.00 OK
r-patched-linux-x86_64 0.5-3 8.00 125.52 133.52 OK
r-patched-solaris-sparc 0.5-3 1555.90 OK
r-patched-solaris-x86 0.5-3 363.70 OK
r-release-linux-x86_64 0.5-3 7.67 122.94 130.61 OK
r-release-osx-x86_64-mavericks 0.5-3 NOTE
r-release-windows-ix86+x86_64 0.5-3 30.00 267.00 297.00 OK
r-oldrel-windows-ix86+x86_64 0.5-3 37.00 276.00 313.00 OK

Check Details

Version: 0.5-3
Check: package dependencies
Result: NOTE
    Package suggested but not available for checking: ‘gdalUtils’
Flavor: r-release-osx-x86_64-mavericks