CRAN Package Check Results for Package GSIF

Last updated on 2016-05-31 06:47:25.

Flavor Version Tinstall Tcheck Ttotal Status Flags
r-devel-linux-x86_64-debian-gcc 0.5-1 7.80 125.68 133.48 OK
r-devel-linux-x86_64-fedora-clang 0.5-1 263.32 OK
r-devel-linux-x86_64-fedora-gcc 0.5-1 263.62 OK
r-devel-osx-x86_64-clang 0.5-1 272.09 OK
r-devel-windows-ix86+x86_64 0.5-1 22.00 198.00 220.00 OK
r-patched-linux-x86_64 0.5-1 8.24 123.78 132.02 OK
r-patched-solaris-sparc 0.5-1 1615.60 OK
r-patched-solaris-x86 0.5-1 358.20 OK
r-release-linux-x86_64 0.5-1 8.27 123.71 131.99 OK
r-release-osx-x86_64-mavericks 0.5-1 NOTE
r-release-windows-ix86+x86_64 0.5-1 29.00 220.00 249.00 OK
r-oldrel-windows-ix86+x86_64 0.5-1 25.00 217.00 242.00 OK

Check Details

Version: 0.5-1
Check: package dependencies
Result: NOTE
    Package suggested but not available for checking: ‘gdalUtils’
Flavor: r-release-osx-x86_64-mavericks