CRAN Package Check Results for Package GSIF

Last updated on 2017-02-24 19:48:12.

Flavor Version Tinstall Tcheck Ttotal Status Flags
r-devel-linux-x86_64-debian-clang 0.5-3 7.93 131.77 139.69 OK
r-devel-linux-x86_64-debian-gcc 0.5-3 7.97 132.89 140.87 OK
r-devel-linux-x86_64-fedora-clang 0.5-3 291.73 OK --no-stop-on-test-error
r-devel-linux-x86_64-fedora-gcc 0.5-3 293.08 OK --no-stop-on-test-error
r-devel-macos-x86_64-clang 0.5-3 214.49 OK --no-stop-on-test-error
r-devel-windows-ix86+x86_64 0.5-3 33.00 271.00 304.00 OK
r-patched-linux-x86_64 0.5-3 7.99 123.12 131.11 OK
r-patched-solaris-sparc 0.5-3 1555.90 OK
r-patched-solaris-x86 0.5-3 355.70 OK
r-release-linux-x86_64 0.5-3 7.75 123.42 131.17 OK
r-release-osx-x86_64-mavericks 0.5-3 NOTE
r-release-windows-ix86+x86_64 0.5-3 32.00 263.00 295.00 OK
r-oldrel-windows-ix86+x86_64 0.5-3 35.00 276.00 311.00 OK

Check Details

Version: 0.5-3
Check: package dependencies
Result: NOTE
    Package suggested but not available for checking: ‘gdalUtils’
Flavor: r-release-osx-x86_64-mavericks