CRAN Package Check Results for Package GSIF

Last updated on 2014-09-02 05:46:34.

Flavor Version Tinstall Tcheck Ttotal Status Flags
r-devel-linux-x86_64-debian-clang 0.4-1 10.70 100.72 111.42 NOTE
r-devel-linux-x86_64-debian-gcc 0.4-1 8.66 101.02 109.67 NOTE
r-devel-linux-x86_64-fedora-clang 0.4-1 260.02 NOTE
r-devel-linux-x86_64-fedora-gcc 0.4-1 248.53 NOTE
r-devel-osx-x86_64-clang 0.4-1 203.74 NOTE
r-devel-windows-ix86+x86_64 0.4-1 23.00 152.00 175.00 NOTE
r-patched-linux-x86_64 0.4-1 9.66 107.42 117.07 OK
r-patched-solaris-sparc 0.4-1 1413.70 OK
r-patched-solaris-x86 0.4-1 357.90 OK
r-release-linux-ix86 0.4-1 10.35 129.33 139.68 OK
r-release-linux-x86_64 0.4-1 8.94 107.71 116.65 OK
r-release-osx-x86_64-mavericks 0.4-1 ERROR
r-release-osx-x86_64-snowleopard 0.4-1 ERROR
r-release-windows-ix86+x86_64 0.4-1 22.00 160.00 182.00 OK
r-oldrel-windows-ix86+x86_64 0.4-1 20.00 164.00 184.00 OK

Check Details

Version: 0.4-1
Check: R code for possible problems
Result: NOTE
    .as.data.frame.SoilProfileCollection: no visible global function
     definition for ‘coordinates’
    .gdalwarp.SpatialPixels: no visible global function definition for
     ‘proj4string’
    .gdalwarp.SpatialPixels: no visible global function definition for
     ‘file_ext’
    .gdalwarp.SpatialPixels: no visible global function definition for
     ‘SpatialGrid’
    .over.geosamplesRaster: no visible global function definition for
     ‘coordinates<-’
    .over.geosamplesRaster: no visible global function definition for
     ‘proj4string<-’
    .over.geosamplesRaster: no visible global function definition for
     ‘proj4string’
    .over.geosamplesSP: no visible global function definition for
     ‘coordinates<-’
    .over.geosamplesSP: no visible global function definition for
     ‘proj4string<-’
    .programPath: no visible global function definition for
     ‘gdal_setInstallation’
    .subsetTiles: no visible binding for global variable ‘bbox’
    .test.gstat.Model: no visible global function definition for
     ‘coordinates<-’
    .test.gstat.Model: no visible global function definition for
     ‘proj4string<-’
    .tiles2pol: no visible binding for global variable ‘Polygon’
    REST.SoilGrids: no visible global function definition for ‘fromJSON’
    predict.gstatModel: no visible global function definition for
     ‘proj4string’
    predict.gstatModel: no visible global function definition for
     ‘areaSpatialGrid’
    predict.gstatModel: no visible global function definition for
     ‘proj4string<-’
    predict.gstatModel: no visible global function definition for
     ‘is.projected’
    predict.gstatModel: no visible global function definition for
     ‘zerodist’
    predict.gstatModel: no visible global function definition for
     ‘spsample’
    predict.gstatModel: no visible global function definition for
     ‘SpatialPixels’
    predict.gstatModel: no visible global function definition for
     ‘SpatialPoints’
    predict.gstatModel: no visible global function definition for
     ‘gridded<-’
    predict.gstatModel: no visible global function definition for
     ‘SpatialPixelsDataFrame’
    predict.gstatModel: no visible global function definition for ‘Line’
    predict.gstatModel: no visible global function definition for
     ‘SpatialLines’
    predict.gstatModel: no visible global function definition for ‘Lines’
    as.data.frame,SoilProfileCollection: no visible global function
     definition for ‘coordinates’
    show,SpatialPredictions: no visible global function definition for
     ‘proj4string’
    show,geosamples: no visible global function definition for
     ‘coordinates<-’
    show,geosamples: no visible global function definition for
     ‘proj4string<-’
Flavors: r-devel-linux-x86_64-debian-clang, r-devel-linux-x86_64-debian-gcc, r-devel-linux-x86_64-fedora-clang, r-devel-linux-x86_64-fedora-gcc, r-devel-osx-x86_64-clang, r-devel-windows-ix86+x86_64

Version: 0.4-1
Check: package dependencies
Result: ERROR
    Packages required but not available:
     ‘RSAGA’ ‘rgdal’ ‘aqp’ ‘plotKML’ ‘gstat’
    
    See the information on DESCRIPTION files in the chapter ‘Creating R
    packages’ of the ‘Writing R Extensions’ manual.
Flavor: r-release-osx-x86_64-mavericks

Version: 0.4-1
Check: package dependencies
Result: ERROR
    Packages required but not available: ‘aqp’ ‘plotKML’
    
    See the information on DESCRIPTION files in the chapter ‘Creating R
    packages’ of the ‘Writing R Extensions’ manual.
Flavor: r-release-osx-x86_64-snowleopard