CRAN Package Check Results for Package GSIF

Last updated on 2015-07-03 23:47:35.

Flavor Version Tinstall Tcheck Ttotal Status Flags
r-devel-linux-x86_64-debian-clang 0.4-6 6.14 93.20 99.34 NOTE
r-devel-linux-x86_64-debian-gcc 0.4-6 6.07 93.52 99.59 NOTE
r-devel-linux-x86_64-fedora-clang 0.4-6 208.32 NOTE
r-devel-linux-x86_64-fedora-gcc 0.4-6 194.44 NOTE
r-devel-osx-x86_64-clang 0.4-6 169.30 OK
r-devel-windows-ix86+x86_64 0.4-6 16.00 144.00 160.00 NOTE
r-patched-linux-x86_64 0.4-6 5.97 93.98 99.95 OK
r-patched-solaris-sparc 0.4-6 1294.70 OK
r-patched-solaris-x86 0.4-6 297.40 OK
r-release-linux-x86_64 0.4-6 6.53 95.90 102.43 OK
r-release-osx-x86_64-mavericks 0.4-6 OK
r-release-windows-ix86+x86_64 0.4-6 26.00 133.00 159.00 OK
r-oldrel-windows-ix86+x86_64 0.4-6 29.00 223.00 252.00 OK

Check Details

Version: 0.4-6
Check: R code for possible problems
Result: NOTE
    .EffR: no visible global function definition for ‘smooth.spline’
    .test.gstat.Model: no visible global function definition for ‘runif’
    .test.gstat.Model: no visible global function definition for
     ‘as.formula’
    .test.gstat.Model: no visible global function definition for ‘sd’
    ERDICM: no visible global function definition for ‘smooth.spline’
    LRI: no visible global function definition for ‘sd’
    SoilGrid.validator: no visible global function definition for
     ‘nclass.Sturges’
    SoilGrid.validator: no visible global function definition for ‘ks.test’
    SoilGrid.validator: no visible global function definition for ‘sd’
    TT2tri: no visible global function definition for ‘weighted.mean’
    extract.list: no visible global function definition for ‘as.formula’
    extract.list: no visible global function definition for ‘aggregate’
    makeSAGAlegend: no visible global function definition for ‘col2rgb’
    plot.gstatModel: no visible global function definition for ‘dev.new’
    plot.gstatModel: no visible global function definition for ‘par’
    plot.gstatModel: no visible global function definition for ‘fitted’
    plot.gstatModel: no visible global function definition for ‘resid’
    plot.gstatModel: no visible global function definition for ‘abline’
    plot.gstatModel: no visible global function definition for ‘lines’
    predict.gstatModel: no visible global function definition for ‘formula’
    predict.gstatModel: no visible binding for global variable ‘na.pass’
    predict.gstatModel: no visible global function definition for ‘sd’
    predict.gstatModel: no visible global function definition for ‘ave’
    predict.gstatModel: no visible global function definition for ‘fitted’
    predict.gstatModel: no visible global function definition for
     ‘as.formula’
    predict.gstatModel: no visible global function definition for ‘var’
    predict.gstatModel: no visible global function definition for ‘runif’
    predict.gstatModel: no visible global function definition for
     ‘fitted.values’
    predict.gstatModel: no visible global function definition for ‘rnorm’
    resample.grid: no visible global function definition for ‘quantile’
    resample.grid: no visible global function definition for ‘density’
    resample.grid: no visible global function definition for ‘sd’
    spline.krige: no visible global function definition for ‘as.formula’
    plot,gstatModel-ANY: no visible global function definition for
     ‘dev.new’
    plot,gstatModel-ANY: no visible global function definition for ‘par’
    plot,gstatModel-ANY: no visible global function definition for ‘fitted’
    plot,gstatModel-ANY: no visible global function definition for ‘resid’
    plot,gstatModel-ANY: no visible global function definition for ‘abline’
    plot,gstatModel-ANY: no visible global function definition for ‘lines’
    show,SpatialPredictions: no visible global function definition for
     ‘var’
    show,SpatialPredictions: no visible global function definition for
     ‘na.omit’
    Undefined global functions or variables:
     abline aggregate as.formula ave col2rgb density dev.new fitted
     fitted.values formula ks.test lines na.omit na.pass nclass.Sturges
     par quantile resid rnorm runif sd smooth.spline var weighted.mean
Flavors: r-devel-linux-x86_64-debian-clang, r-devel-linux-x86_64-debian-gcc

Version: 0.4-6
Check: R code for possible problems
Result: NOTE
    .EffR: no visible global function definition for ‘smooth.spline’
    .test.gstat.Model: no visible global function definition for ‘runif’
    .test.gstat.Model: no visible global function definition for
     ‘as.formula’
    .test.gstat.Model: no visible global function definition for ‘sd’
    ERDICM: no visible global function definition for ‘smooth.spline’
    LRI: no visible global function definition for ‘sd’
    SoilGrid.validator: no visible global function definition for
     ‘nclass.Sturges’
    SoilGrid.validator: no visible global function definition for ‘ks.test’
    SoilGrid.validator: no visible global function definition for ‘sd’
    TT2tri: no visible global function definition for ‘weighted.mean’
    extract.list: no visible global function definition for ‘as.formula’
    extract.list: no visible global function definition for ‘aggregate’
    makeSAGAlegend: no visible global function definition for ‘col2rgb’
    plot.gstatModel: no visible global function definition for ‘dev.new’
    plot.gstatModel: no visible global function definition for ‘par’
    plot.gstatModel: no visible global function definition for ‘fitted’
    plot.gstatModel: no visible global function definition for ‘resid’
    plot.gstatModel: no visible global function definition for ‘abline’
    plot.gstatModel: no visible global function definition for ‘lines’
    predict.gstatModel: no visible global function definition for ‘formula’
    predict.gstatModel: no visible binding for global variable ‘na.pass’
    predict.gstatModel: no visible global function definition for ‘sd’
    predict.gstatModel: no visible global function definition for ‘ave’
    predict.gstatModel: no visible global function definition for ‘fitted’
    predict.gstatModel: no visible global function definition for
     ‘as.formula’
    predict.gstatModel: no visible global function definition for ‘var’
    predict.gstatModel: no visible global function definition for ‘runif’
    predict.gstatModel: no visible global function definition for
     ‘fitted.values’
    predict.gstatModel: no visible global function definition for ‘rnorm’
    resample.grid: no visible global function definition for ‘quantile’
    resample.grid: no visible global function definition for ‘density’
    resample.grid: no visible global function definition for ‘sd’
    spline.krige: no visible global function definition for ‘as.formula’
    MaxEnt,ppp-SpatialPixelsDataFrame: no visible global function
     definition for ‘evaluate’
    MaxEnt,ppp-SpatialPixelsDataFrame: no visible global function
     definition for ‘calc’
    autopredict,SpatialPointsDataFrame-SpatialPixelsDataFrame: no visible
     global function definition for ‘as.formula’
    autopredict,SpatialPointsDataFrame-SpatialPixelsDataFrame: no visible
     global function definition for ‘plotKML’
    extract,SpatialPoints-character: no visible global function definition
     for ‘as.formula’
    extract,SpatialPoints-character: no visible global function definition
     for ‘aggregate’
    extract,SpatialPointsDataFrame-character: no visible global function
     definition for ‘as.formula’
    extract,SpatialPointsDataFrame-character: no visible global function
     definition for ‘aggregate’
    fit.gstatModel,SpatialPointsDataFrame-formula-SpatialPixelsDataFrame:
     Error while checking: invalid 'envir' argument
    fit.gstatModel,geosamples-formula-SpatialPixelsDataFrame: Error while
     checking: invalid 'envir' argument
    fit.gstatModel,geosamples-formula-list: Error while checking: invalid
     'envir' argument
    fit.gstatModel,geosamples-list-list: Error while checking: invalid
     'envir' argument
    fit.regModel,formula-data.frame-SpatialPixelsDataFrame-character: Error
     while checking: invalid 'envir' argument
    fit.vgmModel,formula-data.frame-SpatialPixelsDataFrame: no visible
     global function definition for ‘complete.cases’
    fit.vgmModel,formula-data.frame-SpatialPixelsDataFrame: no visible
     global function definition for ‘as.formula’
    fit.vgmModel,formula-data.frame-SpatialPixelsDataFrame: no visible
     global function definition for ‘runif’
    fit.vgmModel,formula-data.frame-SpatialPixelsDataFrame: no visible
     global function definition for ‘var’
    merge,SpatialPredictions-SpatialPredictions : <anonymous>: no visible
     global function definition for ‘var’
    merge,SpatialPredictions-SpatialPredictions: no visible binding for
     global variable ‘obj’
    mpspline,SoilProfileCollection: no visible global function definition
     for ‘sd’
    over,WPS-SpatialPoints: no visible global function definition for
     ‘getURL’
    plot,gstatModel-ANY: no visible global function definition for
     ‘dev.new’
    plot,gstatModel-ANY: no visible global function definition for ‘par’
    plot,gstatModel-ANY: no visible global function definition for ‘fitted’
    plot,gstatModel-ANY: no visible global function definition for ‘resid’
    plot,gstatModel-ANY: no visible global function definition for ‘abline’
    plot,gstatModel-ANY: no visible global function definition for ‘lines’
    predict,gstatModel: no visible global function definition for ‘formula’
    predict,gstatModel: no visible binding for global variable ‘na.pass’
    predict,gstatModel: no visible global function definition for ‘sd’
    predict,gstatModel: no visible global function definition for ‘ave’
    predict,gstatModel: no visible global function definition for ‘fitted’
    predict,gstatModel: no visible global function definition for
     ‘as.formula’
    predict,gstatModel: no visible global function definition for ‘var’
    predict,gstatModel: no visible global function definition for ‘runif’
    predict,gstatModel: no visible global function definition for
     ‘fitted.values’
    predict,gstatModel: no visible global function definition for ‘rnorm’
    show,SpatialPredictions: no visible global function definition for
     ‘var’
    show,SpatialPredictions: no visible global function definition for
     ‘na.omit’
    spc,SpatialPixelsDataFrame-formula: no visible global function
     definition for ‘as.formula’
    spc,SpatialPixelsDataFrame-formula: no visible binding for global
     variable ‘out’
    spc,SpatialPixelsDataFrame-formula: no visible binding for global
     variable ‘sd’
    spfkm,formula-SpatialPointsDataFrame-SpatialPixelsDataFrame: no visible
     global function definition for ‘as.formula’
    spmultinom,formula-SpatialPointsDataFrame-SpatialPixelsDataFrame: no
     visible global function definition for ‘as.formula’
    spmultinom,formula-SpatialPointsDataFrame-SpatialPixelsDataFrame: no
     visible binding for global variable ‘na.pass’
    spmultinom,formula-SpatialPointsDataFrame-SpatialPixelsDataFrame: no
     visible global function definition for ‘aggregate’
    spsample.prob,SpatialPoints-SpatialPixelsDataFrame: no visible global
     function definition for ‘quantile’
    spsample.prob,SpatialPoints-SpatialPixelsDataFrame: no visible global
     function definition for ‘density’
    spsample.prob,SpatialPoints-SpatialPixelsDataFrame: no visible global
     function definition for ‘as.formula’
    subset,WPS: no visible global function definition for ‘getURL’
    summary,SpatialPredictions: no visible global function definition for
     ‘var’
    summary,SpatialPredictions: no visible global function definition for
     ‘na.omit’
    test.gstatModel,SpatialPointsDataFrame-formula-SpatialPixelsDataFrame:
     no visible global function definition for ‘runif’
    test.gstatModel,SpatialPointsDataFrame-formula-SpatialPixelsDataFrame:
     no visible global function definition for ‘as.formula’
    test.gstatModel,SpatialPointsDataFrame-formula-SpatialPixelsDataFrame:
     no visible global function definition for ‘sd’
    test.gstatModel,geosamples-formula-SpatialPixelsDataFrame: no visible
     global function definition for ‘runif’
    test.gstatModel,geosamples-formula-SpatialPixelsDataFrame: no visible
     global function definition for ‘as.formula’
    test.gstatModel,geosamples-formula-SpatialPixelsDataFrame: no visible
     global function definition for ‘sd’
    validate,gstatModel: no visible global function definition for
     ‘formula’
    Undefined global functions or variables:
     abline aggregate as.formula ave calc col2rgb complete.cases density
     dev.new evaluate fitted fitted.values formula getURL ks.test lines
     na.omit na.pass nclass.Sturges obj out par plotKML quantile resid
     rnorm runif sd smooth.spline var weighted.mean
Flavors: r-devel-linux-x86_64-fedora-clang, r-devel-linux-x86_64-fedora-gcc

Version: 0.4-6
Check: R code for possible problems
Result: NOTE
    .EffR: no visible global function definition for 'smooth.spline'
    .test.gstat.Model: no visible global function definition for 'runif'
    .test.gstat.Model: no visible global function definition for
     'as.formula'
    .test.gstat.Model: no visible global function definition for 'sd'
    ERDICM: no visible global function definition for 'smooth.spline'
    LRI: no visible global function definition for 'sd'
    SoilGrid.validator: no visible global function definition for
     'nclass.Sturges'
    SoilGrid.validator: no visible global function definition for 'ks.test'
    SoilGrid.validator: no visible global function definition for 'sd'
    TT2tri: no visible global function definition for 'weighted.mean'
    extract.list: no visible global function definition for 'as.formula'
    extract.list: no visible global function definition for 'aggregate'
    makeSAGAlegend: no visible global function definition for 'col2rgb'
    plot.gstatModel: no visible global function definition for 'dev.new'
    plot.gstatModel: no visible global function definition for 'par'
    plot.gstatModel: no visible global function definition for 'fitted'
    plot.gstatModel: no visible global function definition for 'resid'
    plot.gstatModel: no visible global function definition for 'abline'
    plot.gstatModel: no visible global function definition for 'lines'
    predict.gstatModel: no visible global function definition for 'formula'
    predict.gstatModel: no visible binding for global variable 'na.pass'
    predict.gstatModel: no visible global function definition for 'sd'
    predict.gstatModel: no visible global function definition for 'ave'
    predict.gstatModel: no visible global function definition for 'fitted'
    predict.gstatModel: no visible global function definition for
     'as.formula'
    predict.gstatModel: no visible global function definition for 'var'
    predict.gstatModel: no visible global function definition for 'runif'
    predict.gstatModel: no visible global function definition for
     'fitted.values'
    predict.gstatModel: no visible global function definition for 'rnorm'
    resample.grid: no visible global function definition for 'quantile'
    resample.grid: no visible global function definition for 'density'
    resample.grid: no visible global function definition for 'sd'
    spline.krige: no visible global function definition for 'as.formula'
    MaxEnt,ppp-SpatialPixelsDataFrame: no visible global function
     definition for 'evaluate'
    MaxEnt,ppp-SpatialPixelsDataFrame: no visible global function
     definition for 'calc'
    autopredict,SpatialPointsDataFrame-SpatialPixelsDataFrame: no visible
     global function definition for 'as.formula'
    autopredict,SpatialPointsDataFrame-SpatialPixelsDataFrame: no visible
     global function definition for 'plotKML'
    extract,SpatialPoints-character: no visible global function definition
     for 'as.formula'
    extract,SpatialPoints-character: no visible global function definition
     for 'aggregate'
    extract,SpatialPointsDataFrame-character: no visible global function
     definition for 'as.formula'
    extract,SpatialPointsDataFrame-character: no visible global function
     definition for 'aggregate'
    fit.gstatModel,SpatialPointsDataFrame-formula-SpatialPixelsDataFrame:
     no visible global function definition for 'gaussian'
    fit.gstatModel,geosamples-formula-SpatialPixelsDataFrame: no visible
     global function definition for 'gaussian'
    fit.gstatModel,geosamples-formula-list: no visible global function
     definition for 'gaussian'
    fit.gstatModel,geosamples-list-list: no visible global function
     definition for 'gaussian'
    fit.gstatModel,geosamples-list-list: no visible binding for global
     variable 'methodid'
    fit.regModel,formula-data.frame-SpatialPixelsDataFrame-character: no
     visible global function definition for 'gaussian'
    fit.regModel,formula-data.frame-SpatialPixelsDataFrame-character: no
     visible binding for global variable 'na.omit'
    fit.regModel,formula-data.frame-SpatialPixelsDataFrame-character: no
     visible global function definition for 'resid'
    fit.regModel,formula-data.frame-SpatialPixelsDataFrame-character: no
     visible global function definition for 'corExp'
    fit.regModel,formula-data.frame-SpatialPixelsDataFrame-character: no
     visible global function definition for 'glm'
    fit.regModel,formula-data.frame-SpatialPixelsDataFrame-character: no
     visible binding for global variable 'weights'
    fit.regModel,formula-data.frame-SpatialPixelsDataFrame-character: no
     visible global function definition for 'step'
    fit.regModel,formula-data.frame-SpatialPixelsDataFrame-character: no
     visible binding for global variable 'na.pass'
    fit.regModel,formula-data.frame-SpatialPixelsDataFrame-character: no
     visible global function definition for 'as.formula'
    fit.vgmModel,formula-data.frame-SpatialPixelsDataFrame: no visible
     global function definition for 'complete.cases'
    fit.vgmModel,formula-data.frame-SpatialPixelsDataFrame: no visible
     global function definition for 'as.formula'
    fit.vgmModel,formula-data.frame-SpatialPixelsDataFrame: no visible
     global function definition for 'runif'
    fit.vgmModel,formula-data.frame-SpatialPixelsDataFrame: no visible
     global function definition for 'var'
    merge,SpatialPredictions-SpatialPredictions : <anonymous>: no visible
     global function definition for 'var'
    merge,SpatialPredictions-SpatialPredictions: no visible binding for
     global variable 'obj'
    mpspline,SoilProfileCollection: no visible global function definition
     for 'sd'
    over,WPS-SpatialPoints: no visible global function definition for
     'getURL'
    plot,gstatModel-ANY: no visible global function definition for
     'dev.new'
    plot,gstatModel-ANY: no visible global function definition for 'par'
    plot,gstatModel-ANY: no visible global function definition for 'fitted'
    plot,gstatModel-ANY: no visible global function definition for 'resid'
    plot,gstatModel-ANY: no visible global function definition for 'abline'
    plot,gstatModel-ANY: no visible global function definition for 'lines'
    predict,gstatModel: no visible global function definition for 'formula'
    predict,gstatModel: no visible binding for global variable 'na.pass'
    predict,gstatModel: no visible global function definition for 'sd'
    predict,gstatModel: no visible global function definition for 'ave'
    predict,gstatModel: no visible global function definition for 'fitted'
    predict,gstatModel: no visible global function definition for
     'as.formula'
    predict,gstatModel: no visible global function definition for 'var'
    predict,gstatModel: no visible global function definition for 'runif'
    predict,gstatModel: no visible global function definition for
     'fitted.values'
    predict,gstatModel: no visible global function definition for 'rnorm'
    show,SpatialPredictions: no visible global function definition for
     'var'
    show,SpatialPredictions: no visible global function definition for
     'na.omit'
    spc,SpatialPixelsDataFrame-formula: no visible global function
     definition for 'as.formula'
    spc,SpatialPixelsDataFrame-formula: no visible binding for global
     variable 'out'
    spc,SpatialPixelsDataFrame-formula: no visible binding for global
     variable 'sd'
    spfkm,formula-SpatialPointsDataFrame-SpatialPixelsDataFrame: no visible
     global function definition for 'as.formula'
    spmultinom,formula-SpatialPointsDataFrame-SpatialPixelsDataFrame: no
     visible global function definition for 'as.formula'
    spmultinom,formula-SpatialPointsDataFrame-SpatialPixelsDataFrame: no
     visible binding for global variable 'na.pass'
    spmultinom,formula-SpatialPointsDataFrame-SpatialPixelsDataFrame: no
     visible global function definition for 'aggregate'
    spsample.prob,SpatialPoints-SpatialPixelsDataFrame: no visible global
     function definition for 'quantile'
    spsample.prob,SpatialPoints-SpatialPixelsDataFrame: no visible global
     function definition for 'density'
    spsample.prob,SpatialPoints-SpatialPixelsDataFrame: no visible global
     function definition for 'as.formula'
    subset,WPS: no visible global function definition for 'getURL'
    summary,SpatialPredictions: no visible global function definition for
     'var'
    summary,SpatialPredictions: no visible global function definition for
     'na.omit'
    test.gstatModel,SpatialPointsDataFrame-formula-SpatialPixelsDataFrame:
     no visible global function definition for 'runif'
    test.gstatModel,SpatialPointsDataFrame-formula-SpatialPixelsDataFrame:
     no visible global function definition for 'as.formula'
    test.gstatModel,SpatialPointsDataFrame-formula-SpatialPixelsDataFrame:
     no visible global function definition for 'sd'
    test.gstatModel,geosamples-formula-SpatialPixelsDataFrame: no visible
     global function definition for 'runif'
    test.gstatModel,geosamples-formula-SpatialPixelsDataFrame: no visible
     global function definition for 'as.formula'
    test.gstatModel,geosamples-formula-SpatialPixelsDataFrame: no visible
     global function definition for 'sd'
    validate,gstatModel: no visible global function definition for
     'formula'
    Undefined global functions or variables:
     abline aggregate as.formula ave calc col2rgb complete.cases corExp
     density dev.new evaluate fitted fitted.values formula gaussian getURL
     glm ks.test lines methodid na.omit na.pass nclass.Sturges obj out par
     plotKML quantile resid rnorm runif sd smooth.spline step var
     weighted.mean weights
Flavor: r-devel-windows-ix86+x86_64