CRAN Package Check Results for Package GSIF

Last updated on 2016-07-27 19:50:25.

Flavor Version Tinstall Tcheck Ttotal Status Flags
r-devel-linux-x86_64-debian-clang 0.5-3 9.73 148.69 158.42 OK
r-devel-linux-x86_64-debian-gcc 0.5-3 10.23 146.14 156.37 OK
r-devel-linux-x86_64-fedora-clang 0.5-3 303.21 OK
r-devel-linux-x86_64-fedora-gcc 0.5-3 259.38 OK
r-devel-osx-x86_64-clang 0.5-3 202.96 OK
r-devel-windows-ix86+x86_64 0.5-3 32.00 278.00 310.00 OK
r-patched-linux-x86_64 0.5-3 10.68 139.36 150.04 OK
r-patched-solaris-sparc 0.5-3 1530.70 OK
r-patched-solaris-x86 0.5-3 319.10 OK
r-release-linux-x86_64 0.5-3 8.82 146.58 155.41 OK
r-release-osx-x86_64-mavericks 0.5-3 NOTE
r-release-windows-ix86+x86_64 0.5-3 32.00 255.00 287.00 OK
r-oldrel-windows-ix86+x86_64 0.5-3 33.00 271.00 304.00 OK

Check Details

Version: 0.5-3
Check: package dependencies
Result: NOTE
    Package suggested but not available for checking: ‘gdalUtils’
Flavor: r-release-osx-x86_64-mavericks