CRAN Package Check Results for Package GSIF

Last updated on 2016-08-26 11:47:21.

Flavor Version Tinstall Tcheck Ttotal Status Flags
r-devel-linux-x86_64-debian-clang 0.5-3 8.07 127.72 135.80 OK
r-devel-linux-x86_64-debian-gcc 0.5-3 11.64 160.08 171.72 OK
r-devel-linux-x86_64-fedora-clang 0.5-3 274.49 OK
r-devel-linux-x86_64-fedora-gcc 0.5-3 258.41 OK
r-devel-osx-x86_64-clang 0.5-3 202.61 OK
r-devel-windows-ix86+x86_64 0.5-3 32.00 255.00 287.00 ERROR
r-patched-linux-x86_64 0.5-3 7.67 124.96 132.63 OK
r-patched-solaris-sparc 0.5-3 1530.70 OK
r-patched-solaris-x86 0.5-3 354.50 OK
r-release-linux-x86_64 0.5-3 8.16 123.98 132.14 OK
r-release-osx-x86_64-mavericks 0.5-3 NOTE
r-release-windows-ix86+x86_64 0.5-3 21.00 183.00 204.00 OK
r-oldrel-windows-ix86+x86_64 0.5-3 23.00 220.00 243.00 OK

Check Details

Version: 0.5-3
Check: examples
Result: ERROR
    Running examples in 'GSIF-Ex.R' failed
    The error most likely occurred in:
    
    > ### Name: autopredict-methods
    > ### Title: Autopredict numeric or factor type variables
    > ### Aliases: autopredict makePixels
    > ### autopredict,SpatialPointsDataFrame,SpatialPixelsDataFrame-method
    >
    > ### ** Examples
    >
    > library(sp)
    > library(gstat)
    > library(ranger)
    > library(plotKML)
    plotKML version 0.5-6 (2016-05-02)
    URL: http://plotkml.r-forge.r-project.org/
    > library(raster)
    >
    > ## Ebergotzen data set:
    > data(eberg)
    > ## subset to 8%
    > eberg <- eberg[runif(nrow(eberg))<.08,]
    > coordinates(eberg) <- ~X+Y
    > proj4string(eberg) <- CRS("+init=epsg:31467")
    > data(eberg_grid)
    > gridded(eberg_grid) <- ~x+y
    > proj4string(eberg_grid) <- CRS("+init=epsg:31467")
    >
    > ## predict sand content:
    > SNDMHT_A <- autopredict(eberg["SNDMHT_A"], eberg_grid,
    + auto.plot=FALSE, rvgm=NULL)
    Generating buffer distances...
    Error in .pointsToRaster(x, y, field = field, fun = fun, background = background, :
     number of points does not match the number of fields
    Calls: autopredict ... rasterize -> rasterize -> .local -> .pointsToRaster
    Execution halted
Flavor: r-devel-windows-ix86+x86_64

Version: 0.5-3
Check: package dependencies
Result: NOTE
    Package suggested but not available for checking: ‘gdalUtils’
Flavor: r-release-osx-x86_64-mavericks