CRAN Package Check Results for Package GSIF

Last updated on 2017-03-25 06:47:51.

Flavor Version Tinstall Tcheck Ttotal Status Flags
r-devel-linux-x86_64-debian-clang 0.5-3 8.67 131.74 140.40 OK
r-devel-linux-x86_64-debian-gcc 0.5-3 8.03 133.45 141.48 OK
r-devel-linux-x86_64-fedora-clang 0.5-3 292.89 OK --no-stop-on-test-error
r-devel-linux-x86_64-fedora-gcc 0.5-3 302.48 OK --no-stop-on-test-error
r-devel-macos-x86_64-clang 0.5-3 212.03 OK --no-stop-on-test-error
r-patched-linux-x86_64 0.5-3 8.03 120.29 128.33 OK
r-patched-solaris-sparc 0.5-3 1752.70 OK
r-patched-solaris-x86 0.5-3 409.30 OK
r-release-linux-x86_64 0.5-3 8.01 123.13 131.14 OK
r-release-osx-x86_64-mavericks 0.5-3 NOTE
r-release-windows-ix86+x86_64 0.5-3 32.00 264.00 296.00 OK
r-oldrel-windows-ix86+x86_64 0.5-3 24.00 200.00 224.00 OK

Check Details

Version: 0.5-3
Check: package dependencies
Result: NOTE
    Package suggested but not available for checking: ‘gdalUtils’
Flavor: r-release-osx-x86_64-mavericks