CRAN Package Check Results for Package GSM

Last updated on 2015-03-05 19:47:54.

Flavor Version Tinstall Tcheck Ttotal Status Flags
r-devel-linux-x86_64-debian-clang 1.3.1 0.67 129.51 130.18 OK --no-examples
r-devel-linux-x86_64-debian-gcc 1.3.1 0.66 126.74 127.39 OK --no-examples
r-devel-linux-x86_64-fedora-clang 1.3.1 268.60 OK
r-devel-linux-x86_64-fedora-gcc 1.3.1 255.76 OK
r-devel-osx-x86_64-clang 1.3.1 171.01 OK
r-devel-windows-ix86+x86_64 1.3.1 5.00 201.00 206.00 OK
r-patched-linux-x86_64 1.3.1 0.74 135.63 136.37 OK --no-examples
r-patched-solaris-sparc 1.3.1 643.60 ERROR --no-examples
r-patched-solaris-x86 1.3.1 324.80 OK
r-release-linux-ix86 1.3.1 1.16 212.75 213.91 OK --no-examples
r-release-linux-x86_64 1.3.1 0.74 138.40 139.14 OK --no-examples
r-release-osx-x86_64-mavericks 1.3.1 OK
r-release-osx-x86_64-snowleopard 1.3.1 OK
r-release-windows-ix86+x86_64 1.3.1 3.00 205.00 208.00 OK
r-oldrel-windows-ix86+x86_64 1.3.1 5.00 307.00 312.00 OK

Check Details

Version: 1.3.1
Flags: --no-examples
Check: tests
Result: ERROR
    Running the tests in ‘tests/test.R’ failed.
    Last 13 lines of output:
     > J <- 300
     > gsm.out <- estim.gsm(y, J, 300, burnin + mcmcsim, 6500, 340, 1/J)
     [1] "simulation 100 / 1500"
     [1] "simulation 200 / 1500"
     [1] "simulation 300 / 1500"
     [1] "simulation 400 / 1500"
    
     *** caught segfault ***
     address 38000, cause 'invalid permissions'
    
     Traceback:
     1: estim.gsm(y, J, 300, burnin + mcmcsim, 6500, 340, 1/J)
     aborting ...
Flavor: r-patched-solaris-sparc