CRAN Package Check Results for Package GSM

Last updated on 2015-07-04 19:47:39.

Flavor Version Tinstall Tcheck Ttotal Status Flags
r-devel-linux-x86_64-debian-clang 1.3.1 0.65 128.58 129.24 NOTE --no-examples
r-devel-linux-x86_64-debian-gcc 1.3.1 0.68 129.64 130.32 NOTE --no-examples
r-devel-linux-x86_64-fedora-clang 1.3.1 259.07 NOTE
r-devel-linux-x86_64-fedora-gcc 1.3.1 253.05 NOTE
r-devel-osx-x86_64-clang 1.3.1 164.86 OK
r-devel-windows-ix86+x86_64 1.3.1 4.00 198.00 202.00 OK
r-patched-linux-x86_64 1.3.1 0.68 127.61 128.29 OK --no-examples
r-patched-solaris-sparc 1.3.1 2085.60 OK --no-examples
r-patched-solaris-x86 1.3.1 327.20 OK
r-release-linux-x86_64 1.3.1 0.68 127.73 128.41 OK --no-examples
r-release-osx-x86_64-mavericks 1.3.1 OK
r-release-windows-ix86+x86_64 1.3.1 3.00 204.00 207.00 OK
r-oldrel-windows-ix86+x86_64 1.3.1 4.00 211.00 215.00 OK

Check Details

Version: 1.3.1
Flags: --no-examples
Check: R code for possible problems
Result: NOTE
    allcurves.q: no visible global function definition for ‘quantile’
    dgsm: no visible global function definition for ‘dgamma’
    estim.gsm: no visible global function definition for ‘rgamma’
    estim.gsm_theta: no visible global function definition for ‘rgamma’
    pgsm: no visible global function definition for ‘pgamma’
    qgsm : F_inv_tmp: no visible global function definition for ‘uniroot’
    qgsm: no visible global function definition for ‘sortedXyData’
    qgsm: no visible binding for global variable ‘NLSstClosestX’
    rgsm: no visible global function definition for ‘rmultinom’
    rgsm: no visible global function definition for ‘rgamma’
    plot,gsm-missing: no visible global function definition for ‘hist’
    plot,gsm-missing: no visible global function definition for ‘gray’
    plot,gsm-missing: no visible global function definition for ‘rgb’
    plot,gsm-missing: no visible global function definition for ‘polygon’
    plot,gsm-missing: no visible global function definition for ‘lines’
    plot,gsm-missing: no visible global function definition for ‘rug’
    summary,gsm: no visible global function definition for ‘barplot’
    Undefined global functions or variables:
     NLSstClosestX barplot dgamma gray hist lines pgamma polygon quantile
     rgamma rgb rmultinom rug sortedXyData uniroot
Flavor: r-devel-linux-x86_64-debian-clang

Version: 1.3.1
Flags: --no-examples
Check: R code for possible problems
Result: NOTE
    allcurves.q: no visible global function definition for ‘quantile’
    dgsm: no visible global function definition for ‘dgamma’
    estim.gsm: no visible global function definition for ‘rgamma’
    estim.gsm_theta: no visible global function definition for ‘rgamma’
    pgsm: no visible global function definition for ‘pgamma’
    qgsm : F_inv_tmp: no visible global function definition for ‘uniroot’
    qgsm: no visible global function definition for ‘sortedXyData’
    qgsm: no visible binding for global variable ‘NLSstClosestX’
    rgsm: no visible global function definition for ‘rmultinom’
    rgsm: no visible global function definition for ‘rgamma’
    Undefined global functions or variables:
     NLSstClosestX dgamma pgamma quantile rgamma rmultinom sortedXyData
     uniroot
Flavor: r-devel-linux-x86_64-debian-gcc

Version: 1.3.1
Check: R code for possible problems
Result: NOTE
    allcurves.q: no visible global function definition for ‘quantile’
    dgsm: no visible global function definition for ‘dgamma’
    estim.gsm: no visible global function definition for ‘rgamma’
    estim.gsm_theta: no visible global function definition for ‘rgamma’
    pgsm: no visible global function definition for ‘pgamma’
    qgsm : F_inv_tmp: no visible global function definition for ‘uniroot’
    qgsm: no visible global function definition for ‘sortedXyData’
    qgsm: no visible binding for global variable ‘NLSstClosestX’
    rgsm: no visible global function definition for ‘rmultinom’
    rgsm: no visible global function definition for ‘rgamma’
    plot,gsm-missing: no visible global function definition for ‘hist’
    plot,gsm-missing: no visible global function definition for ‘gray’
    plot,gsm-missing: no visible global function definition for ‘rgb’
    plot,gsm-missing: no visible global function definition for ‘polygon’
    plot,gsm-missing: no visible global function definition for ‘lines’
    plot,gsm-missing: no visible global function definition for ‘rug’
    summary,gsm: no visible global function definition for ‘barplot’
    Undefined global functions or variables:
     NLSstClosestX barplot dgamma gray hist lines pgamma polygon quantile
     rgamma rgb rmultinom rug sortedXyData uniroot
Flavors: r-devel-linux-x86_64-fedora-clang, r-devel-linux-x86_64-fedora-gcc