CRAN Package Check Results for Package GSM

Last updated on 2015-04-19 11:51:08.

Flavor Version Tinstall Tcheck Ttotal Status Flags
r-devel-linux-x86_64-debian-clang 1.3.1 0.68 130.23 130.91 OK --no-examples
r-devel-linux-x86_64-debian-gcc 1.3.1 0.70 128.19 128.89 OK --no-examples
r-devel-linux-x86_64-fedora-clang 1.3.1 259.17 OK
r-devel-linux-x86_64-fedora-gcc 1.3.1 267.19 OK
r-devel-osx-x86_64-clang 1.3.1 174.13 OK
r-devel-windows-ix86+x86_64 1.3.1 4.00 208.00 212.00 OK
r-patched-linux-x86_64 1.3.1 0.70 128.50 129.20 OK --no-examples
r-patched-solaris-sparc 1.3.1 496.10 ERROR --no-examples
r-patched-solaris-x86 1.3.1 328.30 OK
r-release-linux-x86_64 1.3.1 0.66 127.61 128.27 OK --no-examples
r-release-osx-x86_64-mavericks 1.3.1 OK
r-release-osx-x86_64-snowleopard 1.3.1 OK
r-release-windows-ix86+x86_64 1.3.1 2.00 246.00 248.00 OK
r-oldrel-windows-ix86+x86_64 1.3.1 4.00 211.00 215.00 OK

Check Details

Version: 1.3.1
Flags: --no-examples
Check: tests
Result: ERROR
    Running the tests in ‘tests/test.R’ failed.
    Last 13 lines of output:
     > # simulate some data
     > set.seed(2040)
     > y <- rgsm(500, c(.1, .3, .4, .2), 1)
     >
     > # fit the model
     > burnin <- 500
     > mcmcsim <- 1000
     > J <- 300
     > gsm.out <- estim.gsm(y, J, 300, burnin + mcmcsim, 6500, 340, 1/J)
     [1] "simulation 100 / 1500"
     [1] "simulation 200 / 1500"
     Error: segfault from C stack overflow
     Execution halted
Flavor: r-patched-solaris-sparc