CRAN Package Check Results for Package GSM

Last updated on 2015-01-29 16:48:27.

Flavor Version Tinstall Tcheck Ttotal Status Flags
r-devel-linux-x86_64-debian-clang 1.3.1 0.72 129.78 130.50 OK --no-examples
r-devel-linux-x86_64-debian-gcc 1.3.1 0.70 127.36 128.05 OK --no-examples
r-devel-linux-x86_64-fedora-clang 1.3.1 270.67 OK
r-devel-linux-x86_64-fedora-gcc 1.3.1 261.09 OK
r-devel-osx-x86_64-clang 1.3.1 172.88 OK
r-devel-windows-ix86+x86_64 1.3.1 5.00 195.00 200.00 OK
r-patched-linux-x86_64 1.3.1 0.74 152.44 153.18 OK --no-examples
r-patched-solaris-sparc 1.3.1 1305.20 ERROR --no-examples
r-patched-solaris-x86 1.3.1 331.80 OK
r-release-linux-ix86 1.3.1 1.05 204.76 205.81 OK --no-examples
r-release-linux-x86_64 1.3.1 0.77 135.62 136.40 OK --no-examples
r-release-osx-x86_64-mavericks 1.3.1 OK
r-release-osx-x86_64-snowleopard 1.3.1 OK
r-release-windows-ix86+x86_64 1.3.1 3.00 205.00 208.00 OK
r-oldrel-windows-ix86+x86_64 1.3.1 5.00 307.00 312.00 OK

Check Details

Version: 1.3.1
Flags: --no-examples
Check: tests
Result: ERROR
    Running the tests in ‘tests/test.R’ failed.
    Last 13 lines of output:
     > J <- 300
     > gsm.out <- estim.gsm(y, J, 300, burnin + mcmcsim, 6500, 340, 1/J)
     [1] "simulation 100 / 1500"
     [1] "simulation 200 / 1500"
     [1] "simulation 300 / 1500"
     [1] "simulation 400 / 1500"
     [1] "simulation 500 / 1500"
     [1] "simulation 600 / 1500"
     [1] "simulation 700 / 1500"
     [1] "simulation 800 / 1500"
     [1] "simulation 900 / 1500"
     Error: segfault from C stack overflow
     Execution halted
Flavor: r-patched-solaris-sparc