CRAN Package Check Results for Package GUTS

Last updated on 2018-05-28 04:49:24 CEST.

Flavor Version Tinstall Tcheck Ttotal Status Flags
r-devel-linux-x86_64-debian-clang 1.0.4 15.51 23.02 38.53 OK
r-devel-linux-x86_64-debian-gcc 1.0.4 13.42 19.79 33.21 OK
r-devel-linux-x86_64-fedora-clang 1.0.4 51.49 OK
r-devel-linux-x86_64-fedora-gcc 1.0.4 47.88 OK
r-devel-windows-ix86+x86_64 1.0.4 30.00 86.00 116.00 OK
r-patched-linux-x86_64 1.0.4 16.92 22.58 39.50 NOTE
r-patched-solaris-x86 1.0.4 64.40 OK
r-release-linux-x86_64 1.0.4 16.84 22.29 39.13 NOTE
r-release-windows-ix86+x86_64 1.0.4 43.00 67.00 110.00 OK
r-release-osx-x86_64 1.0.4 OK
r-oldrel-windows-ix86+x86_64 1.0.4 43.00 54.00 97.00 OK
r-oldrel-osx-x86_64 1.0.4 OK

Check Details

Version: 1.0.4
Check: DESCRIPTION meta-information
Result: NOTE
    Dependence on R version ‘3.3.3’ not with patchlevel 0
Flavors: r-patched-linux-x86_64, r-release-linux-x86_64