Last updated on 2022-07-05 04:52:16 CEST.
Flavor | Version | Tinstall | Tcheck | Ttotal | Status | Flags |
---|---|---|---|---|---|---|
r-devel-linux-x86_64-debian-clang | 1.2.3 | 33.82 | 54.66 | 88.48 | NOTE | |
r-devel-linux-x86_64-debian-gcc | 1.2.3 | 24.60 | 42.11 | 66.71 | NOTE | |
r-devel-linux-x86_64-fedora-clang | 1.2.3 | 129.25 | NOTE | |||
r-devel-linux-x86_64-fedora-gcc | 1.2.3 | 117.62 | NOTE | |||
r-devel-windows-x86_64 | 1.2.3 | 45.00 | 107.00 | 152.00 | NOTE | |
r-patched-linux-x86_64 | 1.2.3 | 29.81 | 52.33 | 82.14 | OK | |
r-release-linux-x86_64 | 1.2.3 | 28.74 | 53.11 | 81.85 | OK | |
r-release-macos-arm64 | 1.2.3 | 38.00 | NOTE | |||
r-release-macos-x86_64 | 1.2.3 | 242.00 | NOTE | |||
r-release-windows-x86_64 | 1.2.3 | 46.00 | 109.00 | 155.00 | OK | |
r-oldrel-macos-arm64 | 1.2.3 | 47.00 | NOTE | |||
r-oldrel-macos-x86_64 | 1.2.3 | 72.00 | NOTE | |||
r-oldrel-windows-ix86+x86_64 | 1.2.3 | 81.00 | 115.00 | 196.00 | NOTE |
Version: 1.2.3
Check: Rd files
Result: NOTE
checkRd: (-1) GUTS-package.Rd:39: Escaped LaTeX specials: \&
checkRd: (-1) GUTS.Rd:201: Escaped LaTeX specials: \&
checkRd: (-1) GUTS.Rd:209: Escaped LaTeX specials: \&
Flavors: r-devel-linux-x86_64-debian-clang, r-devel-linux-x86_64-debian-gcc, r-devel-linux-x86_64-fedora-clang, r-devel-linux-x86_64-fedora-gcc, r-devel-windows-x86_64
Version: 1.2.3
Check: installed package size
Result: NOTE
installed size is 5.4Mb
sub-directories of 1Mb or more:
extdata 2.5Mb
libs 1.8Mb
Flavors: r-devel-linux-x86_64-fedora-clang, r-release-macos-arm64, r-release-macos-x86_64, r-oldrel-macos-arm64, r-oldrel-macos-x86_64, r-oldrel-windows-ix86+x86_64