CRAN Package Check Results for Package GUTS

Last updated on 2017-12-17 18:46:22 CET.

Flavor Version Tinstall Tcheck Ttotal Status Flags
r-devel-linux-x86_64-debian-clang 1.0.4 11.94 21.60 33.54 OK
r-devel-linux-x86_64-debian-gcc 1.0.4 11.50 18.38 29.88 OK
r-devel-linux-x86_64-fedora-clang 1.0.4 48.63 OK
r-devel-linux-x86_64-fedora-gcc 1.0.4 45.93 OK
r-devel-windows-ix86+x86_64 1.0.4 34.00 43.00 77.00 OK
r-patched-linux-x86_64 1.0.4 12.72 22.09 34.81 OK
r-patched-solaris-x86 1.0.4 58.40 OK
r-release-linux-x86_64 1.0.4 13.41 21.59 35.00 OK
r-release-windows-ix86+x86_64 1.0.4 33.00 45.00 78.00 OK
r-release-osx-x86_64 1.0.4 OK
r-oldrel-windows-ix86+x86_64 1.0.4 41.00 55.00 96.00 OK
r-oldrel-osx-x86_64 1.0.4 ERROR

Check Details

Version: 1.0.4
Check: whether package can be installed
Result: ERROR
    Installation failed.
Flavor: r-oldrel-osx-x86_64