CRAN Package Check Results for Package GUTS

Last updated on 2017-10-16 23:47:28.

Flavor Version Tinstall Tcheck Ttotal Status Flags
r-devel-linux-x86_64-debian-clang 1.0.4 9.24 15.92 25.16 OK
r-devel-linux-x86_64-debian-gcc 1.0.4 10.08 17.36 27.44 OK
r-devel-linux-x86_64-fedora-clang 1.0.4 48.05 OK
r-devel-linux-x86_64-fedora-gcc 1.0.4 46.82 OK
r-devel-windows-ix86+x86_64 1.0.4 50.00 44.00 94.00 OK
r-patched-linux-x86_64 1.0.4 10.64 15.14 25.78 OK
r-patched-solaris-x86 1.0.4 49.80 OK
r-release-linux-x86_64 1.0.4 10.11 15.15 25.27 OK
r-release-windows-ix86+x86_64 1.0.4 30.00 51.00 81.00 OK
r-release-osx-x86_64 1.0.4 OK
r-oldrel-windows-ix86+x86_64 1.0.4 43.00 53.00 96.00 OK
r-oldrel-osx-x86_64 1.0.4 ERROR

Check Details

Version: 1.0.4
Check: whether package can be installed
Result: ERROR
    Installation failed.
Flavor: r-oldrel-osx-x86_64