CRAN Package Check Results for Package GUTS

Last updated on 2015-02-27 11:48:43.

Flavor Version Tinstall Tcheck Ttotal Status Flags
r-devel-linux-x86_64-debian-clang 0.3.5 17.78 15.70 33.48 OK
r-devel-linux-x86_64-debian-gcc 0.3.5 19.79 16.04 35.83 OK
r-devel-linux-x86_64-fedora-clang 0.3.5 74.18 OK
r-devel-linux-x86_64-fedora-gcc 0.3.5 67.47 OK
r-devel-osx-x86_64-clang 0.3.5 55.76 OK
r-devel-windows-ix86+x86_64 0.3.5 100.00 43.00 143.00 OK
r-patched-linux-x86_64 0.3.5 20.31 18.76 39.07 OK
r-patched-solaris-sparc 0.3.5 86.20 ERROR
r-patched-solaris-x86 0.3.5 102.60 OK
r-release-linux-ix86 0.3.5 26.54 24.86 51.40 OK
r-release-linux-x86_64 0.3.5 21.30 18.04 39.34 OK
r-release-osx-x86_64-mavericks 0.3.5 OK
r-release-osx-x86_64-snowleopard 0.3.5 OK
r-release-windows-ix86+x86_64 0.3.5 82.00 50.00 132.00 OK
r-oldrel-windows-ix86+x86_64 0.3.5 66.00 78.00 144.00 OK

Check Details

Version: 0.3.5
Check: whether package can be installed
Result: ERROR
    Installation failed.
Flavor: r-patched-solaris-sparc