CRAN Package Check Results for Package GUTS

Last updated on 2017-01-16 21:49:04.

Flavor Version Tinstall Tcheck Ttotal Status Flags
r-devel-linux-x86_64-debian-clang 1.0.0 8.05 14.78 22.83 OK
r-devel-linux-x86_64-debian-gcc 1.0.0 8.83 14.09 22.92 OK
r-devel-linux-x86_64-fedora-clang 1.0.0 42.43 OK --no-stop-on-test-error
r-devel-linux-x86_64-fedora-gcc 1.0.0 40.74 NOTE --no-stop-on-test-error
r-devel-macos-x86_64-clang 1.0.0 32.45 OK --no-stop-on-test-error
r-devel-windows-ix86+x86_64 1.0.0 32.00 40.00 72.00 OK
r-patched-linux-x86_64 1.0.0 7.35 12.78 20.13 OK
r-patched-solaris-sparc 1.0.0 225.20 OK
r-patched-solaris-x86 1.0.0 47.40 OK
r-release-linux-x86_64 1.0.0 7.64 12.64 20.29 OK
r-release-osx-x86_64-mavericks 1.0.0 OK
r-release-windows-ix86+x86_64 1.0.0 40.00 46.00 86.00 OK
r-oldrel-windows-ix86+x86_64 1.0.0 26.00 41.00 67.00 OK

Check Details

Version: 1.0.0
Flags: --no-stop-on-test-error
Check: compiled code
Result: NOTE
    File ‘GUTS/libs/GUTS.so’:
     Found no calls to: ‘R_registerRoutines’, ‘R_useDynamicSymbols’
    
    It is good practice to use registered native symbols and disable symbol
    search.
    
    See ‘Writing portable packages’ in the ‘Writing R Extensions’ manual.
Flavor: r-devel-linux-x86_64-fedora-gcc