CRAN Package Check Results for Package GUTS

Last updated on 2017-08-17 18:46:39.

Flavor Version Tinstall Tcheck Ttotal Status Flags
r-devel-linux-x86_64-debian-clang 1.0.0 9.17 14.98 24.14 NOTE
r-devel-linux-x86_64-debian-gcc 1.0.0 10.28 15.26 25.54 NOTE
r-devel-linux-x86_64-fedora-clang 1.0.0 46.35 NOTE
r-devel-linux-x86_64-fedora-gcc 1.0.0 49.11 NOTE
r-devel-windows-ix86+x86_64 1.0.0 34.00 69.00 103.00 OK
r-patched-linux-x86_64 1.0.0 10.35 15.06 25.41 NOTE
r-patched-solaris-x86 1.0.0 57.80 OK
r-release-linux-x86_64 1.0.0 10.25 14.90 25.16 NOTE
r-release-windows-ix86+x86_64 1.0.0 32.00 50.00 82.00 OK
r-release-osx-x86_64 1.0.0 OK
r-oldrel-windows-ix86+x86_64 1.0.0 41.00 39.00 80.00 OK
r-oldrel-osx-x86_64 1.0.0 OK

Check Details

Version: 1.0.0
Check: compiled code
Result: NOTE
    File ‘GUTS/libs/GUTS.so’:
     Found no calls to: ‘R_registerRoutines’, ‘R_useDynamicSymbols’
    
    It is good practice to register native routines and to disable symbol
    search.
    
    See ‘Writing portable packages’ in the ‘Writing R Extensions’ manual.
Flavors: r-devel-linux-x86_64-debian-clang, r-devel-linux-x86_64-debian-gcc, r-devel-linux-x86_64-fedora-clang, r-devel-linux-x86_64-fedora-gcc, r-patched-linux-x86_64, r-release-linux-x86_64