CRAN Package Check Results for Package GUTS

Last updated on 2017-04-27 23:49:54.

Flavor Version Tinstall Tcheck Ttotal Status Flags
r-devel-linux-x86_64-debian-clang 1.0.0 8.50 14.93 23.44 NOTE
r-devel-linux-x86_64-debian-gcc 1.0.0 9.13 14.73 23.86 NOTE
r-devel-linux-x86_64-fedora-clang 1.0.0 43.74 NOTE --no-stop-on-test-error
r-devel-linux-x86_64-fedora-gcc 1.0.0 42.04 NOTE --no-stop-on-test-error
r-devel-windows-ix86+x86_64 1.0.0 32.00 65.00 97.00 OK
r-patched-linux-x86_64 1.0.0 7.79 15.07 22.86 NOTE
r-patched-solaris-sparc 1.0.0 237.80 OK
r-patched-solaris-x86 1.0.0 54.90 OK
r-release-linux-x86_64 1.0.0 7.69 15.34 23.03 NOTE
r-release-windows-ix86+x86_64 1.0.0 29.00 45.00 74.00 OK
r-release-osx-x86_64 1.0.0 OK
r-oldrel-windows-ix86+x86_64 1.0.0 39.00 42.00 81.00 OK
r-oldrel-osx-x86_64 1.0.0 OK

Check Details

Version: 1.0.0
Check: compiled code
Result: NOTE
    File ‘GUTS/libs/GUTS.so’:
     Found no calls to: ‘R_registerRoutines’, ‘R_useDynamicSymbols’
    
    It is good practice to register native routines and to disable symbol
    search.
    
    See ‘Writing portable packages’ in the ‘Writing R Extensions’ manual.
Flavors: r-devel-linux-x86_64-debian-clang, r-devel-linux-x86_64-debian-gcc, r-patched-linux-x86_64, r-release-linux-x86_64

Version: 1.0.0
Flags: --no-stop-on-test-error
Check: compiled code
Result: NOTE
    File ‘GUTS/libs/GUTS.so’:
     Found no calls to: ‘R_registerRoutines’, ‘R_useDynamicSymbols’
    
    It is good practice to register native routines and to disable symbol
    search.
    
    See ‘Writing portable packages’ in the ‘Writing R Extensions’ manual.
Flavors: r-devel-linux-x86_64-fedora-clang, r-devel-linux-x86_64-fedora-gcc