CRAN Package Check Results for Package GUTS

Last updated on 2017-02-28 12:49:20.

Flavor Version Tinstall Tcheck Ttotal Status Flags
r-devel-linux-x86_64-debian-clang 1.0.0 8.18 14.47 22.66 NOTE
r-devel-linux-x86_64-debian-gcc 1.0.0 8.99 15.04 24.03 NOTE
r-devel-linux-x86_64-fedora-clang 1.0.0 46.59 NOTE --no-stop-on-test-error
r-devel-linux-x86_64-fedora-gcc 1.0.0 43.86 NOTE --no-stop-on-test-error
r-devel-macos-x86_64-clang 1.0.0 33.29 NOTE --no-stop-on-test-error
r-devel-windows-ix86+x86_64 1.0.0 30.00 65.00 95.00 OK
r-patched-linux-x86_64 1.0.0 7.57 12.14 19.71 OK
r-patched-solaris-sparc 1.0.0 225.20 OK
r-patched-solaris-x86 1.0.0 48.20 OK
r-release-linux-x86_64 1.0.0 7.49 12.83 20.32 OK
r-release-osx-x86_64-mavericks 1.0.0 OK
r-release-windows-ix86+x86_64 1.0.0 41.00 44.00 85.00 OK
r-oldrel-windows-ix86+x86_64 1.0.0 25.00 52.00 77.00 OK

Check Details

Version: 1.0.0
Check: compiled code
Result: NOTE
    File ‘GUTS/libs/GUTS.so’:
     Found no calls to: ‘R_registerRoutines’, ‘R_useDynamicSymbols’
    
    It is good practice to register native routines and to disable symbol
    search.
    
    See ‘Writing portable packages’ in the ‘Writing R Extensions’ manual.
Flavors: r-devel-linux-x86_64-debian-clang, r-devel-linux-x86_64-debian-gcc

Version: 1.0.0
Flags: --no-stop-on-test-error
Check: compiled code
Result: NOTE
    File ‘GUTS/libs/GUTS.so’:
     Found no calls to: ‘R_registerRoutines’, ‘R_useDynamicSymbols’
    
    It is good practice to register native routines and to disable symbol
    search.
    
    See ‘Writing portable packages’ in the ‘Writing R Extensions’ manual.
Flavors: r-devel-linux-x86_64-fedora-clang, r-devel-linux-x86_64-fedora-gcc, r-devel-macos-x86_64-clang