CRAN Package Check Results for Package GUTS

Last updated on 2017-06-27 16:46:48.

Flavor Version Tinstall Tcheck Ttotal Status Flags
r-devel-linux-x86_64-debian-clang 1.0.0 9.07 15.25 24.32 NOTE
r-devel-linux-x86_64-debian-gcc 1.0.0 10.21 13.93 24.14 NOTE
r-devel-linux-x86_64-fedora-clang 1.0.0 45.92 NOTE
r-devel-linux-x86_64-fedora-gcc 1.0.0 44.12 NOTE
r-devel-windows-ix86+x86_64 1.0.0 40.00 49.00 89.00 OK
r-patched-linux-x86_64 1.0.0 10.33 14.90 25.23 NOTE
r-patched-solaris-sparc 1.0.0 237.80 OK
r-patched-solaris-x86 1.0.0 56.80 OK
r-release-linux-x86_64 1.0.0 10.54 15.51 26.05 NOTE
r-release-windows-ix86+x86_64 1.0.0 49.00 63.00 112.00 OK
r-release-osx-x86_64 1.0.0 OK
r-oldrel-windows-ix86+x86_64 1.0.0 39.00 59.00 98.00 OK
r-oldrel-osx-x86_64 1.0.0 OK

Check Details

Version: 1.0.0
Check: compiled code
Result: NOTE
    File ‘GUTS/libs/GUTS.so’:
     Found no calls to: ‘R_registerRoutines’, ‘R_useDynamicSymbols’
    
    It is good practice to register native routines and to disable symbol
    search.
    
    See ‘Writing portable packages’ in the ‘Writing R Extensions’ manual.
Flavors: r-devel-linux-x86_64-debian-clang, r-devel-linux-x86_64-debian-gcc, r-devel-linux-x86_64-fedora-clang, r-devel-linux-x86_64-fedora-gcc, r-patched-linux-x86_64, r-release-linux-x86_64