CRAN Package Check Results for Package GUniFrac

Last updated on 2017-08-23 01:46:22.

Flavor Version Tinstall Tcheck Ttotal Status Flags
r-devel-linux-x86_64-debian-clang 1.0 3.00 36.79 39.79 NOTE
r-devel-linux-x86_64-debian-gcc 1.0 2.79 36.37 39.16 NOTE
r-devel-linux-x86_64-fedora-clang 1.0 93.24 NOTE
r-devel-linux-x86_64-fedora-gcc 1.0 96.71 NOTE
r-devel-windows-ix86+x86_64 1.0 7.00 89.00 96.00 NOTE
r-patched-linux-x86_64 1.0 2.69 36.11 38.80 NOTE
r-patched-solaris-x86 1.0 119.90 NOTE
r-release-linux-x86_64 1.0 2.62 36.20 38.82 NOTE
r-release-windows-ix86+x86_64 1.0 8.00 93.00 101.00 NOTE
r-release-osx-x86_64 1.0 NOTE
r-oldrel-windows-ix86+x86_64 1.0 7.00 59.00 66.00 NOTE
r-oldrel-osx-x86_64 1.0 NOTE

Check Details

Version: 1.0
Check: R code for possible problems
Result: NOTE
    PermanovaG: no visible global function definition for ‘as.dist’
    PermanovaG: no visible global function definition for ‘as.formula’
    Undefined global functions or variables:
     as.dist as.formula
    Consider adding
     importFrom("stats", "as.dist", "as.formula")
    to your NAMESPACE file.
Flavors: r-devel-linux-x86_64-debian-clang, r-devel-linux-x86_64-debian-gcc, r-devel-linux-x86_64-fedora-clang, r-devel-linux-x86_64-fedora-gcc, r-devel-windows-ix86+x86_64, r-patched-linux-x86_64, r-patched-solaris-x86, r-release-linux-x86_64, r-release-windows-ix86+x86_64, r-release-osx-x86_64, r-oldrel-windows-ix86+x86_64, r-oldrel-osx-x86_64