CRAN Package Check Results for Package GUniFrac

Last updated on 2014-11-28 17:51:36.

Flavor Version Tinstall Tcheck Ttotal Status Flags
r-devel-linux-x86_64-debian-clang 1.0 4.05 49.76 53.81 OK
r-devel-linux-x86_64-debian-gcc 1.0 3.78 47.79 51.57 OK
r-devel-linux-x86_64-fedora-clang 1.0 127.70 OK
r-devel-linux-x86_64-fedora-gcc 1.0 125.91 OK
r-devel-osx-x86_64-clang 1.0 115.76 OK
r-devel-windows-ix86+x86_64 1.0 11.00 67.00 78.00 OK
r-patched-linux-x86_64 1.0 4.00 49.34 53.35 OK
r-patched-solaris-sparc 1.0 234.30 OK
r-patched-solaris-x86 1.0 176.90 OK
r-release-linux-ix86 1.0 4.72 60.99 65.71 OK
r-release-linux-x86_64 1.0 4.23 49.61 53.84 OK
r-release-osx-x86_64-mavericks 1.0 OK
r-release-osx-x86_64-snowleopard 1.0 ERROR
r-release-windows-ix86+x86_64 1.0 2.00 1.00 3.00 ERROR
r-oldrel-windows-ix86+x86_64 1.0 12.00 71.00 83.00 OK

Check Details

Version: 1.0
Check: whether package can be installed
Result: ERROR
    Installation failed.
Flavors: r-release-osx-x86_64-snowleopard, r-release-windows-ix86+x86_64