CRAN Package Check Results for Package GUniFrac

Last updated on 2014-04-18 11:47:18.

Flavor Version Tinstall Tcheck Ttotal Status Flags
r-devel-linux-x86_64-debian-clang 1.0 1.03 19.12 20.14 OK
r-devel-linux-x86_64-debian-gcc OK
r-devel-linux-x86_64-fedora-clang 1.0 41.75 OK
r-devel-linux-x86_64-fedora-gcc 1.0 39.49 OK
r-devel-macosx-x86_64-clang 1.0 41.65 OK
r-devel-macosx-x86_64-gcc 1.0 ERROR
r-devel-windows-ix86+x86_64 1.0 4.00 30.00 34.00 OK
r-patched-linux-x86_64 1.0 1.05 19.49 20.54 OK
r-patched-solaris-sparc 1.0 236.60 OK
r-patched-solaris-x86 1.0 58.30 OK
r-release-linux-ix86 1.0 2.00 36.00 38.00 OK
r-release-linux-x86_64 1.0 1.09 19.44 20.52 OK
r-release-macosx-x86_64 1.0 ERROR
r-release-windows-ix86+x86_64 1.0 5.00 30.00 35.00 OK
r-oldrel-windows-ix86+x86_64 1.0 5.00 34.00 39.00 OK

Check Details

Version: 1.0
Check: package dependencies
Result: ERROR
    Package required but not available: ‘vegan’
    
    See the information on DESCRIPTION files in the chapter ‘Creating R
    packages’ of the ‘Writing R Extensions’ manual.
Flavor: r-devel-macosx-x86_64-gcc

Version: 1.0
Check: whether package can be installed
Result: ERROR
    Installation failed.
    See ‘/Volumes/XT3/Builds/R-dev-web/QA/Simon/packages/snowleopard-x86_64/results/3.1/GUniFrac.Rcheck/00install.out’ for details.
Flavor: r-release-macosx-x86_64