CRAN Package Check Results for Package GUniFrac

Last updated on 2017-06-25 18:47:30.

Flavor Version Tinstall Tcheck Ttotal Status Flags
r-devel-linux-x86_64-debian-clang 1.0 2.74 36.59 39.33 NOTE
r-devel-linux-x86_64-debian-gcc 1.0 2.65 37.26 39.91 NOTE
r-devel-linux-x86_64-fedora-clang 1.0 88.68 NOTE
r-devel-linux-x86_64-fedora-gcc 1.0 84.58 NOTE
r-devel-windows-ix86+x86_64 1.0 12.00 89.00 101.00 NOTE
r-patched-linux-x86_64 1.0 2.61 36.01 38.62 NOTE
r-patched-solaris-sparc 1.0 519.30 NOTE
r-patched-solaris-x86 1.0 119.40 NOTE
r-release-linux-x86_64 1.0 2.80 37.14 39.94 NOTE
r-release-windows-ix86+x86_64 1.0 11.00 97.00 108.00 NOTE
r-release-osx-x86_64 1.0 NOTE
r-oldrel-windows-ix86+x86_64 1.0 7.00 87.00 94.00 NOTE
r-oldrel-osx-x86_64 1.0 NOTE

Check Details

Version: 1.0
Check: R code for possible problems
Result: NOTE
    PermanovaG: no visible global function definition for ‘as.dist’
    PermanovaG: no visible global function definition for ‘as.formula’
    Undefined global functions or variables:
     as.dist as.formula
    Consider adding
     importFrom("stats", "as.dist", "as.formula")
    to your NAMESPACE file.
Flavors: r-devel-linux-x86_64-debian-clang, r-devel-linux-x86_64-debian-gcc, r-devel-linux-x86_64-fedora-clang, r-devel-linux-x86_64-fedora-gcc, r-devel-windows-ix86+x86_64, r-patched-linux-x86_64, r-patched-solaris-sparc, r-patched-solaris-x86, r-release-linux-x86_64, r-release-windows-ix86+x86_64, r-release-osx-x86_64, r-oldrel-windows-ix86+x86_64, r-oldrel-osx-x86_64