CRAN Package Check Results for Package GUniFrac

Last updated on 2014-12-19 03:47:34.

Flavor Version Tinstall Tcheck Ttotal Status Flags
r-devel-linux-x86_64-debian-clang 1.0 4.02 48.46 52.48 OK
r-devel-linux-x86_64-debian-gcc 1.0 3.80 48.50 52.30 OK
r-devel-linux-x86_64-fedora-clang 1.0 121.41 OK
r-devel-linux-x86_64-fedora-gcc 1.0 112.47 OK
r-devel-osx-x86_64-clang 1.0 107.80 OK
r-devel-windows-ix86+x86_64 1.0 12.00 70.00 82.00 OK
r-patched-linux-x86_64 1.0 3.92 49.85 53.77 OK
r-patched-solaris-sparc 1.0 234.30 OK
r-patched-solaris-x86 1.0 179.00 OK
r-release-linux-ix86 1.0 4.76 60.16 64.91 OK
r-release-linux-x86_64 1.0 3.90 50.01 53.91 OK
r-release-osx-x86_64-mavericks 1.0 OK
r-release-osx-x86_64-snowleopard 1.0 ERROR
r-release-windows-ix86+x86_64 1.0 10.00 74.00 84.00 OK
r-oldrel-windows-ix86+x86_64 1.0 14.00 72.00 86.00 OK

Check Details

Version: 1.0
Check: whether package can be installed
Result: ERROR
    Installation failed.
Flavor: r-release-osx-x86_64-snowleopard