CRAN Package Check Results for Package GUniFrac

Last updated on 2017-12-11 17:48:57 CET.

Flavor Version Tinstall Tcheck Ttotal Status Flags
r-devel-linux-x86_64-debian-clang 1.0 3.56 47.29 50.85 NOTE
r-devel-linux-x86_64-debian-gcc 1.0 3.53 42.73 46.26 NOTE
r-devel-linux-x86_64-fedora-clang 1.0 74.98 NOTE
r-devel-linux-x86_64-fedora-gcc 1.0 74.32 NOTE
r-devel-windows-ix86+x86_64 1.0 11.00 97.00 108.00 NOTE
r-patched-linux-x86_64 1.0 4.38 62.89 67.27 NOTE
r-patched-solaris-x86 1.0 121.70 NOTE
r-release-linux-x86_64 1.0 3.83 61.45 65.28 NOTE
r-release-windows-ix86+x86_64 1.0 8.00 76.00 84.00 NOTE
r-release-osx-x86_64 1.0 NOTE
r-oldrel-windows-ix86+x86_64 1.0 9.00 86.00 95.00 NOTE
r-oldrel-osx-x86_64 1.0 NOTE

Check Details

Version: 1.0
Check: R code for possible problems
Result: NOTE
    PermanovaG: no visible global function definition for ‘as.dist’
    PermanovaG: no visible global function definition for ‘as.formula’
    Undefined global functions or variables:
     as.dist as.formula
    Consider adding
     importFrom("stats", "as.dist", "as.formula")
    to your NAMESPACE file.
Flavors: r-devel-linux-x86_64-debian-clang, r-devel-linux-x86_64-debian-gcc, r-devel-linux-x86_64-fedora-clang, r-devel-linux-x86_64-fedora-gcc, r-devel-windows-ix86+x86_64, r-patched-linux-x86_64, r-patched-solaris-x86, r-release-linux-x86_64, r-release-windows-ix86+x86_64, r-release-osx-x86_64, r-oldrel-windows-ix86+x86_64, r-oldrel-osx-x86_64