CRAN Package Check Results for Package GUniFrac

Last updated on 2015-08-02 23:48:05.

Flavor Version Tinstall Tcheck Ttotal Status Flags
r-devel-linux-x86_64-debian-clang 1.0 2.88 37.30 40.18 NOTE
r-devel-linux-x86_64-debian-gcc 1.0 2.81 36.78 39.59 NOTE
r-devel-linux-x86_64-fedora-clang 1.0 81.83 NOTE
r-devel-linux-x86_64-fedora-gcc 1.0 78.41 NOTE
r-devel-osx-x86_64-clang 1.0 69.39 OK
r-devel-windows-ix86+x86_64 1.0 7.00 65.00 72.00 NOTE
r-patched-linux-x86_64 1.0 2.91 37.68 40.59 OK
r-patched-solaris-sparc 1.0 524.20 OK
r-patched-solaris-x86 1.0 116.70 OK
r-release-linux-x86_64 1.0 3.02 36.94 39.97 OK
r-release-osx-x86_64-mavericks 1.0 OK
r-release-windows-ix86+x86_64 1.0 11.00 60.00 71.00 OK
r-oldrel-windows-ix86+x86_64 1.0 16.00 74.00 90.00 OK

Check Details

Version: 1.0
Check: R code for possible problems
Result: NOTE
    PermanovaG: no visible global function definition for ‘as.dist’
    PermanovaG: no visible global function definition for ‘as.formula’
    Undefined global functions or variables:
     as.dist as.formula
    Consider adding
     importFrom("stats", "as.dist", "as.formula")
    to your NAMESPACE.
Flavors: r-devel-linux-x86_64-debian-clang, r-devel-linux-x86_64-debian-gcc, r-devel-linux-x86_64-fedora-clang, r-devel-linux-x86_64-fedora-gcc, r-devel-windows-ix86+x86_64