CRAN Package Check Results for Package GUniFrac

Last updated on 2016-12-10 02:48:03.

Flavor Version Tinstall Tcheck Ttotal Status Flags
r-devel-linux-x86_64-debian-clang 1.0 2.48 34.94 37.43 NOTE
r-devel-linux-x86_64-debian-gcc 1.0 2.60 34.77 37.37 NOTE
r-devel-linux-x86_64-fedora-clang 1.0 85.74 NOTE --no-stop-on-test-error
r-devel-linux-x86_64-fedora-gcc 1.0 85.12 NOTE --no-stop-on-test-error
r-devel-macos-x86_64-clang 1.0 64.55 NOTE --no-stop-on-test-error
r-devel-windows-ix86+x86_64 1.0 7.00 67.00 74.00 NOTE
r-patched-linux-x86_64 1.0 2.49 31.34 33.83 NOTE
r-patched-solaris-sparc 1.0 463.70 NOTE
r-patched-solaris-x86 1.0 99.10 NOTE
r-release-linux-x86_64 1.0 2.39 31.28 33.68 NOTE
r-release-osx-x86_64-mavericks 1.0 NOTE
r-release-windows-ix86+x86_64 1.0 6.00 60.00 66.00 NOTE
r-oldrel-windows-ix86+x86_64 1.0 11.00 61.00 72.00 OK

Check Details

Version: 1.0
Check: R code for possible problems
Result: NOTE
    PermanovaG: no visible global function definition for ‘as.dist’
    PermanovaG: no visible global function definition for ‘as.formula’
    Undefined global functions or variables:
     as.dist as.formula
    Consider adding
     importFrom("stats", "as.dist", "as.formula")
    to your NAMESPACE file.
Flavors: r-devel-linux-x86_64-debian-clang, r-devel-linux-x86_64-debian-gcc, r-devel-windows-ix86+x86_64, r-patched-linux-x86_64, r-patched-solaris-sparc, r-patched-solaris-x86, r-release-linux-x86_64, r-release-osx-x86_64-mavericks, r-release-windows-ix86+x86_64

Version: 1.0
Flags: --no-stop-on-test-error
Check: R code for possible problems
Result: NOTE
    PermanovaG: no visible global function definition for ‘as.dist’
    PermanovaG: no visible global function definition for ‘as.formula’
    Undefined global functions or variables:
     as.dist as.formula
    Consider adding
     importFrom("stats", "as.dist", "as.formula")
    to your NAMESPACE file.
Flavors: r-devel-linux-x86_64-fedora-clang, r-devel-linux-x86_64-fedora-gcc, r-devel-macos-x86_64-clang