CRAN Package Check Results for Package GUniFrac

Last updated on 2015-01-29 03:48:33.

Flavor Version Tinstall Tcheck Ttotal Status Flags
r-devel-linux-x86_64-debian-clang 1.0 3.54 40.64 44.18 OK
r-devel-linux-x86_64-debian-gcc 1.0 3.47 39.30 42.78 OK
r-devel-linux-x86_64-fedora-clang 1.0 117.15 OK
r-devel-linux-x86_64-fedora-gcc 1.0 108.53 OK
r-devel-osx-x86_64-clang 1.0 95.24 OK
r-devel-windows-ix86+x86_64 1.0 12.00 60.00 72.00 OK
r-patched-linux-x86_64 1.0 3.72 46.02 49.74 OK
r-patched-solaris-sparc 1.0 707.10 OK
r-patched-solaris-x86 1.0 154.60 OK
r-release-linux-ix86 1.0 4.34 55.06 59.40 OK
r-release-linux-x86_64 1.0 3.80 46.18 49.99 OK
r-release-osx-x86_64-mavericks 1.0 OK
r-release-osx-x86_64-snowleopard 1.0 ERROR
r-release-windows-ix86+x86_64 1.0 11.00 75.00 86.00 OK
r-oldrel-windows-ix86+x86_64 1.0 11.00 67.00 78.00 OK

Check Details

Version: 1.0
Check: whether package can be installed
Result: ERROR
    Installation failed.
Flavor: r-release-osx-x86_64-snowleopard