CRAN Package Check Results for Package GUniFrac

Last updated on 2016-02-10 02:49:07.

Flavor Version Tinstall Tcheck Ttotal Status Flags
r-devel-linux-x86_64-debian-gcc 1.0 3.08 34.20 37.28 NOTE
r-devel-linux-x86_64-fedora-clang 1.0 74.87 NOTE
r-devel-linux-x86_64-fedora-gcc 1.0 71.46 NOTE
r-devel-osx-x86_64-clang 1.0 77.97 NOTE
r-devel-windows-ix86+x86_64 1.0 13.00 67.00 80.00 NOTE
r-patched-linux-x86_64 1.0 2.93 37.54 40.47 OK
r-patched-solaris-sparc 1.0 490.30 OK
r-patched-solaris-x86 1.0 106.20 OK
r-release-linux-x86_64 1.0 3.08 37.41 40.49 OK
r-release-osx-x86_64-mavericks 1.0 OK
r-release-windows-ix86+x86_64 1.0 10.00 63.00 73.00 OK
r-oldrel-windows-ix86+x86_64 1.0 16.00 110.00 126.00 OK

Check Details

Version: 1.0
Check: R code for possible problems
Result: NOTE
    PermanovaG: no visible global function definition for ‘as.dist’
    PermanovaG: no visible global function definition for ‘as.formula’
    Undefined global functions or variables:
     as.dist as.formula
    Consider adding
     importFrom("stats", "as.dist", "as.formula")
    to your NAMESPACE file.
Flavors: r-devel-linux-x86_64-debian-gcc, r-devel-linux-x86_64-fedora-clang, r-devel-linux-x86_64-fedora-gcc, r-devel-osx-x86_64-clang, r-devel-windows-ix86+x86_64