CRAN Package Check Results for Package GUniFrac

Last updated on 2016-08-24 09:47:04.

Flavor Version Tinstall Tcheck Ttotal Status Flags
r-devel-linux-x86_64-debian-clang 1.0 3.05 35.99 39.04 NOTE
r-devel-linux-x86_64-debian-gcc 1.0 3.24 36.04 39.28 NOTE
r-devel-linux-x86_64-fedora-clang 1.0 76.86 NOTE
r-devel-linux-x86_64-fedora-gcc 1.0 72.58 NOTE
r-devel-osx-x86_64-clang 1.0 59.51 NOTE
r-devel-windows-ix86+x86_64 1.0 11.00 65.00 76.00 NOTE
r-patched-linux-x86_64 1.0 4.68 34.86 39.53 NOTE
r-patched-solaris-sparc 1.0 463.70 NOTE
r-patched-solaris-x86 1.0 101.70 NOTE
r-release-linux-x86_64 1.0 2.89 35.69 38.58 NOTE
r-release-osx-x86_64-mavericks 1.0 NOTE
r-release-windows-ix86+x86_64 1.0 11.00 61.00 72.00 NOTE
r-oldrel-windows-ix86+x86_64 1.0 11.00 61.00 72.00 OK

Check Details

Version: 1.0
Check: R code for possible problems
Result: NOTE
    PermanovaG: no visible global function definition for ‘as.dist’
    PermanovaG: no visible global function definition for ‘as.formula’
    Undefined global functions or variables:
     as.dist as.formula
    Consider adding
     importFrom("stats", "as.dist", "as.formula")
    to your NAMESPACE file.
Flavors: r-devel-linux-x86_64-debian-clang, r-devel-linux-x86_64-debian-gcc, r-devel-linux-x86_64-fedora-clang, r-devel-linux-x86_64-fedora-gcc, r-devel-osx-x86_64-clang, r-devel-windows-ix86+x86_64, r-patched-linux-x86_64, r-patched-solaris-sparc, r-patched-solaris-x86, r-release-linux-x86_64, r-release-osx-x86_64-mavericks, r-release-windows-ix86+x86_64