CRAN Package Check Results for Package GUniFrac

Last updated on 2014-07-22 10:47:19.

Flavor Version Tinstall Tcheck Ttotal Status Flags
r-devel-linux-x86_64-debian-clang 1.0 0.99 18.68 19.67 OK
r-devel-linux-x86_64-debian-gcc 1.0 0.94 18.09 19.03 OK
r-devel-linux-x86_64-fedora-clang 1.0 42.38 OK
r-devel-linux-x86_64-fedora-gcc 1.0 40.53 OK
r-devel-osx-x86_64-clang 1.0 39.74 OK
r-devel-windows-ix86+x86_64 1.0 4.00 30.00 34.00 OK
r-patched-linux-x86_64 1.0 1.13 18.61 19.74 OK
r-patched-solaris-sparc 1.0 236.60 OK
r-patched-solaris-x86 1.0 54.90 OK
r-release-linux-ix86 1.0 1.34 26.08 27.42 OK
r-release-linux-x86_64 1.0 1.04 19.04 20.08 OK
r-release-osx-x86_64-mavericks 1.0 OK
r-release-osx-x86_64-snowleopard 1.0 ERROR
r-release-windows-ix86+x86_64 1.0 4.00 34.00 38.00 OK
r-oldrel-windows-ix86+x86_64 1.0 5.00 35.00 40.00 OK

Check Details

Version: 1.0
Check: whether package can be installed
Result: ERROR
    Installation failed.
    See ‘/Volumes/XT3/Builds/R-dev-web/QA/Simon/packages/snowleopard-x86_64/results/3.1/GUniFrac.Rcheck/00install.out’ for details.
Flavor: r-release-osx-x86_64-snowleopard