CRAN Package Check Results for Package GUniFrac

Last updated on 2016-09-25 23:46:50.

Flavor Version Tinstall Tcheck Ttotal Status Flags
r-devel-linux-x86_64-debian-clang 1.0 2.42 31.98 34.39 NOTE
r-devel-linux-x86_64-debian-gcc 1.0 2.52 30.82 33.34 NOTE
r-devel-linux-x86_64-fedora-clang 1.0 75.22 NOTE
r-devel-linux-x86_64-fedora-gcc 1.0 69.85 NOTE
r-devel-macos-x86_64-clang 1.0 55.92 NOTE
r-devel-windows-ix86+x86_64 1.0 7.00 58.00 65.00 NOTE
r-patched-linux-x86_64 1.0 2.66 31.50 34.17 NOTE
r-patched-solaris-sparc 1.0 463.70 NOTE
r-patched-solaris-x86 1.0 101.30 NOTE
r-release-linux-x86_64 1.0 2.43 31.94 34.37 NOTE
r-release-osx-x86_64-mavericks 1.0 NOTE
r-release-windows-ix86+x86_64 1.0 16.00 85.00 101.00 NOTE
r-oldrel-windows-ix86+x86_64 1.0 10.00 94.00 104.00 OK

Check Details

Version: 1.0
Check: R code for possible problems
Result: NOTE
    PermanovaG: no visible global function definition for ‘as.dist’
    PermanovaG: no visible global function definition for ‘as.formula’
    Undefined global functions or variables:
     as.dist as.formula
    Consider adding
     importFrom("stats", "as.dist", "as.formula")
    to your NAMESPACE file.
Flavors: r-devel-linux-x86_64-debian-clang, r-devel-linux-x86_64-debian-gcc, r-devel-linux-x86_64-fedora-clang, r-devel-linux-x86_64-fedora-gcc, r-devel-macos-x86_64-clang, r-devel-windows-ix86+x86_64, r-patched-linux-x86_64, r-patched-solaris-sparc, r-patched-solaris-x86, r-release-linux-x86_64, r-release-osx-x86_64-mavericks, r-release-windows-ix86+x86_64