CRAN Package Check Results for Package GUniFrac

Last updated on 2016-06-24 23:47:32.

Flavor Version Tinstall Tcheck Ttotal Status Flags
r-devel-linux-x86_64-debian-gcc 1.0 2.86 37.14 40.00 NOTE
r-devel-linux-x86_64-fedora-clang 1.0 74.24 NOTE
r-devel-linux-x86_64-fedora-gcc 1.0 71.03 NOTE
r-devel-osx-x86_64-clang 1.0 57.97 NOTE
r-devel-windows-ix86+x86_64 1.0 10.00 68.00 78.00 NOTE
r-patched-linux-x86_64 1.0 3.03 38.77 41.79 NOTE
r-patched-solaris-x86 1.0 103.30 NOTE
r-release-linux-x86_64 1.0 3.09 36.37 39.46 NOTE
r-release-osx-x86_64-mavericks 1.0 NOTE
r-release-windows-ix86+x86_64 1.0 10.00 81.00 91.00 NOTE
r-oldrel-windows-ix86+x86_64 1.0 12.00 71.00 83.00 OK

Check Details

Version: 1.0
Check: R code for possible problems
Result: NOTE
    PermanovaG: no visible global function definition for ‘as.dist’
    PermanovaG: no visible global function definition for ‘as.formula’
    Undefined global functions or variables:
     as.dist as.formula
    Consider adding
     importFrom("stats", "as.dist", "as.formula")
    to your NAMESPACE file.
Flavors: r-devel-linux-x86_64-debian-gcc, r-devel-linux-x86_64-fedora-clang, r-devel-linux-x86_64-fedora-gcc, r-devel-osx-x86_64-clang, r-devel-windows-ix86+x86_64, r-patched-linux-x86_64, r-patched-solaris-sparc, r-patched-solaris-x86, r-release-linux-x86_64, r-release-osx-x86_64-mavericks, r-release-windows-ix86+x86_64