CRAN Package Check Results for Package GUniFrac

Last updated on 2015-07-05 22:47:29.

Flavor Version Tinstall Tcheck Ttotal Status Flags
r-devel-linux-x86_64-debian-clang 1.0 2.83 37.25 40.08 NOTE
r-devel-linux-x86_64-debian-gcc 1.0 2.76 36.54 39.30 NOTE
r-devel-linux-x86_64-fedora-clang 1.0 79.93 NOTE
r-devel-linux-x86_64-fedora-gcc 1.0 79.11 NOTE
r-devel-osx-x86_64-clang 1.0 68.64 OK
r-devel-windows-ix86+x86_64 1.0 10.00 67.00 77.00 NOTE
r-patched-linux-x86_64 1.0 2.88 36.28 39.16 OK
r-patched-solaris-sparc 1.0 489.70 OK
r-patched-solaris-x86 1.0 117.50 OK
r-release-linux-x86_64 1.0 3.16 38.21 41.37 OK
r-release-osx-x86_64-mavericks 1.0 OK
r-release-windows-ix86+x86_64 1.0 11.00 58.00 69.00 OK
r-oldrel-windows-ix86+x86_64 1.0 17.00 108.00 125.00 OK

Check Details

Version: 1.0
Check: R code for possible problems
Result: NOTE
    PermanovaG: no visible global function definition for ‘as.dist’
    PermanovaG: no visible global function definition for ‘as.formula’
    Undefined global functions or variables:
     as.dist as.formula
Flavors: r-devel-linux-x86_64-debian-clang, r-devel-linux-x86_64-debian-gcc, r-devel-linux-x86_64-fedora-clang, r-devel-linux-x86_64-fedora-gcc, r-devel-windows-ix86+x86_64