CRAN Package Check Results for Package GUniFrac

Last updated on 2015-04-19 11:51:09.

Flavor Version Tinstall Tcheck Ttotal Status Flags
r-devel-linux-x86_64-debian-clang 1.0 3.00 38.44 41.44 OK
r-devel-linux-x86_64-debian-gcc 1.0 2.96 36.87 39.83 OK
r-devel-linux-x86_64-fedora-clang 1.0 84.17 OK
r-devel-linux-x86_64-fedora-gcc 1.0 92.15 OK
r-devel-osx-x86_64-clang 1.0 74.15 OK
r-devel-windows-ix86+x86_64 1.0 10.00 57.00 67.00 OK
r-patched-linux-x86_64 1.0 3.04 37.65 40.68 OK
r-patched-solaris-sparc 1.0 495.20 OK
r-patched-solaris-x86 1.0 112.30 OK
r-release-linux-x86_64 1.0 2.96 37.05 40.01 OK
r-release-osx-x86_64-mavericks 1.0 OK
r-release-osx-x86_64-snowleopard 1.0 ERROR
r-release-windows-ix86+x86_64 1.0 6.00 54.00 60.00 OK
r-oldrel-windows-ix86+x86_64 1.0 15.00 93.00 108.00 OK

Check Details

Version: 1.0
Check: package dependencies
Result: ERROR
    Package required but not available: ‘vegan’
    
    See section ‘The DESCRIPTION file’ in the ‘Writing R Extensions’
    manual.
Flavor: r-release-osx-x86_64-snowleopard