CRAN Package Check Results for Package GUniFrac

Last updated on 2016-07-28 17:48:18.

Flavor Version Tinstall Tcheck Ttotal Status Flags
r-devel-linux-x86_64-debian-clang 1.0 3.16 40.75 43.91 NOTE
r-devel-linux-x86_64-debian-gcc 1.0 3.52 39.56 43.08 NOTE
r-devel-linux-x86_64-fedora-clang 1.0 94.55 NOTE
r-devel-linux-x86_64-fedora-gcc 1.0 74.99 NOTE
r-devel-osx-x86_64-clang 1.0 59.90 NOTE
r-devel-windows-ix86+x86_64 1.0 11.00 102.00 113.00 NOTE
r-patched-linux-x86_64 1.0 3.24 42.85 46.09 NOTE
r-patched-solaris-sparc 1.0 463.70 NOTE
r-patched-solaris-x86 1.0 100.70 NOTE
r-release-linux-x86_64 1.0 3.50 43.21 46.71 NOTE
r-release-osx-x86_64-mavericks 1.0 NOTE
r-release-windows-ix86+x86_64 1.0 10.00 89.00 99.00 NOTE
r-oldrel-windows-ix86+x86_64 1.0 11.00 98.00 109.00 OK

Check Details

Version: 1.0
Check: R code for possible problems
Result: NOTE
    PermanovaG: no visible global function definition for ‘as.dist’
    PermanovaG: no visible global function definition for ‘as.formula’
    Undefined global functions or variables:
     as.dist as.formula
    Consider adding
     importFrom("stats", "as.dist", "as.formula")
    to your NAMESPACE file.
Flavors: r-devel-linux-x86_64-debian-clang, r-devel-linux-x86_64-debian-gcc, r-devel-linux-x86_64-fedora-clang, r-devel-linux-x86_64-fedora-gcc, r-devel-osx-x86_64-clang, r-devel-windows-ix86+x86_64, r-patched-linux-x86_64, r-patched-solaris-sparc, r-patched-solaris-x86, r-release-linux-x86_64, r-release-osx-x86_64-mavericks, r-release-windows-ix86+x86_64