CRAN Package Check Results for Package GUniFrac

Last updated on 2015-05-22 09:47:35.

Flavor Version Tinstall Tcheck Ttotal Status Flags
r-devel-linux-x86_64-debian-clang 1.0 2.90 37.24 40.14 OK
r-devel-linux-x86_64-debian-gcc 1.0 2.83 36.36 39.20 OK
r-devel-linux-x86_64-fedora-clang 1.0 84.24 OK
r-devel-linux-x86_64-fedora-gcc 1.0 78.71 OK
r-devel-osx-x86_64-clang 1.0 75.82 OK
r-devel-windows-ix86+x86_64 1.0 8.00 52.00 60.00 OK
r-patched-linux-x86_64 1.0 2.83 36.84 39.67 OK
r-patched-solaris-sparc 1.0 495.20 OK
r-patched-solaris-x86 1.0 116.30 OK
r-release-linux-x86_64 1.0 2.92 36.58 39.50 OK
r-release-osx-x86_64-mavericks 1.0 OK
r-release-osx-x86_64-snowleopard 1.0 ERROR
r-release-windows-ix86+x86_64 1.0 8.00 62.00 70.00 OK
r-oldrel-windows-ix86+x86_64 1.0 11.00 69.00 80.00 OK

Check Details

Version: 1.0
Check: package dependencies
Result: ERROR
    Package required but not available: ‘vegan’
    
    See section ‘The DESCRIPTION file’ in the ‘Writing R Extensions’
    manual.
Flavor: r-release-osx-x86_64-snowleopard