CRAN Package Check Results for Package GUniFrac

Last updated on 2017-10-19 00:52:40.

Flavor Version Tinstall Tcheck Ttotal Status Flags
r-devel-linux-x86_64-debian-clang 1.0 2.63 36.69 39.32 NOTE
r-devel-linux-x86_64-debian-gcc 1.0 2.99 41.32 44.31 NOTE
r-devel-linux-x86_64-fedora-clang 1.0 90.13 NOTE
r-devel-linux-x86_64-fedora-gcc 1.0 88.30 NOTE
r-devel-windows-ix86+x86_64 1.0 6.00 69.00 75.00 NOTE
r-patched-linux-x86_64 1.0 2.88 37.09 39.97 NOTE
r-patched-solaris-x86 1.0 121.20 NOTE
r-release-linux-x86_64 1.0 2.66 36.59 39.25 NOTE
r-release-windows-ix86+x86_64 1.0 11.00 71.00 82.00 NOTE
r-release-osx-x86_64 1.0 NOTE
r-oldrel-windows-ix86+x86_64 1.0 9.00 97.00 106.00 NOTE
r-oldrel-osx-x86_64 1.0 NOTE

Check Details

Version: 1.0
Check: R code for possible problems
Result: NOTE
    PermanovaG: no visible global function definition for ‘as.dist’
    PermanovaG: no visible global function definition for ‘as.formula’
    Undefined global functions or variables:
     as.dist as.formula
    Consider adding
     importFrom("stats", "as.dist", "as.formula")
    to your NAMESPACE file.
Flavors: r-devel-linux-x86_64-debian-clang, r-devel-linux-x86_64-debian-gcc, r-devel-linux-x86_64-fedora-clang, r-devel-linux-x86_64-fedora-gcc, r-devel-windows-ix86+x86_64, r-patched-linux-x86_64, r-patched-solaris-x86, r-release-linux-x86_64, r-release-windows-ix86+x86_64, r-release-osx-x86_64, r-oldrel-windows-ix86+x86_64, r-oldrel-osx-x86_64