CRAN Package Check Results for Package GUniFrac

Last updated on 2016-05-29 15:46:37.

Flavor Version Tinstall Tcheck Ttotal Status Flags
r-devel-linux-x86_64-debian-gcc 1.0 3.00 35.73 38.73 NOTE
r-devel-linux-x86_64-fedora-clang 1.0 73.56 NOTE
r-devel-linux-x86_64-fedora-gcc 1.0 73.09 NOTE
r-devel-osx-x86_64-clang 1.0 77.64 NOTE
r-devel-windows-ix86+x86_64 1.0 7.00 65.00 72.00 NOTE
r-patched-linux-x86_64 1.0 2.98 35.20 38.18 NOTE
r-patched-solaris-sparc 1.0 462.60 NOTE
r-patched-solaris-x86 1.0 101.90 NOTE
r-release-linux-x86_64 1.0 3.17 35.23 38.40 NOTE
r-release-osx-x86_64-mavericks 1.0 NOTE
r-release-windows-ix86+x86_64 1.0 10.00 67.00 77.00 NOTE
r-oldrel-windows-ix86+x86_64 1.0 8.00 70.00 78.00 OK

Check Details

Version: 1.0
Check: R code for possible problems
Result: NOTE
    PermanovaG: no visible global function definition for ‘as.dist’
    PermanovaG: no visible global function definition for ‘as.formula’
    Undefined global functions or variables:
     as.dist as.formula
    Consider adding
     importFrom("stats", "as.dist", "as.formula")
    to your NAMESPACE file.
Flavors: r-devel-linux-x86_64-debian-gcc, r-devel-linux-x86_64-fedora-clang, r-devel-linux-x86_64-fedora-gcc, r-devel-osx-x86_64-clang, r-devel-windows-ix86+x86_64, r-patched-linux-x86_64, r-patched-solaris-sparc, r-patched-solaris-x86, r-release-linux-x86_64, r-release-osx-x86_64-mavericks, r-release-windows-ix86+x86_64