CRAN Package Check Results for Package GUniFrac

Last updated on 2014-09-17 08:49:18.

Flavor Version Tinstall Tcheck Ttotal Status Flags
r-devel-linux-x86_64-debian-clang 1.0 0.89 19.16 20.06 OK
r-devel-linux-x86_64-debian-gcc 1.0 0.89 18.21 19.10 OK
r-devel-linux-x86_64-fedora-clang 1.0 41.29 OK
r-devel-linux-x86_64-fedora-gcc 1.0 49.45 OK
r-devel-osx-x86_64-clang 1.0 37.58 OK
r-devel-windows-ix86+x86_64 1.0 4.00 32.00 36.00 OK
r-patched-linux-x86_64 1.0 0.97 18.99 19.96 OK
r-patched-solaris-sparc 1.0 234.30 OK
r-patched-solaris-x86 1.0 57.10 OK
r-release-linux-ix86 1.0 1.34 26.14 27.48 OK
r-release-linux-x86_64 1.0 0.99 19.47 20.46 OK
r-release-osx-x86_64-mavericks 1.0 OK
r-release-osx-x86_64-snowleopard 1.0 ERROR
r-release-windows-ix86+x86_64 1.0 4.00 32.00 36.00 OK
r-oldrel-windows-ix86+x86_64 1.0 4.00 32.00 36.00 OK

Check Details

Version: 1.0
Check: whether package can be installed
Result: ERROR
    Installation failed.
Flavor: r-release-osx-x86_64-snowleopard