CRAN Package Check Results for Package GUniFrac

Last updated on 2017-01-20 19:47:01.

Flavor Version Tinstall Tcheck Ttotal Status Flags
r-devel-linux-x86_64-debian-clang 1.0 2.73 34.59 37.32 NOTE
r-devel-linux-x86_64-debian-gcc 1.0 2.65 34.22 36.87 NOTE
r-devel-linux-x86_64-fedora-clang 1.0 83.29 NOTE --no-stop-on-test-error
r-devel-linux-x86_64-fedora-gcc 1.0 87.32 NOTE --no-stop-on-test-error
r-devel-macos-x86_64-clang 1.0 63.43 NOTE --no-stop-on-test-error
r-devel-windows-ix86+x86_64 1.0 11.00 94.00 105.00 NOTE
r-patched-linux-x86_64 1.0 2.74 31.91 34.65 NOTE
r-patched-solaris-sparc 1.0 464.20 NOTE
r-patched-solaris-x86 1.0 103.20 NOTE
r-release-linux-x86_64 1.0 2.46 31.66 34.12 NOTE
r-release-osx-x86_64-mavericks 1.0 NOTE
r-release-windows-ix86+x86_64 1.0 6.00 93.00 99.00 NOTE
r-oldrel-windows-ix86+x86_64 1.0 2.00 2.00 4.00 ERROR

Check Details

Version: 1.0
Check: R code for possible problems
Result: NOTE
    PermanovaG: no visible global function definition for ‘as.dist’
    PermanovaG: no visible global function definition for ‘as.formula’
    Undefined global functions or variables:
     as.dist as.formula
    Consider adding
     importFrom("stats", "as.dist", "as.formula")
    to your NAMESPACE file.
Flavors: r-devel-linux-x86_64-debian-clang, r-devel-linux-x86_64-debian-gcc, r-devel-windows-ix86+x86_64, r-patched-linux-x86_64, r-patched-solaris-sparc, r-patched-solaris-x86, r-release-linux-x86_64, r-release-osx-x86_64-mavericks, r-release-windows-ix86+x86_64

Version: 1.0
Flags: --no-stop-on-test-error
Check: R code for possible problems
Result: NOTE
    PermanovaG: no visible global function definition for ‘as.dist’
    PermanovaG: no visible global function definition for ‘as.formula’
    Undefined global functions or variables:
     as.dist as.formula
    Consider adding
     importFrom("stats", "as.dist", "as.formula")
    to your NAMESPACE file.
Flavors: r-devel-linux-x86_64-fedora-clang, r-devel-linux-x86_64-fedora-gcc, r-devel-macos-x86_64-clang

Version: 1.0
Check: whether package can be installed
Result: ERROR
    Installation failed.
Flavor: r-oldrel-windows-ix86+x86_64