CRAN Package Check Results for Package GUniFrac

Last updated on 2015-03-06 06:46:57.

Flavor Version Tinstall Tcheck Ttotal Status Flags
r-devel-linux-x86_64-debian-clang 1.0 2.86 36.86 39.72 OK
r-devel-linux-x86_64-debian-gcc 1.0 2.70 37.09 39.79 OK
r-devel-linux-x86_64-fedora-clang 1.0 84.61 OK
r-devel-linux-x86_64-fedora-gcc 1.0 78.98 OK
r-devel-osx-x86_64-clang 1.0 72.42 OK
r-devel-windows-ix86+x86_64 1.0 8.00 55.00 63.00 OK
r-patched-linux-x86_64 1.0 4.35 47.72 52.07 OK
r-patched-solaris-sparc 1.0 669.50 OK
r-patched-solaris-x86 1.0 153.10 OK
r-release-linux-ix86 1.0 4.61 56.23 60.84 OK
r-release-linux-x86_64 1.0 4.53 46.74 51.27 OK
r-release-osx-x86_64-mavericks 1.0 OK
r-release-osx-x86_64-snowleopard 1.0 ERROR
r-release-windows-ix86+x86_64 1.0 12.00 76.00 88.00 OK
r-oldrel-windows-ix86+x86_64 1.0 11.00 71.00 82.00 OK

Check Details

Version: 1.0
Check: whether package can be installed
Result: ERROR
    Installation failed.
Flavor: r-release-osx-x86_64-snowleopard