CRAN Package Check Results for Package GUniFrac

Last updated on 2014-08-01 14:47:25.

Flavor Version Tinstall Tcheck Ttotal Status Flags
r-devel-linux-x86_64-debian-clang 1.0 1.00 18.60 19.60 OK
r-devel-linux-x86_64-debian-gcc 1.0 0.95 18.27 19.22 OK
r-devel-linux-x86_64-fedora-clang 1.0 41.25 OK
r-devel-linux-x86_64-fedora-gcc 1.0 38.98 OK
r-devel-osx-x86_64-clang 1.0 39.11 OK
r-devel-windows-ix86+x86_64 1.0 4.00 31.00 35.00 OK
r-patched-linux-x86_64 1.0 1.03 18.48 19.50 OK
r-patched-solaris-sparc 1.0 234.30 OK
r-patched-solaris-x86 1.0 55.60 OK
r-release-linux-ix86 1.0 1.35 25.38 26.73 OK
r-release-linux-x86_64 1.0 0.98 19.09 20.07 OK
r-release-osx-x86_64-mavericks 1.0 OK
r-release-osx-x86_64-snowleopard 1.0 ERROR
r-release-windows-ix86+x86_64 1.0 5.00 44.00 49.00 OK
r-oldrel-windows-ix86+x86_64 1.0 7.00 45.00 52.00 OK

Check Details

Version: 1.0
Check: whether package can be installed
Result: ERROR
    Installation failed.
Flavor: r-release-osx-x86_64-snowleopard