CRAN Package Check Results for Package GWAF

Last updated on 2014-07-25 21:47:53.

Flavor Version Tinstall Tcheck Ttotal Status Flags
r-devel-linux-x86_64-debian-clang 2.1 6.29 75.50 81.79 OK
r-devel-linux-x86_64-debian-gcc 2.1 6.48 74.92 81.40 OK
r-devel-linux-x86_64-fedora-clang 2.1 197.98 OK
r-devel-linux-x86_64-fedora-gcc 2.1 182.15 OK
r-devel-osx-x86_64-clang 2.1 146.54 OK
r-devel-windows-ix86+x86_64 2.1 19.00 108.00 127.00 OK
r-patched-linux-x86_64 2.1 6.32 75.54 81.86 OK
r-patched-solaris-sparc 2.1 1003.20 OK
r-patched-solaris-x86 2.1 227.30 OK
r-release-linux-ix86 2.1 8.11 89.60 97.71 OK
r-release-linux-x86_64 2.1 6.69 76.94 83.63 OK
r-release-osx-x86_64-mavericks 2.1 OK
r-release-osx-x86_64-snowleopard 2.1 ERROR
r-release-windows-ix86+x86_64 2.1 15.00 110.00 125.00 OK
r-oldrel-windows-ix86+x86_64 2.1 17.00 98.00 115.00 OK

Check Details

Version: 2.1
Check: whether package can be installed
Result: ERROR
    Installation failed.
    See ‘/Volumes/XT3/Builds/R-dev-web/QA/Simon/packages/snowleopard-x86_64/results/3.1/GWAF.Rcheck/00install.out’ for details.
Flavor: r-release-osx-x86_64-snowleopard