CRAN Package Check Results for Package GWAF

Last updated on 2015-03-05 12:48:01.

Flavor Version Tinstall Tcheck Ttotal Status Flags
r-devel-linux-x86_64-debian-clang 2.1 4.32 58.02 62.34 WARN
r-devel-linux-x86_64-debian-gcc 2.1 4.09 56.78 60.87 WARN
r-devel-linux-x86_64-fedora-clang 2.1 132.75 WARN
r-devel-linux-x86_64-fedora-gcc 2.1 71.98 WARN
r-devel-osx-x86_64-clang 2.1 111.30 WARN
r-devel-windows-ix86+x86_64 2.1 12.00 76.00 88.00 WARN
r-patched-linux-x86_64 2.1 7.31 81.16 88.46 WARN
r-patched-solaris-sparc 2.1 971.00 WARN
r-patched-solaris-x86 2.1 185.50 WARN
r-release-linux-ix86 2.1 7.37 93.58 100.95 OK
r-release-linux-x86_64 2.1 6.72 76.99 83.70 WARN
r-release-osx-x86_64-mavericks 2.1 OK
r-release-osx-x86_64-snowleopard 2.1 ERROR
r-release-windows-ix86+x86_64 2.1 16.00 113.00 129.00 WARN
r-oldrel-windows-ix86+x86_64 2.1 17.00 109.00 126.00 OK

Check Details

Version: 2.1
Check: whether package can be installed
Result: WARN
    Found the following significant warnings:
     Warning: replacing previous import by ‘lme4::fixef’ when loading ‘GWAF’
     Warning: replacing previous import by ‘lme4::VarCorr’ when loading ‘GWAF’
     Warning: replacing previous import by ‘lme4::ranef’ when loading ‘GWAF’
Flavors: r-devel-linux-x86_64-debian-clang, r-devel-linux-x86_64-debian-gcc, r-devel-linux-x86_64-fedora-clang, r-devel-linux-x86_64-fedora-gcc, r-devel-osx-x86_64-clang, r-devel-windows-ix86+x86_64

Version: 2.1
Check: whether package can be installed
Result: WARN
    Found the following significant warnings:
     Warning: replacing previous import by ‘lme4::VarCorr’ when loading ‘GWAF’
     Warning: replacing previous import by ‘lme4::fixef’ when loading ‘GWAF’
     Warning: replacing previous import by ‘lme4::ranef’ when loading ‘GWAF’
Flavors: r-patched-linux-x86_64, r-patched-solaris-sparc, r-patched-solaris-x86, r-release-linux-x86_64, r-release-windows-ix86+x86_64

Version: 2.1
Check: whether package can be installed
Result: ERROR
    Installation failed.
Flavor: r-release-osx-x86_64-snowleopard