CRAN Package Check Results for Package GWAF

Last updated on 2014-11-24 05:47:33.

Flavor Version Tinstall Tcheck Ttotal Status Flags
r-devel-linux-x86_64-debian-clang 2.1 5.90 75.12 81.02 OK
r-devel-linux-x86_64-debian-gcc 2.1 8.27 73.64 81.90 OK
r-devel-linux-x86_64-fedora-clang 2.1 204.46 OK
r-devel-linux-x86_64-fedora-gcc 2.1 180.60 OK
r-devel-osx-x86_64-clang 2.1 153.38 OK
r-devel-windows-ix86+x86_64 2.1 18.00 106.00 124.00 OK
r-patched-linux-x86_64 2.1 8.91 76.95 85.86 OK
r-patched-solaris-sparc 2.1 1024.80 OK
r-patched-solaris-x86 2.1 224.10 OK
r-release-linux-ix86 2.1 7.17 87.43 94.60 OK
r-release-linux-x86_64 2.1 6.23 76.88 83.11 OK
r-release-osx-x86_64-mavericks 2.1 OK
r-release-osx-x86_64-snowleopard 2.1 ERROR
r-release-windows-ix86+x86_64 2.1 19.00 111.00 130.00 OK
r-oldrel-windows-ix86+x86_64 2.1 16.00 102.00 118.00 OK

Check Details

Version: 2.1
Check: whether package can be installed
Result: ERROR
    Installation failed.
Flavor: r-release-osx-x86_64-snowleopard