CRAN Package Check Results for Package GWAF

Last updated on 2014-04-23 07:55:00.

Flavor Version Tinstall Tcheck Ttotal Status Flags
r-devel-linux-x86_64-debian-clang 2.1 6.73 80.05 86.78 OK
r-devel-linux-x86_64-debian-gcc 2.1 6.66 79.02 85.68 OK
r-devel-linux-x86_64-fedora-clang 2.1 199.36 OK
r-devel-linux-x86_64-fedora-gcc 2.1 189.23 OK
r-devel-osx-x86_64-clang 2.1 151.73 OK
r-devel-osx-x86_64-gcc 2.1 OK
r-devel-windows-ix86+x86_64 2.1 17.00 108.00 125.00 OK
r-patched-linux-x86_64 2.1 6.68 78.66 85.34 OK
r-patched-solaris-sparc 2.1 1003.20 OK
r-patched-solaris-x86 2.1 228.90 OK
r-release-linux-ix86 2.1 10.00 117.00 127.00 OK
r-release-linux-x86_64 2.1 6.49 80.19 86.68 OK
r-release-osx-x86_64-mavericks 2.1 OK
r-release-osx-x86_64-snowleopard 2.1 ERROR
r-release-windows-ix86+x86_64 2.1 15.00 105.00 120.00 OK
r-oldrel-windows-ix86+x86_64 2.1 16.00 102.00 118.00 OK

Check Details

Version: 2.1
Check: whether package can be installed
Result: ERROR
    Installation failed.
    See ‘/Volumes/XT3/Builds/R-dev-web/QA/Simon/packages/snowleopard-x86_64/results/3.1/GWAF.Rcheck/00install.out’ for details.
Flavor: r-release-osx-x86_64-snowleopard