CRAN Package Check Results for Package GWAF

Last updated on 2014-09-20 23:48:02.

Flavor Version Tinstall Tcheck Ttotal Status Flags
r-devel-linux-x86_64-debian-clang 2.1 5.80 75.02 80.81 OK
r-devel-linux-x86_64-debian-gcc 2.1 5.71 74.54 80.25 OK
r-devel-linux-x86_64-fedora-clang 2.1 191.12 OK
r-devel-linux-x86_64-fedora-gcc 2.1 189.60 OK
r-devel-osx-x86_64-clang 2.1 146.15 OK
r-devel-windows-ix86+x86_64 2.1 14.00 100.00 114.00 OK
r-patched-linux-x86_64 2.1 6.46 78.13 84.59 OK
r-patched-solaris-sparc 2.1 1024.80 OK
r-patched-solaris-x86 2.1 223.60 OK
r-release-linux-ix86 2.1 7.32 91.98 99.30 OK
r-release-linux-x86_64 2.1 6.55 78.23 84.78 OK
r-release-osx-x86_64-mavericks 2.1 OK
r-release-osx-x86_64-snowleopard 2.1 ERROR
r-release-windows-ix86+x86_64 2.1 18.00 111.00 129.00 OK
r-oldrel-windows-ix86+x86_64 2.1 18.00 104.00 122.00 OK

Check Details

Version: 2.1
Check: whether package can be installed
Result: ERROR
    Installation failed.
Flavor: r-release-osx-x86_64-snowleopard