CRAN Package Check Results for Package GWAF

Last updated on 2014-12-20 23:47:18.

Flavor Version Tinstall Tcheck Ttotal Status Flags
r-devel-linux-x86_64-debian-clang 2.1 6.28 75.44 81.73 OK
r-devel-linux-x86_64-debian-gcc 2.1 5.75 71.73 77.48 OK
r-devel-linux-x86_64-fedora-clang 2.1 188.61 OK
r-devel-linux-x86_64-fedora-gcc 2.1 171.74 OK
r-devel-osx-x86_64-clang 2.1 154.29 OK
r-devel-windows-ix86+x86_64 2.1 18.00 102.00 120.00 OK
r-patched-linux-x86_64 2.1 6.26 76.82 83.08 OK
r-patched-solaris-sparc 2.1 1024.80 OK
r-patched-solaris-x86 2.1 224.70 OK
r-release-linux-ix86 2.1 7.06 87.69 94.74 OK
r-release-linux-x86_64 2.1 6.25 77.83 84.08 OK
r-release-osx-x86_64-mavericks 2.1 OK
r-release-osx-x86_64-snowleopard 2.1 ERROR
r-release-windows-ix86+x86_64 2.1 19.00 111.00 130.00 OK
r-oldrel-windows-ix86+x86_64 2.1 17.00 102.00 119.00 OK

Check Details

Version: 2.1
Check: whether package can be installed
Result: ERROR
    Installation failed.
Flavor: r-release-osx-x86_64-snowleopard