CRAN Package Check Results for Package GWAF

Last updated on 2015-01-30 18:51:28.

Flavor Version Tinstall Tcheck Ttotal Status Flags
r-devel-linux-x86_64-debian-clang 2.1 4.70 55.07 59.77 OK
r-devel-linux-x86_64-debian-gcc 2.1 5.20 64.66 69.86 OK
r-devel-linux-x86_64-fedora-clang 2.1 179.68 OK
r-devel-linux-x86_64-fedora-gcc 2.1 159.69 OK
r-devel-osx-x86_64-clang 2.1 151.30 OK
r-devel-windows-ix86+x86_64 2.1 19.00 88.00 107.00 OK
r-patched-linux-x86_64 2.1 6.27 77.64 83.91 OK
r-patched-solaris-sparc 2.1 1030.00 OK
r-patched-solaris-x86 2.1 225.30 OK
r-release-linux-ix86 2.1 7.04 88.08 95.13 OK
r-release-linux-x86_64 2.1 6.24 76.80 83.04 OK
r-release-osx-x86_64-mavericks 2.1 OK
r-release-osx-x86_64-snowleopard 2.1 ERROR
r-release-windows-ix86+x86_64 2.1 15.00 113.00 128.00 OK
r-oldrel-windows-ix86+x86_64 2.1 15.00 102.00 117.00 OK

Check Details

Version: 2.1
Check: whether package can be installed
Result: ERROR
    Installation failed.
Flavor: r-release-osx-x86_64-snowleopard