CRAN Package Check Results for Package GWAF

Last updated on 2014-10-30 16:48:21.

Flavor Version Tinstall Tcheck Ttotal Status Flags
r-devel-linux-x86_64-debian-clang 2.1 5.76 78.07 83.83 OK
r-devel-linux-x86_64-debian-gcc 2.1 5.83 73.30 79.13 OK
r-devel-linux-x86_64-fedora-clang 2.1 189.69 OK
r-devel-linux-x86_64-fedora-gcc 2.1 178.94 OK
r-devel-osx-x86_64-clang 2.1 150.11 OK
r-devel-windows-ix86+x86_64 2.1 17.00 101.00 118.00 OK
r-patched-linux-x86_64 2.1 6.26 77.56 83.82 OK
r-patched-solaris-sparc 2.1 1024.80 OK
r-patched-solaris-x86 2.1 225.10 OK
r-release-linux-ix86 2.1 7.36 92.05 99.41 OK
r-release-linux-x86_64 2.1 6.51 78.10 84.61 OK
r-release-osx-x86_64-mavericks 2.1 OK
r-release-osx-x86_64-snowleopard 2.1 ERROR
r-release-windows-ix86+x86_64 2.1 19.00 112.00 131.00 OK
r-oldrel-windows-ix86+x86_64 2.1 15.00 105.00 120.00 OK

Check Details

Version: 2.1
Check: whether package can be installed
Result: ERROR
    Installation failed.
Flavor: r-release-osx-x86_64-snowleopard