CRAN Package Check Results for Package GWAF

Last updated on 2014-08-21 03:48:18.

Flavor Version Tinstall Tcheck Ttotal Status Flags
r-devel-linux-x86_64-debian-clang 2.1 8.46 74.88 83.34 OK
r-devel-linux-x86_64-debian-gcc 2.1 6.04 73.17 79.21 OK
r-devel-linux-x86_64-fedora-clang 2.1 229.77 OK
r-devel-linux-x86_64-fedora-gcc 2.1 181.81 OK
r-devel-osx-x86_64-clang 2.1 144.11 OK
r-devel-windows-ix86+x86_64 2.1 16.00 103.00 119.00 OK
r-patched-linux-x86_64 2.1 6.25 75.03 81.28 OK
r-patched-solaris-sparc 2.1 1024.80 OK
r-patched-solaris-x86 2.1 225.80 OK
r-release-linux-ix86 2.1 7.24 90.20 97.44 OK
r-release-linux-x86_64 2.1 6.51 77.46 83.98 OK
r-release-osx-x86_64-mavericks 2.1 OK
r-release-osx-x86_64-snowleopard 2.1 ERROR
r-release-windows-ix86+x86_64 2.1 15.00 107.00 122.00 OK
r-oldrel-windows-ix86+x86_64 2.1 18.00 101.00 119.00 OK

Check Details

Version: 2.1
Check: whether package can be installed
Result: ERROR
    Installation failed.
Flavor: r-release-osx-x86_64-snowleopard