Last updated on 2023-10-02 22:08:01 CEST.
Flavor | Version | Tinstall | Tcheck | Ttotal | Status | Flags |
---|---|---|---|---|---|---|
r-devel-linux-x86_64-debian-clang | 1.01 | 2.43 | 19.33 | 21.76 | OK | |
r-devel-linux-x86_64-debian-gcc | 1.01 | 1.85 | 15.43 | 17.28 | OK | |
r-devel-linux-x86_64-fedora-clang | 1.01 | 27.41 | NOTE | |||
r-devel-linux-x86_64-fedora-gcc | 1.01 | 27.93 | NOTE | |||
r-devel-windows-x86_64 | 1.01 | 4.00 | 37.00 | 41.00 | OK | |
r-patched-linux-x86_64 | 1.01 | 2.23 | 19.18 | 21.41 | OK | |
r-release-linux-x86_64 | 1.01 | 2.23 | 19.31 | 21.54 | OK | |
r-release-macos-arm64 | 1.01 | 17.00 | OK | |||
r-release-macos-x86_64 | 1.01 | 21.00 | OK | |||
r-release-windows-x86_64 | 1.01 | 4.00 | 41.00 | 45.00 | OK | |
r-oldrel-macos-arm64 | 1.01 | 17.00 | OK | |||
r-oldrel-macos-x86_64 | 1.01 | 21.00 | OK | |||
r-oldrel-windows-x86_64 | 1.01 | 8.00 | 42.00 | 50.00 | OK |
Version: 1.01
Check: compiled code
Result: NOTE
File ‘GWASExactHW/libs/GWASExactHW.so’:
Found no calls to: ‘R_registerRoutines’, ‘R_useDynamicSymbols’
It is good practice to register native routines and to disable symbol
search.
See ‘Writing portable packages’ in the ‘Writing R Extensions’ manual.
Flavors: r-devel-linux-x86_64-fedora-clang, r-devel-linux-x86_64-fedora-gcc