CRAN Package Check Results for Package GWASExactHW

Last updated on 2022-10-02 22:51:39 CEST.

Flavor Version Tinstall Tcheck Ttotal Status Flags
r-devel-linux-x86_64-debian-clang 1.01 2.36 20.19 22.55 OK
r-devel-linux-x86_64-debian-gcc 1.01 1.93 15.84 17.77 OK
r-devel-linux-x86_64-fedora-clang 1.01 40.08 NOTE
r-devel-linux-x86_64-fedora-gcc 1.01 37.99 NOTE
r-devel-windows-x86_64 1.01 17.00 45.00 62.00 OK
r-patched-linux-x86_64 1.01 2.21 19.93 22.14 OK
r-release-linux-x86_64 1.01 1.91 19.87 21.78 OK
r-release-macos-arm64 1.01 15.00 OK
r-release-macos-x86_64 1.01 21.00 OK
r-release-windows-x86_64 1.01 8.00 42.00 50.00 OK
r-oldrel-macos-arm64 1.01 18.00 OK
r-oldrel-macos-x86_64 1.01 30.00 OK
r-oldrel-windows-ix86+x86_64 1.01 7.00 37.00 44.00 OK

Check Details

Version: 1.01
Check: compiled code
Result: NOTE
    File ‘GWASExactHW/libs/GWASExactHW.so’:
     Found no calls to: ‘R_registerRoutines’, ‘R_useDynamicSymbols’
    
    It is good practice to register native routines and to disable symbol
    search.
    
    See ‘Writing portable packages’ in the ‘Writing R Extensions’ manual.
Flavors: r-devel-linux-x86_64-fedora-clang, r-devel-linux-x86_64-fedora-gcc