Last updated on 2023-02-07 12:55:32 CET.
Flavor | Version | Tinstall | Tcheck | Ttotal | Status | Flags |
---|---|---|---|---|---|---|
r-devel-linux-x86_64-debian-clang | 1.2.2 | 9.68 | 77.35 | 87.03 | NOTE | |
r-devel-linux-x86_64-debian-gcc | 1.2.2 | 7.21 | 58.09 | 65.30 | NOTE | |
r-devel-linux-x86_64-fedora-clang | 1.2.2 | 105.08 | NOTE | |||
r-devel-linux-x86_64-fedora-gcc | 1.2.2 | 102.58 | NOTE | |||
r-devel-windows-x86_64 | 1.2.2 | 13.00 | 100.00 | 113.00 | NOTE | |
r-patched-linux-x86_64 | 1.2.2 | 9.08 | 74.17 | 83.25 | NOTE | |
r-release-linux-x86_64 | 1.2.2 | 7.32 | 74.91 | 82.23 | NOTE | |
r-release-macos-arm64 | 1.2.2 | 31.00 | NOTE | |||
r-release-macos-x86_64 | 1.2.2 | 44.00 | NOTE | |||
r-release-windows-x86_64 | 1.2.2 | 13.00 | 112.00 | 125.00 | NOTE | |
r-oldrel-macos-arm64 | 1.2.2 | 37.00 | NOTE | |||
r-oldrel-macos-x86_64 | 1.2.2 | 48.00 | NOTE | |||
r-oldrel-windows-ix86+x86_64 | 1.2.2 | 19.00 | 96.00 | 115.00 | NOTE |
Version: 1.2.2
Check: LazyData
Result: NOTE
'LazyData' is specified without a 'data' directory
Flavors: r-devel-linux-x86_64-debian-clang, r-devel-linux-x86_64-debian-gcc, r-devel-linux-x86_64-fedora-clang, r-devel-linux-x86_64-fedora-gcc, r-devel-windows-x86_64, r-patched-linux-x86_64, r-release-linux-x86_64, r-release-macos-arm64, r-release-macos-x86_64, r-release-windows-x86_64, r-oldrel-macos-arm64, r-oldrel-macos-x86_64, r-oldrel-windows-ix86+x86_64
Version: 1.2.2
Check: dependencies in R code
Result: NOTE
Namespaces in Imports field not imported from:
‘doParallel’ ‘foreach’ ‘spgwr’
All declared Imports should be used.
Flavors: r-devel-linux-x86_64-fedora-clang, r-devel-linux-x86_64-fedora-gcc, r-release-macos-arm64, r-release-macos-x86_64, r-oldrel-macos-arm64, r-oldrel-macos-x86_64