CRAN Package Check Results for Package GWmodel

Last updated on 2017-12-15 04:47:20 CET.

Flavor Version Tinstall Tcheck Ttotal Status Flags
r-devel-linux-x86_64-debian-clang 2.0-4 23.66 54.68 78.34 FAIL
r-devel-linux-x86_64-debian-gcc 2.0-4 20.51 55.61 76.12 OK
r-devel-linux-x86_64-fedora-clang 2.0-4 113.16 OK
r-devel-linux-x86_64-fedora-gcc 2.0-4 111.77 OK
r-devel-windows-ix86+x86_64 2.0-4 77.00 114.00 191.00 OK
r-patched-linux-x86_64 2.0-4 25.07 73.20 98.27 OK
r-patched-solaris-x86 2.0-4 128.00 OK
r-release-linux-x86_64 2.0-4 23.15 73.34 96.49 OK
r-release-windows-ix86+x86_64 2.0-4 59.00 104.00 163.00 OK
r-release-osx-x86_64 2.0-4 OK
r-oldrel-windows-ix86+x86_64 2.0-4 71.00 139.00 210.00 OK
r-oldrel-osx-x86_64 2.0-4 OK

Check Details

Version: 2.0-4
Check: pragmas in C/C++ headers and code
Result: FAIL
    
Flavor: r-devel-linux-x86_64-debian-clang