CRAN Package Check Results for Package GWmodel

Last updated on 2015-04-21 03:49:29.

Flavor Version Tinstall Tcheck Ttotal Status Flags
r-devel-linux-x86_64-debian-clang 1.2-5 1.86 39.23 41.09 OK
r-devel-linux-x86_64-debian-gcc 1.2-5 1.75 38.23 39.98 OK
r-devel-linux-x86_64-fedora-clang 1.2-5 80.30 OK
r-devel-linux-x86_64-fedora-gcc 1.2-5 85.13 OK
r-devel-osx-x86_64-clang 1.2-5 80.85 OK
r-devel-windows-ix86+x86_64 1.2-5 9.00 82.00 91.00 OK
r-patched-linux-x86_64 1.2-5 1.71 39.23 40.94 OK
r-patched-solaris-sparc 1.2-5 493.70 OK
r-patched-solaris-x86 1.2-5 98.80 OK
r-release-linux-x86_64 1.2-5 1.79 38.62 40.41 OK
r-release-osx-x86_64-mavericks 1.2-5 NOTE
r-release-osx-x86_64-snowleopard 1.2-5 NOTE
r-release-windows-ix86+x86_64 1.2-5 5.00 57.00 62.00 OK
r-oldrel-windows-ix86+x86_64 1.2-5 9.00 65.00 74.00 OK

Check Details

Version: 1.2-5
Check: package dependencies
Result: NOTE
    Package suggested but not available for checking: ‘mvoutlier’
Flavor: r-release-osx-x86_64-mavericks

Version: 1.2-5
Check: package dependencies
Result: NOTE
    Packages suggested but not available for checking: ‘mvoutlier’ ‘gstat’
Flavor: r-release-osx-x86_64-snowleopard