CRAN Package Check Results for Package GWmodel

Last updated on 2014-10-25 11:48:37.

Flavor Version Tinstall Tcheck Ttotal Status Flags
r-devel-linux-x86_64-debian-clang 1.2-3 1.92 42.82 44.74 NOTE
r-devel-linux-x86_64-debian-gcc 1.2-3 2.60 41.76 44.36 NOTE
r-devel-linux-x86_64-fedora-clang 1.2-3 91.38 NOTE
r-devel-linux-x86_64-fedora-gcc 1.2-3 85.47 NOTE
r-devel-osx-x86_64-clang 1.2-3 81.14 NOTE
r-devel-windows-ix86+x86_64 1.2-3 8.00 62.00 70.00 NOTE
r-patched-linux-x86_64 1.2-3 1.91 44.59 46.50 NOTE
r-patched-solaris-sparc 1.2-3 532.20 NOTE
r-patched-solaris-x86 1.2-3 113.20 NOTE
r-release-linux-ix86 1.2-3 2.53 58.10 60.64 OK
r-release-linux-x86_64 1.2-3 3.10 45.99 49.09 OK
r-release-osx-x86_64-mavericks 1.2-3 NOTE
r-release-osx-x86_64-snowleopard 1.2-3 OK
r-release-windows-ix86+x86_64 1.2-3 7.00 81.00 88.00 OK
r-oldrel-windows-ix86+x86_64 1.2-3 7.00 71.00 78.00 OK

Check Details

Version: 1.2-3
Check: R code for possible problems
Result: NOTE
    bw.ggwr: no visible global function definition for ‘coordinates’
    bw.ggwr: no visible global function definition for ‘bbox’
    bw.gwda: no visible global function definition for ‘proj4string’
    bw.gwda: no visible global function definition for ‘coordinates’
    bw.gwpca: no visible global function definition for ‘proj4string’
    bw.gwpca: no visible global function definition for ‘coordinates’
    bw.gwpca: no visible global function definition for ‘bbox’
    bw.gwr: no visible global function definition for ‘coordinates’
    bw.gwr: no visible global function definition for ‘bbox’
    bw.gwr.lcr: no visible global function definition for ‘proj4string’
    bw.gwr.lcr: no visible global function definition for ‘coordinates’
    bw.gwr.lcr: no visible global function definition for ‘bbox’
    gw.dist: no visible global function definition for ‘spDistsN1’
    gw.pcplot: no visible global function definition for ‘proj4string’
    gw.pcplot: no visible global function definition for ‘coordinates’
    gwda: no visible global function definition for ‘proj4string’
    gwda: no visible global function definition for ‘coordinates’
    gwda: no visible global function definition for
     ‘SpatialPolygonsDataFrame’
    gwda: no visible global function definition for ‘gridded’
    gwda: no visible global function definition for
     ‘SpatialPointsDataFrame’
    gwda: no visible global function definition for ‘CRS’
    gwda: no visible global function definition for ‘gridded<-’
    gwpca: no visible global function definition for ‘proj4string’
    gwpca: no visible global function definition for ‘coordinates’
    gwr.basic: no visible global function definition for ‘coordinates’
    gwr.basic: no visible global function definition for ‘gridded’
    gwr.basic: no visible global function definition for ‘proj4string’
    gwr.basic: no visible global function definition for
     ‘SpatialPolygonsDataFrame’
    gwr.basic: no visible global function definition for
     ‘SpatialPointsDataFrame’
    gwr.basic: no visible global function definition for ‘CRS’
    gwr.basic: no visible global function definition for ‘gridded<-’
    gwr.binomial: no visible global function definition for ‘proj4string’
    gwr.binomial: no visible global function definition for ‘coordinates’
    gwr.binomial: no visible global function definition for
     ‘SpatialPolygonsDataFrame’
    gwr.binomial: no visible global function definition for ‘gridded’
    gwr.binomial: no visible global function definition for
     ‘SpatialPointsDataFrame’
    gwr.binomial: no visible global function definition for ‘CRS’
    gwr.binomial: no visible global function definition for ‘gridded<-’
    gwr.collin.diagno: no visible global function definition for
     ‘proj4string’
    gwr.collin.diagno: no visible global function definition for
     ‘coordinates’
    gwr.collin.diagno: no visible global function definition for ‘gridded’
    gwr.collin.diagno: no visible global function definition for
     ‘SpatialPolygonsDataFrame’
    gwr.collin.diagno: no visible global function definition for
     ‘SpatialPointsDataFrame’
    gwr.collin.diagno: no visible global function definition for ‘CRS’
    gwr.collin.diagno: no visible global function definition for
     ‘gridded<-’
    gwr.generalised: no visible global function definition for
     ‘proj4string’
    gwr.generalised: no visible global function definition for
     ‘coordinates’
    gwr.hetero: no visible global function definition for ‘coordinates’
    gwr.hetero: no visible global function definition for ‘proj4string’
    gwr.hetero: no visible global function definition for
     ‘SpatialPolygonsDataFrame’
    gwr.hetero: no visible global function definition for ‘gridded’
    gwr.hetero: no visible global function definition for
     ‘SpatialPointsDataFrame’
    gwr.hetero: no visible global function definition for ‘CRS’
    gwr.hetero: no visible global function definition for ‘gridded<-’
    gwr.lcr: no visible global function definition for ‘coordinates’
    gwr.lcr: no visible global function definition for ‘proj4string’
    gwr.lcr: no visible global function definition for
     ‘SpatialPolygonsDataFrame’
    gwr.lcr: no visible global function definition for ‘gridded’
    gwr.lcr: no visible global function definition for
     ‘SpatialPointsDataFrame’
    gwr.lcr: no visible global function definition for ‘CRS’
    gwr.lcr: no visible global function definition for ‘gridded<-’
    gwr.mixed: no visible global function definition for ‘coordinates’
    gwr.mixed: no visible global function definition for ‘proj4string’
    gwr.mixed: no visible global function definition for
     ‘SpatialPolygonsDataFrame’
    gwr.mixed: no visible global function definition for ‘gridded’
    gwr.mixed: no visible global function definition for
     ‘SpatialPointsDataFrame’
    gwr.mixed: no visible global function definition for ‘CRS’
    gwr.mixed: no visible global function definition for ‘gridded<-’
    gwr.poisson: no visible global function definition for ‘proj4string’
    gwr.poisson: no visible global function definition for ‘coordinates’
    gwr.poisson: no visible global function definition for
     ‘SpatialPolygonsDataFrame’
    gwr.poisson: no visible global function definition for ‘gridded’
    gwr.poisson: no visible global function definition for
     ‘SpatialPointsDataFrame’
    gwr.poisson: no visible global function definition for ‘CRS’
    gwr.poisson: no visible global function definition for ‘gridded<-’
    gwr.predict: no visible global function definition for ‘proj4string’
    gwr.predict: no visible global function definition for ‘coordinates’
    gwr.predict: no visible global function definition for
     ‘SpatialPolygonsDataFrame’
    gwr.predict: no visible global function definition for ‘gridded’
    gwr.predict: no visible global function definition for
     ‘SpatialPointsDataFrame’
    gwr.predict: no visible global function definition for ‘CRS’
    gwr.predict: no visible global function definition for ‘gridded<-’
    gwr.t.adjust: no visible global function definition for ‘proj4string’
    gwr.t.adjust: no visible global function definition for ‘coordinates’
    gwr.t.adjust: no visible global function definition for
     ‘SpatialPolygonsDataFrame’
    gwr.t.adjust: no visible global function definition for ‘gridded’
    gwr.t.adjust: no visible global function definition for
     ‘SpatialPointsDataFrame’
    gwr.t.adjust: no visible global function definition for ‘CRS’
    gwr.t.adjust: no visible global function definition for ‘gridded<-’
    gwss: no visible global function definition for ‘proj4string’
    gwss: no visible global function definition for ‘coordinates’
    gwss: no visible global function definition for
     ‘SpatialPolygonsDataFrame’
    gwss: no visible global function definition for ‘gridded’
    gwss: no visible global function definition for
     ‘SpatialPointsDataFrame’
    gwss: no visible global function definition for ‘CRS’
    gwss: no visible global function definition for ‘gridded<-’
    model.selection.gwr: no visible global function definition for
     ‘proj4string’
    model.selection.gwr: no visible global function definition for
     ‘coordinates’
    montecarlo.gwpca.1: no visible global function definition for
     ‘proj4string’
    montecarlo.gwpca.1: no visible global function definition for
     ‘coordinates’
    montecarlo.gwpca.2: no visible global function definition for
     ‘proj4string’
    montecarlo.gwpca.2: no visible global function definition for
     ‘coordinates’
    montecarlo.gwr: no visible global function definition for ‘coordinates’
    montecarlo.gwss: no visible global function definition for
     ‘proj4string’
    montecarlo.gwss: no visible global function definition for
     ‘coordinates’
    montecarlo.gwss: no visible global function definition for
     ‘SpatialPointsDataFrame’
    test.gwr.par: no visible global function definition for ‘proj4string’
    test.gwr.par: no visible global function definition for ‘coordinates’
Flavors: r-devel-linux-x86_64-debian-clang, r-devel-linux-x86_64-debian-gcc, r-devel-linux-x86_64-fedora-clang, r-devel-linux-x86_64-fedora-gcc, r-devel-osx-x86_64-clang, r-devel-windows-ix86+x86_64, r-patched-linux-x86_64, r-patched-solaris-sparc, r-patched-solaris-x86

Version: 1.2-3
Check: package dependencies
Result: NOTE
    Package suggested but not available for checking: ‘gstat’
Flavor: r-release-osx-x86_64-mavericks