CRAN Package Check Results for Package GWmodel

Last updated on 2014-04-23 17:47:45.

Flavor Version Tinstall Tcheck Ttotal Status Flags
r-devel-linux-x86_64-debian-clang 1.2-2 2.21 46.11 48.32 NOTE
r-devel-linux-x86_64-debian-gcc 1.2-2 2.02 45.65 47.66 NOTE
r-devel-linux-x86_64-fedora-clang 1.2-2 95.95 NOTE
r-devel-linux-x86_64-fedora-gcc 1.2-2 91.54 NOTE
r-devel-osx-x86_64-clang 1.2-2 86.16 NOTE
r-devel-osx-x86_64-gcc 1.2-2 ERROR
r-devel-windows-ix86+x86_64 1.2-2 7.00 68.00 75.00 NOTE
r-patched-linux-x86_64 1.2-2 2.08 45.13 47.21 NOTE
r-patched-solaris-sparc 1.2-2 527.40 NOTE
r-patched-solaris-x86 1.2-2 114.50 NOTE
r-release-linux-ix86 1.2-2 4.00 74.00 78.00 NOTE
r-release-linux-x86_64 1.2-2 2.20 46.24 48.44 NOTE
r-release-osx-x86_64-mavericks 1.2-2 ERROR
r-release-osx-x86_64-snowleopard 1.2-2 OK
r-release-windows-ix86+x86_64 1.2-2 7.00 70.00 77.00 NOTE
r-oldrel-windows-ix86+x86_64 1.2-2 7.00 66.00 73.00 NOTE

Check Details

Version: 1.2-2
Check: dependencies in R code
Result: NOTE
    Packages in Depends field not imported from:
     ‘maptools’ ‘robustbase’
     These packages need to be imported from (in the NAMESPACE file)
     for when this namespace is loaded but not attached.
    See the information on DESCRIPTION files in the chapter ‘Creating R
    packages’ of the ‘Writing R Extensions’ manual.
Flavors: r-devel-linux-x86_64-debian-clang, r-devel-linux-x86_64-debian-gcc, r-devel-linux-x86_64-fedora-clang, r-devel-linux-x86_64-fedora-gcc, r-devel-osx-x86_64-clang, r-devel-windows-ix86+x86_64, r-patched-linux-x86_64, r-patched-solaris-sparc, r-patched-solaris-x86, r-release-linux-ix86, r-release-linux-x86_64, r-release-windows-ix86+x86_64, r-oldrel-windows-ix86+x86_64

Version: 1.2-2
Check: package dependencies
Result: ERROR
    Packages required but not available: ‘maptools’ ‘robustbase’
    
    Packages suggested but not available for checking: ‘mvoutlier’ ‘gstat’
    
    See the information on DESCRIPTION files in the chapter ‘Creating R
    packages’ of the ‘Writing R Extensions’ manual.
Flavor: r-devel-osx-x86_64-gcc

Version: 1.2-2
Check: package dependencies
Result: ERROR
    Package required but not available: ‘maptools’
    
    Package suggested but not available for checking: ‘gstat’
    
    See the information on DESCRIPTION files in the chapter ‘Creating R
    packages’ of the ‘Writing R Extensions’ manual.
Flavor: r-release-osx-x86_64-mavericks