CRAN Package Check Results for Package GWmodel

Last updated on 2014-07-22 11:51:19.

Flavor Version Tinstall Tcheck Ttotal Status Flags
r-devel-linux-x86_64-debian-clang 1.2-3 2.21 44.40 46.61 OK
r-devel-linux-x86_64-debian-gcc 1.2-3 1.99 43.52 45.51 OK
r-devel-linux-x86_64-fedora-clang 1.2-3 101.30 OK
r-devel-linux-x86_64-fedora-gcc 1.2-3 91.62 OK
r-devel-osx-x86_64-clang 1.2-3 81.13 OK
r-devel-windows-ix86+x86_64 1.2-3 8.00 71.00 79.00 OK
r-patched-linux-x86_64 1.2-3 1.96 43.94 45.90 OK
r-patched-solaris-sparc 1.2-3 509.30 OK
r-patched-solaris-x86 1.2-3 113.70 OK
r-release-linux-ix86 1.2-3 2.51 56.86 59.37 OK
r-release-linux-x86_64 1.2-3 2.02 44.98 47.00 OK
r-release-osx-x86_64-mavericks 1.2-3 NOTE
r-release-osx-x86_64-snowleopard 1.2-3 OK
r-release-windows-ix86+x86_64 1.2-3 8.00 76.00 84.00 OK
r-oldrel-windows-ix86+x86_64 1.2-3 8.00 75.00 83.00 OK

Check Details

Version: 1.2-3
Check: package dependencies
Result: NOTE
    Package suggested but not available for checking: ‘gstat’
Flavor: r-release-osx-x86_64-mavericks