CRAN Package Check Results for Package GWmodel

Last updated on 2017-02-21 15:50:25.

Flavor Version Tinstall Tcheck Ttotal Status Flags
r-devel-linux-x86_64-debian-clang 2.0-1 15.75 43.49 59.24 NOTE
r-devel-linux-x86_64-debian-gcc 2.0-1 17.84 42.83 60.67 NOTE
r-devel-linux-x86_64-fedora-clang 2.0-1 108.81 NOTE --no-stop-on-test-error
r-devel-linux-x86_64-fedora-gcc 2.0-1 113.61 NOTE --no-stop-on-test-error
r-devel-macos-x86_64-clang 2.0-1 84.27 NOTE --no-stop-on-test-error
r-devel-windows-ix86+x86_64 2.0-1 77.00 154.00 231.00 OK
r-patched-linux-x86_64 2.0-1 14.57 42.81 57.38 OK
r-patched-solaris-sparc 2.0-1 611.00 OK
r-patched-solaris-x86 2.0-1 120.20 OK
r-release-linux-x86_64 2.0-1 14.24 41.73 55.98 OK
r-release-osx-x86_64-mavericks 2.0-1 OK
r-release-windows-ix86+x86_64 2.0-1 69.00 153.00 222.00 OK
r-oldrel-windows-ix86+x86_64 2.0-1 67.00 180.00 247.00 OK

Check Details

Version: 2.0-1
Check: compiled code
Result: NOTE
    File ‘GWmodel/libs/GWmodel.so’:
     Found no calls to: ‘R_registerRoutines’, ‘R_useDynamicSymbols’
    
    It is good practice to register native routines and to disable symbol
    search.
    
    See ‘Writing portable packages’ in the ‘Writing R Extensions’ manual.
Flavors: r-devel-linux-x86_64-debian-clang, r-devel-linux-x86_64-debian-gcc

Version: 2.0-1
Flags: --no-stop-on-test-error
Check: compiled code
Result: NOTE
    File ‘GWmodel/libs/GWmodel.so’:
     Found no calls to: ‘R_registerRoutines’, ‘R_useDynamicSymbols’
    
    It is good practice to register native routines and to disable symbol
    search.
    
    See ‘Writing portable packages’ in the ‘Writing R Extensions’ manual.
Flavors: r-devel-linux-x86_64-fedora-clang, r-devel-linux-x86_64-fedora-gcc, r-devel-macos-x86_64-clang