CRAN Package Check Results for Package GWmodel

Last updated on 2015-05-30 21:46:34.

Flavor Version Tinstall Tcheck Ttotal Status Flags
r-devel-linux-x86_64-debian-clang 1.2-5 1.74 39.06 40.80 OK
r-devel-linux-x86_64-debian-gcc 1.2-5 1.78 37.70 39.48 OK
r-devel-linux-x86_64-fedora-clang 1.2-5 78.71 OK
r-devel-linux-x86_64-fedora-gcc 1.2-5 75.37 OK
r-devel-osx-x86_64-clang 1.2-5 75.43 OK
r-devel-windows-ix86+x86_64 1.2-5 8.00 67.00 75.00 OK
r-patched-linux-x86_64 1.2-5 1.92 38.55 40.48 OK
r-patched-solaris-sparc 1.2-5 491.30 OK
r-patched-solaris-x86 1.2-5 100.80 OK
r-release-linux-x86_64 1.2-5 2.19 38.89 41.08 OK
r-release-osx-x86_64-mavericks 1.2-5 NOTE
r-release-osx-x86_64-snowleopard 1.2-5 NOTE
r-release-windows-ix86+x86_64 1.2-5 7.00 60.00 67.00 OK
r-oldrel-windows-ix86+x86_64 1.2-5 9.00 69.00 78.00 OK

Check Details

Version: 1.2-5
Check: package dependencies
Result: NOTE
    Package suggested but not available for checking: ‘mvoutlier’
Flavor: r-release-osx-x86_64-mavericks

Version: 1.2-5
Check: package dependencies
Result: NOTE
    Packages suggested but not available for checking: ‘mvoutlier’ ‘gstat’
Flavor: r-release-osx-x86_64-snowleopard