CRAN Package Check Results for Package GWmodel

Last updated on 2015-07-08 03:48:06.

Flavor Version Tinstall Tcheck Ttotal Status Flags
r-devel-linux-x86_64-debian-clang 1.2-5 1.78 38.40 40.18 NOTE
r-devel-linux-x86_64-debian-gcc 1.2-5 1.79 37.11 38.90 NOTE
r-devel-linux-x86_64-fedora-clang 1.2-5 76.72 NOTE
r-devel-linux-x86_64-fedora-gcc 1.2-5 74.34 NOTE
r-devel-osx-x86_64-clang 1.2-5 72.07 OK
r-devel-windows-ix86+x86_64 1.2-5 7.00 64.00 71.00 NOTE
r-patched-linux-x86_64 1.2-5 1.88 38.31 40.19 OK
r-patched-solaris-sparc 1.2-5 491.30 OK
r-patched-solaris-x86 1.2-5 100.40 OK
r-release-linux-x86_64 1.2-5 1.77 39.56 41.34 OK
r-release-osx-x86_64-mavericks 1.2-5 NOTE
r-release-windows-ix86+x86_64 1.2-5 10.00 63.00 73.00 OK
r-oldrel-windows-ix86+x86_64 1.2-5 9.00 76.00 85.00 OK

Check Details

Version: 1.2-5
Check: R code for possible problems
Result: NOTE
    F1234.test: no visible global function definition for ‘pf’
    bw.ggwr: no visible global function definition for ‘is’
    bw.ggwr: no visible global function definition for ‘as’
    bw.ggwr: no visible global function definition for ‘model.extract’
    bw.ggwr: no visible global function definition for ‘model.matrix’
    bw.gwda: no visible global function definition for ‘is’
    bw.gwda: no visible global function definition for ‘as’
    bw.gwda: no visible global function definition for ‘optimize’
    bw.gwpca: no visible global function definition for ‘is’
    bw.gwpca: no visible global function definition for ‘as’
    bw.gwr: no visible global function definition for ‘is’
    bw.gwr: no visible global function definition for ‘as’
    bw.gwr: no visible global function definition for ‘model.extract’
    bw.gwr: no visible global function definition for ‘model.matrix’
    bw.gwr.lcr: no visible global function definition for ‘is’
    bw.gwr.lcr: no visible global function definition for ‘as’
    bw.gwr.lcr: no visible global function definition for ‘model.extract’
    bw.gwr.lcr: no visible global function definition for ‘model.matrix’
    check.components: no visible global function definition for ‘identify’
    extract.mat: no visible global function definition for ‘is’
    extract.mat: no visible global function definition for ‘as’
    extract.mat: no visible global function definition for ‘model.extract’
    extract.mat: no visible global function definition for ‘model.matrix’
    glyph.plot : glyph.plot1: no visible global function definition for
     ‘points’
    glyph.plot : glyph.plot1: no visible global function definition for
     ‘rgb’
    glyph.plot : glyph.plot1: no visible global function definition for
     ‘lines’
    glyph.plot : glyph.plot2: no visible global function definition for
     ‘points’
    glyph.plot : glyph.plot2: no visible global function definition for
     ‘rgb’
    glyph.plot : glyph.plot2: no visible global function definition for
     ‘lines’
    gw.dist: no visible global function definition for ‘dist’
    gw.pcplot: no visible global function definition for ‘is’
    gw.pcplot: no visible global function definition for ‘as’
    gw.pcplot: no visible global function definition for ‘axis’
    gw.pcplot: no visible global function definition for ‘abline’
    gw.pcplot: no visible global function definition for ‘grey’
    gw.pcplot: no visible global function definition for ‘lines’
    gw.pcplot: no visible global function definition for ‘rgb’
    gwda: no visible global function definition for ‘is’
    gwda: no visible global function definition for ‘as’
    gwpca: no visible global function definition for ‘is’
    gwpca: no visible global function definition for ‘as’
    gwr.basic: no visible global function definition for ‘is’
    gwr.basic: no visible global function definition for ‘as’
    gwr.basic: no visible global function definition for ‘model.extract’
    gwr.basic: no visible global function definition for ‘model.matrix’
    gwr.basic: no visible global function definition for ‘lm’
    gwr.basic: no visible global function definition for ‘cov.wt’
    gwr.basic: no visible global function definition for ‘slot’
    gwr.basic : <anonymous>: no visible global function definition for
     ‘slot’
    gwr.binomial: no visible global function definition for ‘is’
    gwr.binomial: no visible global function definition for ‘glm.fit’
    gwr.binomial: Error while checking: invalid ‘envir’ argument
    gwr.collin.diagno: no visible global function definition for ‘is’
    gwr.collin.diagno: no visible global function definition for ‘as’
    gwr.collin.diagno: no visible global function definition for
     ‘model.extract’
    gwr.collin.diagno: no visible global function definition for
     ‘model.matrix’
    gwr.collin.diagno: no visible global function definition for ‘cov.wt’
    gwr.collin.diagno: no visible global function definition for ‘slot’
    gwr.collin.diagno : <anonymous>: no visible global function definition
     for ‘slot’
    gwr.generalised: no visible global function definition for ‘is’
    gwr.generalised: no visible global function definition for ‘as’
    gwr.generalised: no visible global function definition for
     ‘model.extract’
    gwr.generalised: no visible global function definition for
     ‘model.matrix’
    gwr.generalised: no visible global function definition for ‘glm.fit’
    gwr.generalised: Error while checking: invalid ‘envir’ argument
    gwr.hetero: no visible global function definition for ‘is’
    gwr.hetero: no visible global function definition for ‘as’
    gwr.hetero: no visible global function definition for ‘model.extract’
    gwr.hetero: no visible global function definition for ‘model.matrix’
    gwr.lcr: no visible global function definition for ‘is’
    gwr.lcr: no visible global function definition for ‘as’
    gwr.lcr: no visible global function definition for ‘model.extract’
    gwr.lcr: no visible global function definition for ‘model.matrix’
    gwr.mixed: no visible global function definition for ‘is’
    gwr.mixed: no visible global function definition for ‘as’
    gwr.mixed: no visible global function definition for ‘model.extract’
    gwr.mixed: no visible global function definition for ‘model.matrix’
    gwr.mixed.2: no visible global function definition for ‘var’
    gwr.mixed.trace: no visible global function definition for ‘var’
    gwr.poisson: no visible global function definition for ‘is’
    gwr.poisson: no visible global function definition for ‘glm.fit’
    gwr.poisson: Error while checking: invalid ‘envir’ argument
    gwr.predict: no visible global function definition for ‘is’
    gwr.predict: no visible global function definition for ‘as’
    gwr.predict: no visible global function definition for ‘model.extract’
    gwr.predict: no visible global function definition for ‘model.matrix’
    gwr.q: no visible global function definition for ‘var’
    gwr.t.adjust: no visible global function definition for ‘pt’
    gwr.t.adjust: no visible global function definition for ‘p.adjust’
    gwr.t.adjust: no visible global function definition for ‘is’
    gwss: no visible global function definition for ‘is’
    gwss: no visible global function definition for ‘as’
    gwss: no visible global function definition for ‘cor’
    gwss: no visible global function definition for ‘cov.wt’
    mink.approach: no visible global function definition for ‘is’
    mink.approach: no visible global function definition for ‘as’
    mink.approach: no visible global function definition for
     ‘model.extract’
    mink.approach: no visible global function definition for ‘model.matrix’
    mink.matrixview: no visible global function definition for ‘abline’
    mink.matrixview: no visible global function definition for ‘text’
    mink.matrixview: no visible global function definition for ‘rect’
    model.selection.gwr: no visible global function definition for ‘is’
    model.selection.gwr: no visible global function definition for ‘as’
    model.view.gwr: no visible global function definition for ‘rainbow’
    model.view.gwr: no visible global function definition for ‘lines’
    model.view.gwr: no visible global function definition for ‘points’
    model.view.gwr: no visible global function definition for ‘text’
    model.view.gwr: no visible global function definition for ‘legend’
    montecarlo.gwpca.1: no visible global function definition for ‘is’
    montecarlo.gwpca.1: no visible global function definition for ‘sd’
    montecarlo.gwpca.2: no visible global function definition for ‘is’
    montecarlo.gwpca.2: no visible global function definition for ‘sd’
    montecarlo.gwr: no visible global function definition for ‘is’
    montecarlo.gwr: no visible global function definition for ‘as’
    montecarlo.gwr: no visible global function definition for
     ‘model.extract’
    montecarlo.gwr: no visible global function definition for
     ‘model.matrix’
    montecarlo.gwr: no visible global function definition for ‘var’
    montecarlo.gwr: no visible global function definition for
     ‘printCoefmat’
    montecarlo.gwss: no visible global function definition for ‘is’
    montecarlo.gwss: no visible global function definition for ‘as’
    plot.mcsims: no visible global function definition for ‘hist’
    plot.mcsims: no visible global function definition for ‘lines’
    plot.mcsims: no visible global function definition for ‘abline’
    plot.mcsims: no visible global function definition for ‘text’
    print.ggwrm: no visible global function definition for ‘summary.glm’
    print.ggwrm: no visible global function definition for ‘as’
    print.ggwrm: no visible global function definition for ‘na.omit’
    print.ggwrm: no visible global function definition for ‘printCoefmat’
    print.gwrlcr: no visible global function definition for ‘as’
    print.gwrlcr: no visible global function definition for ‘na.omit’
    print.gwrlcr: no visible global function definition for ‘printCoefmat’
    print.gwrm: no visible global function definition for ‘summary.lm’
    print.gwrm: no visible global function definition for ‘as’
    print.gwrm: no visible global function definition for ‘na.omit’
    print.gwrm: no visible global function definition for ‘printCoefmat’
    print.gwrm.pred: no visible global function definition for ‘as’
    print.gwrm.pred: no visible global function definition for ‘na.omit’
    print.gwrm.pred: no visible global function definition for
     ‘printCoefmat’
    print.gwss: no visible global function definition for ‘as’
    print.gwss: no visible global function definition for ‘printCoefmat’
    print.mgwr: no visible global function definition for ‘printCoefmat’
    ridge.lm: no visible binding for global variable ‘sd’
    ridge.lm: no visible global function definition for ‘sd’
    robustSvd: no visible global function definition for ‘princomp’
    test.gwr.par: no visible global function definition for ‘is’
    test.gwr.par: no visible global function definition for ‘as’
    test.gwr.par: no visible global function definition for ‘model.extract’
    test.gwr.par: no visible global function definition for ‘model.matrix’
    test.gwr.par: no visible global function definition for ‘lm’
    test.gwr.par: no visible global function definition for ‘cov.wt’
    writeGWR.shp: no visible global function definition for ‘is’
    wvarcov: no visible global function definition for ‘cov.wt’
    Undefined global functions or variables:
     abline as axis cor cov.wt dist glm.fit grey hist identify is legend
     lines lm model.extract model.matrix na.omit optimize p.adjust pf
     points princomp printCoefmat pt rainbow rect rgb sd slot summary.glm
     summary.lm text var
Flavors: r-devel-linux-x86_64-debian-clang, r-devel-linux-x86_64-debian-gcc, r-devel-linux-x86_64-fedora-clang, r-devel-linux-x86_64-fedora-gcc

Version: 1.2-5
Check: R code for possible problems
Result: NOTE
    F1234.test: no visible global function definition for 'pf'
    bw.ggwr: no visible global function definition for 'is'
    bw.ggwr: no visible global function definition for 'as'
    bw.ggwr: no visible global function definition for 'model.extract'
    bw.ggwr: no visible global function definition for 'model.matrix'
    bw.gwda: no visible global function definition for 'is'
    bw.gwda: no visible global function definition for 'as'
    bw.gwda: no visible global function definition for 'optimize'
    bw.gwpca: no visible global function definition for 'is'
    bw.gwpca: no visible global function definition for 'as'
    bw.gwr: no visible global function definition for 'is'
    bw.gwr: no visible global function definition for 'as'
    bw.gwr: no visible global function definition for 'model.extract'
    bw.gwr: no visible global function definition for 'model.matrix'
    bw.gwr.lcr: no visible global function definition for 'is'
    bw.gwr.lcr: no visible global function definition for 'as'
    bw.gwr.lcr: no visible global function definition for 'model.extract'
    bw.gwr.lcr: no visible global function definition for 'model.matrix'
    check.components: no visible global function definition for 'identify'
    extract.mat: no visible global function definition for 'is'
    extract.mat: no visible global function definition for 'as'
    extract.mat: no visible global function definition for 'model.extract'
    extract.mat: no visible global function definition for 'model.matrix'
    glyph.plot : glyph.plot1: no visible global function definition for
     'points'
    glyph.plot : glyph.plot1: no visible global function definition for
     'rgb'
    glyph.plot : glyph.plot1: no visible global function definition for
     'lines'
    glyph.plot : glyph.plot2: no visible global function definition for
     'points'
    glyph.plot : glyph.plot2: no visible global function definition for
     'rgb'
    glyph.plot : glyph.plot2: no visible global function definition for
     'lines'
    gw.dist: no visible global function definition for 'dist'
    gw.pcplot: no visible global function definition for 'is'
    gw.pcplot: no visible global function definition for 'as'
    gw.pcplot: no visible global function definition for 'axis'
    gw.pcplot: no visible global function definition for 'abline'
    gw.pcplot: no visible global function definition for 'grey'
    gw.pcplot: no visible global function definition for 'lines'
    gw.pcplot: no visible global function definition for 'rgb'
    gwda: no visible global function definition for 'is'
    gwda: no visible global function definition for 'as'
    gwpca: no visible global function definition for 'is'
    gwpca: no visible global function definition for 'as'
    gwr.basic: no visible global function definition for 'is'
    gwr.basic: no visible global function definition for 'as'
    gwr.basic: no visible global function definition for 'model.extract'
    gwr.basic: no visible global function definition for 'model.matrix'
    gwr.basic: no visible global function definition for 'lm'
    gwr.basic: no visible global function definition for 'cov.wt'
    gwr.basic: no visible global function definition for 'slot'
    gwr.basic : <anonymous>: no visible global function definition for
     'slot'
    gwr.binomial: no visible global function definition for 'is'
    gwr.binomial: no visible global function definition for 'glm.fit'
    gwr.binomial: no visible global function definition for 'binomial'
    gwr.collin.diagno: no visible global function definition for 'is'
    gwr.collin.diagno: no visible global function definition for 'as'
    gwr.collin.diagno: no visible global function definition for
     'model.extract'
    gwr.collin.diagno: no visible global function definition for
     'model.matrix'
    gwr.collin.diagno: no visible global function definition for 'cov.wt'
    gwr.collin.diagno: no visible global function definition for 'slot'
    gwr.collin.diagno : <anonymous>: no visible global function definition
     for 'slot'
    gwr.generalised: no visible global function definition for 'is'
    gwr.generalised: no visible global function definition for 'as'
    gwr.generalised: no visible global function definition for
     'model.extract'
    gwr.generalised: no visible global function definition for
     'model.matrix'
    gwr.generalised: no visible global function definition for 'glm.fit'
    gwr.generalised: no visible global function definition for 'poisson'
    gwr.hetero: no visible global function definition for 'is'
    gwr.hetero: no visible global function definition for 'as'
    gwr.hetero: no visible global function definition for 'model.extract'
    gwr.hetero: no visible global function definition for 'model.matrix'
    gwr.lcr: no visible global function definition for 'is'
    gwr.lcr: no visible global function definition for 'as'
    gwr.lcr: no visible global function definition for 'model.extract'
    gwr.lcr: no visible global function definition for 'model.matrix'
    gwr.mixed: no visible global function definition for 'is'
    gwr.mixed: no visible global function definition for 'as'
    gwr.mixed: no visible global function definition for 'model.extract'
    gwr.mixed: no visible global function definition for 'model.matrix'
    gwr.mixed.2: no visible global function definition for 'var'
    gwr.mixed.trace: no visible global function definition for 'var'
    gwr.poisson: no visible global function definition for 'is'
    gwr.poisson: no visible global function definition for 'glm.fit'
    gwr.poisson: no visible global function definition for 'poisson'
    gwr.predict: no visible global function definition for 'is'
    gwr.predict: no visible global function definition for 'as'
    gwr.predict: no visible global function definition for 'model.extract'
    gwr.predict: no visible global function definition for 'model.matrix'
    gwr.q: no visible global function definition for 'var'
    gwr.t.adjust: no visible global function definition for 'pt'
    gwr.t.adjust: no visible global function definition for 'p.adjust'
    gwr.t.adjust: no visible global function definition for 'is'
    gwss: no visible global function definition for 'is'
    gwss: no visible global function definition for 'as'
    gwss: no visible global function definition for 'cor'
    gwss: no visible global function definition for 'cov.wt'
    mink.approach: no visible global function definition for 'is'
    mink.approach: no visible global function definition for 'as'
    mink.approach: no visible global function definition for
     'model.extract'
    mink.approach: no visible global function definition for 'model.matrix'
    mink.matrixview: no visible global function definition for 'abline'
    mink.matrixview: no visible global function definition for 'text'
    mink.matrixview: no visible global function definition for 'rect'
    model.selection.gwr: no visible global function definition for 'is'
    model.selection.gwr: no visible global function definition for 'as'
    model.view.gwr: no visible global function definition for 'rainbow'
    model.view.gwr: no visible global function definition for 'lines'
    model.view.gwr: no visible global function definition for 'points'
    model.view.gwr: no visible global function definition for 'text'
    model.view.gwr: no visible global function definition for 'legend'
    montecarlo.gwpca.1: no visible global function definition for 'is'
    montecarlo.gwpca.1: no visible global function definition for 'sd'
    montecarlo.gwpca.2: no visible global function definition for 'is'
    montecarlo.gwpca.2: no visible global function definition for 'sd'
    montecarlo.gwr: no visible global function definition for 'is'
    montecarlo.gwr: no visible global function definition for 'as'
    montecarlo.gwr: no visible global function definition for
     'model.extract'
    montecarlo.gwr: no visible global function definition for
     'model.matrix'
    montecarlo.gwr: no visible global function definition for 'var'
    montecarlo.gwr: no visible global function definition for
     'printCoefmat'
    montecarlo.gwss: no visible global function definition for 'is'
    montecarlo.gwss: no visible global function definition for 'as'
    plot.mcsims: no visible global function definition for 'hist'
    plot.mcsims: no visible global function definition for 'lines'
    plot.mcsims: no visible global function definition for 'abline'
    plot.mcsims: no visible global function definition for 'text'
    print.ggwrm: no visible global function definition for 'summary.glm'
    print.ggwrm: no visible global function definition for 'as'
    print.ggwrm: no visible global function definition for 'na.omit'
    print.ggwrm: no visible global function definition for 'printCoefmat'
    print.gwrlcr: no visible global function definition for 'as'
    print.gwrlcr: no visible global function definition for 'na.omit'
    print.gwrlcr: no visible global function definition for 'printCoefmat'
    print.gwrm: no visible global function definition for 'summary.lm'
    print.gwrm: no visible global function definition for 'as'
    print.gwrm: no visible global function definition for 'na.omit'
    print.gwrm: no visible global function definition for 'printCoefmat'
    print.gwrm.pred: no visible global function definition for 'as'
    print.gwrm.pred: no visible global function definition for 'na.omit'
    print.gwrm.pred: no visible global function definition for
     'printCoefmat'
    print.gwss: no visible global function definition for 'as'
    print.gwss: no visible global function definition for 'printCoefmat'
    print.mgwr: no visible global function definition for 'printCoefmat'
    ridge.lm: no visible binding for global variable 'sd'
    ridge.lm: no visible global function definition for 'sd'
    robustSvd: no visible global function definition for 'princomp'
    test.gwr.par: no visible global function definition for 'is'
    test.gwr.par: no visible global function definition for 'as'
    test.gwr.par: no visible global function definition for 'model.extract'
    test.gwr.par: no visible global function definition for 'model.matrix'
    test.gwr.par: no visible global function definition for 'lm'
    test.gwr.par: no visible global function definition for 'cov.wt'
    writeGWR.shp: no visible global function definition for 'is'
    wvarcov: no visible global function definition for 'cov.wt'
    Undefined global functions or variables:
     abline as axis binomial cor cov.wt dist glm.fit grey hist identify is
     legend lines lm model.extract model.matrix na.omit optimize p.adjust
     pf points poisson princomp printCoefmat pt rainbow rect rgb sd slot
     summary.glm summary.lm text var
Flavor: r-devel-windows-ix86+x86_64

Version: 1.2-5
Check: package dependencies
Result: NOTE
    Package suggested but not available for checking: ‘mvoutlier’
Flavor: r-release-osx-x86_64-mavericks