CRAN Package Check Results for Package GWnnegPCA

Last updated on 2020-12-05 23:47:46 CET.

Flavor Version Tinstall Tcheck Ttotal Status Flags
r-devel-linux-x86_64-debian-clang 0.0.4 10.16 80.93 91.09 OK
r-devel-linux-x86_64-debian-gcc 0.0.4 7.60 61.74 69.34 OK
r-devel-linux-x86_64-fedora-clang 0.0.4 111.09 NOTE
r-devel-linux-x86_64-fedora-gcc 0.0.4 102.81 NOTE
r-devel-windows-ix86+x86_64 0.0.4 18.00 95.00 113.00 OK
r-patched-linux-x86_64 0.0.4 8.63 74.40 83.03 OK
r-patched-solaris-x86 0.0.4 144.00 NOTE
r-release-linux-x86_64 0.0.4 8.77 75.68 84.45 OK
r-release-macos-x86_64 0.0.4 NOTE
r-release-windows-ix86+x86_64 0.0.4 14.00 97.00 111.00 OK
r-oldrel-macos-x86_64 0.0.4 NOTE
r-oldrel-windows-ix86+x86_64 0.0.4 15.00 79.00 94.00 OK

Check Details

Version: 0.0.4
Check: dependencies in R code
Result: NOTE
    Namespace in Imports field not imported from: ‘sf’
     All declared Imports should be used.
Flavors: r-devel-linux-x86_64-fedora-clang, r-devel-linux-x86_64-fedora-gcc, r-patched-solaris-x86, r-release-macos-x86_64, r-oldrel-macos-x86_64