CRAN Package Check Results for Package GapAnalysis

Last updated on 2020-11-27 08:49:49 CET.

Flavor Version Tinstall Tcheck Ttotal Status Flags
r-devel-linux-x86_64-debian-clang 1.0.1 17.10 152.14 169.24 OK
r-devel-linux-x86_64-debian-gcc 1.0.1 13.51 114.14 127.65 OK
r-devel-linux-x86_64-fedora-clang 1.0.1 209.71 NOTE
r-devel-linux-x86_64-fedora-gcc 1.0.1 197.53 NOTE
r-devel-windows-ix86+x86_64 1.0.1 36.00 170.00 206.00 OK
r-patched-linux-x86_64 1.0.1 17.82 142.89 160.71 OK
r-patched-solaris-x86 1.0.1 272.80 NOTE
r-release-linux-x86_64 1.0.1 15.45 139.76 155.21 OK
r-release-macos-x86_64 1.0.1 NOTE
r-release-windows-ix86+x86_64 1.0.1 38.00 185.00 223.00 OK
r-oldrel-macos-x86_64 1.0.1 NOTE
r-oldrel-windows-ix86+x86_64 1.0.1 26.00 150.00 176.00 OK

Check Details

Version: 1.0.1
Check: data for non-ASCII characters
Result: NOTE
     Note: found 2 marked UTF-8 strings
Flavors: r-devel-linux-x86_64-fedora-clang, r-devel-linux-x86_64-fedora-gcc, r-patched-solaris-x86, r-release-macos-x86_64, r-oldrel-macos-x86_64