CRAN Package Check Results for Package GenBinomApps

Last updated on 2024-03-02 10:49:49 CET.

Flavor Version Tinstall Tcheck Ttotal Status Flags
r-devel-linux-x86_64-debian-clang 1.2 1.74 27.62 29.36 NOTE
r-devel-linux-x86_64-debian-gcc 1.2 1.53 21.01 22.54 NOTE
r-devel-linux-x86_64-fedora-clang 1.2 38.43 NOTE
r-devel-linux-x86_64-fedora-gcc 1.2 35.59 NOTE
r-devel-windows-x86_64 1.2 3.00 49.00 52.00 NOTE
r-patched-linux-x86_64 1.2 2.14 26.70 28.84 OK
r-release-linux-x86_64 1.2 1.48 26.98 28.46 OK
r-release-macos-arm64 1.2 17.00 OK
r-release-macos-x86_64 1.2 23.00 OK
r-release-windows-x86_64 1.2 4.00 48.00 52.00 OK
r-oldrel-macos-arm64 1.2 17.00 OK
r-oldrel-windows-x86_64 1.2 33.00 75.00 108.00 OK

Check Details

Version: 1.2
Check: Rd metadata
Result: NOTE Invalid package aliases in Rd file 'GenBinom-package.Rd': ‘GenbinomApps-package’ Flavors: r-devel-linux-x86_64-debian-clang, r-devel-linux-x86_64-debian-gcc, r-devel-linux-x86_64-fedora-clang, r-devel-linux-x86_64-fedora-gcc, r-devel-windows-x86_64

Version: 1.2
Check: Rd cross-references
Result: NOTE Undeclared package ‘poibin’ in Rd xrefs Flavor: r-devel-linux-x86_64-fedora-clang