CRAN Package Check Results for Package GenEst

Last updated on 2019-02-22 15:57:25 CET.

Flavor Version Tinstall Tcheck Ttotal Status Flags
r-devel-linux-x86_64-debian-clang 1.2.2 28.46 233.64 262.10 OK
r-devel-linux-x86_64-debian-gcc 1.2.2 24.34 171.51 195.85 OK
r-devel-linux-x86_64-fedora-clang 1.2.2 323.98 OK
r-devel-linux-x86_64-fedora-gcc 1.2.2 298.58 OK
r-devel-windows-ix86+x86_64 1.2.2 64.00 362.00 426.00 OK
r-patched-linux-x86_64 1.2.2 27.37 214.24 241.61 OK
r-patched-solaris-x86 1.2.2 371.80 OK
r-release-linux-x86_64 1.2.2 OK
r-release-windows-ix86+x86_64 1.2.2 68.00 300.00 368.00 OK
r-release-osx-x86_64 1.2.2 OK
r-oldrel-osx-x86_64 1.2.2 ERROR

Check Details

Version: 1.2.2
Check: whether package can be installed
Result: ERROR
    Installation failed.
Flavor: r-oldrel-osx-x86_64