CRAN Package Check Results for Package GenEst

Last updated on 2019-08-24 22:46:26 CEST.

Flavor Version Tinstall Tcheck Ttotal Status Flags
r-devel-linux-x86_64-debian-clang 1.3.0 36.41 226.01 262.42 OK
r-devel-linux-x86_64-debian-gcc 1.3.1 26.40 167.58 193.98 OK
r-devel-linux-x86_64-fedora-clang 1.3.1 326.63 NOTE
r-devel-linux-x86_64-fedora-gcc 1.3.1 303.52 NOTE
r-devel-windows-ix86+x86_64 1.3.1 86.00 407.00 493.00 OK
r-patched-linux-x86_64 1.3.1 30.10 218.58 248.68 OK
r-patched-solaris-x86 1.3.1 398.40 NOTE
r-release-linux-x86_64 1.3.1 28.53 218.84 247.37 OK
r-release-windows-ix86+x86_64 1.3.0 76.00 425.00 501.00 OK
r-release-osx-x86_64 1.3.1 NOTE
r-oldrel-windows-ix86+x86_64 1.3.0 68.00 373.00 441.00 OK
r-oldrel-osx-x86_64 1.3.1 NOTE

Check Details

Version: 1.3.1
Check: dependencies in R code
Result: NOTE
    Namespace in Imports field not imported from: ‘cbinom’
     All declared Imports should be used.
Flavors: r-devel-linux-x86_64-fedora-clang, r-devel-linux-x86_64-fedora-gcc, r-patched-solaris-x86, r-release-osx-x86_64, r-oldrel-osx-x86_64