CRAN Package Check Results for Package GenEst

Last updated on 2019-04-23 10:48:07 CEST.

Flavor Version Tinstall Tcheck Ttotal Status Flags
r-devel-linux-x86_64-debian-clang 1.2.4 31.32 229.05 260.37 OK
r-devel-linux-x86_64-debian-gcc 1.2.4 27.31 169.33 196.64 OK
r-devel-linux-x86_64-fedora-clang 1.2.4 312.66 OK
r-devel-linux-x86_64-fedora-gcc 1.2.4 313.12 OK
r-devel-windows-ix86+x86_64 1.2.4 67.00 393.00 460.00 OK
r-patched-linux-x86_64 1.2.4 32.87 223.87 256.74 OK
r-patched-solaris-x86 1.2.4 398.40 OK
r-release-linux-x86_64 1.2.4 29.95 211.95 241.90 OK
r-release-windows-ix86+x86_64 1.2.4 43.00 260.00 303.00 OK
r-release-osx-x86_64 1.2.4 OK
r-oldrel-osx-x86_64 1.2.3 ERROR

Check Details

Version: 1.2.3
Check: whether package can be installed
Result: ERROR
    Installation failed.
Flavor: r-oldrel-osx-x86_64