CRAN Package Check Results for Package GenKern

Last updated on 2015-07-06 14:48:36.

Flavor Version Tinstall Tcheck Ttotal Status Flags
r-devel-linux-x86_64-debian-clang 1.2-60 0.85 9.40 10.25 NOTE
r-devel-linux-x86_64-debian-gcc 1.2-60 0.89 9.06 9.95 NOTE
r-devel-linux-x86_64-fedora-clang 1.2-60 19.23 NOTE
r-devel-linux-x86_64-fedora-gcc 1.2-60 18.87 NOTE
r-devel-osx-x86_64-clang 1.2-60 20.74 NOTE
r-devel-windows-ix86+x86_64 1.2-60 8.00 30.00 38.00 NOTE
r-patched-linux-x86_64 1.2-60 0.89 9.61 10.50 NOTE
r-patched-solaris-sparc 1.2-60 130.00 NOTE
r-patched-solaris-x86 1.2-60 30.00 NOTE
r-release-linux-x86_64 1.2-60 0.90 9.68 10.58 NOTE
r-release-osx-x86_64-mavericks 1.2-60 NOTE
r-release-windows-ix86+x86_64 1.2-60 9.00 22.00 31.00 NOTE
r-oldrel-windows-ix86+x86_64 1.2-60 11.00 34.00 45.00 NOTE

Check Details

Version: 1.2-60
Check: DESCRIPTION meta-information
Result: NOTE
    Malformed Description field: should contain one or more complete sentences.
Flavors: r-devel-linux-x86_64-debian-clang, r-devel-linux-x86_64-debian-gcc, r-devel-linux-x86_64-fedora-clang, r-devel-linux-x86_64-fedora-gcc, r-devel-osx-x86_64-clang, r-devel-windows-ix86+x86_64, r-patched-linux-x86_64, r-patched-solaris-sparc, r-patched-solaris-x86, r-release-linux-x86_64, r-release-osx-x86_64-mavericks, r-release-windows-ix86+x86_64

Version: 1.2-60
Check: dependencies in R code
Result: NOTE
    Package in Depends field not imported from: ‘KernSmooth’
     These packages need to be imported from (in the NAMESPACE file)
     for when this namespace is loaded but not attached.
Flavors: r-devel-linux-x86_64-debian-clang, r-devel-linux-x86_64-debian-gcc, r-devel-linux-x86_64-fedora-clang, r-devel-linux-x86_64-fedora-gcc, r-devel-osx-x86_64-clang, r-devel-windows-ix86+x86_64, r-patched-linux-x86_64, r-patched-solaris-sparc, r-patched-solaris-x86, r-release-linux-x86_64, r-release-osx-x86_64-mavericks, r-release-windows-ix86+x86_64, r-oldrel-windows-ix86+x86_64

Version: 1.2-60
Check: R code for possible problems
Result: NOTE
    KernSec: no visible global function definition for ‘na.omit’
    KernSur: no visible global function definition for ‘na.fail’
    KernSur: no visible global function definition for ‘na.omit’
    bandwidthselect: no visible global function definition for ‘na.omit’
    bandwidthselect: no visible global function definition for ‘dpik’
    correlationselect: no visible global function definition for ‘cor’
    nearest: no visible global function definition for ‘na.fail’
    nearest: no visible global function definition for ‘na.omit’
    per: no visible global function definition for ‘na.fail’
    Undefined global functions or variables:
     cor dpik na.fail na.omit
Flavors: r-devel-linux-x86_64-debian-clang, r-devel-linux-x86_64-debian-gcc, r-devel-linux-x86_64-fedora-clang, r-devel-linux-x86_64-fedora-gcc, r-devel-windows-ix86+x86_64

Version: 1.2-60
Check: R code for possible problems
Result: NOTE
    bandwidthselect: no visible global function definition for ‘dpik’
    Undefined global functions or variables:
     dpik
Flavor: r-devel-osx-x86_64-clang

Version: 1.2-60
Check: R code for possible problems
Result: NOTE
    bandwidthselect: no visible global function definition for ‘dpik’
Flavors: r-patched-linux-x86_64, r-patched-solaris-sparc, r-patched-solaris-x86, r-release-linux-x86_64, r-release-osx-x86_64-mavericks, r-release-windows-ix86+x86_64, r-oldrel-windows-ix86+x86_64