CRAN Package Check Results for Package GenKern

Last updated on 2015-08-04 14:48:01.

Flavor Version Tinstall Tcheck Ttotal Status Flags
r-devel-linux-x86_64-debian-clang 1.2-60 0.88 9.84 10.72 NOTE
r-devel-linux-x86_64-debian-gcc 1.2-60 0.92 9.13 10.04 NOTE
r-devel-linux-x86_64-fedora-clang 1.2-60 19.37 NOTE
r-devel-linux-x86_64-fedora-gcc 1.2-60 18.35 NOTE
r-devel-osx-x86_64-clang 1.2-60 20.76 NOTE
r-devel-windows-ix86+x86_64 1.2-60 8.00 31.00 39.00 NOTE
r-patched-linux-x86_64 1.2-60 0.90 9.28 10.18 NOTE
r-patched-solaris-sparc 1.2-60 135.70 NOTE
r-patched-solaris-x86 1.2-60 29.80 NOTE
r-release-linux-x86_64 1.2-60 0.90 9.87 10.77 NOTE
r-release-osx-x86_64-mavericks 1.2-60 NOTE
r-release-windows-ix86+x86_64 1.2-60 12.00 31.00 43.00 NOTE
r-oldrel-windows-ix86+x86_64 1.2-60 13.00 23.00 36.00 NOTE

Check Details

Version: 1.2-60
Check: DESCRIPTION meta-information
Result: NOTE
    Malformed Description field: should contain one or more complete sentences.
Flavors: r-devel-linux-x86_64-debian-clang, r-devel-linux-x86_64-debian-gcc, r-devel-linux-x86_64-fedora-clang, r-devel-linux-x86_64-fedora-gcc, r-devel-osx-x86_64-clang, r-devel-windows-ix86+x86_64, r-patched-linux-x86_64, r-patched-solaris-sparc, r-patched-solaris-x86, r-release-linux-x86_64, r-release-osx-x86_64-mavericks, r-release-windows-ix86+x86_64

Version: 1.2-60
Check: dependencies in R code
Result: NOTE
    Package in Depends field not imported from: ‘KernSmooth’
     These packages need to be imported from (in the NAMESPACE file)
     for when this namespace is loaded but not attached.
Flavors: r-devel-linux-x86_64-debian-clang, r-devel-linux-x86_64-debian-gcc, r-devel-linux-x86_64-fedora-clang, r-devel-linux-x86_64-fedora-gcc, r-devel-osx-x86_64-clang, r-devel-windows-ix86+x86_64, r-patched-linux-x86_64, r-patched-solaris-sparc, r-patched-solaris-x86, r-release-linux-x86_64, r-release-osx-x86_64-mavericks, r-release-windows-ix86+x86_64, r-oldrel-windows-ix86+x86_64

Version: 1.2-60
Check: R code for possible problems
Result: NOTE
    KernSec: no visible global function definition for ‘na.omit’
    KernSur: no visible global function definition for ‘na.fail’
    KernSur: no visible global function definition for ‘na.omit’
    bandwidthselect: no visible global function definition for ‘na.omit’
    bandwidthselect: no visible global function definition for ‘dpik’
    correlationselect: no visible global function definition for ‘cor’
    nearest: no visible global function definition for ‘na.fail’
    nearest: no visible global function definition for ‘na.omit’
    per: no visible global function definition for ‘na.fail’
    Undefined global functions or variables:
     cor dpik na.fail na.omit
    Consider adding
     importFrom("stats", "cor", "na.fail", "na.omit")
    to your NAMESPACE.
Flavors: r-devel-linux-x86_64-debian-clang, r-devel-linux-x86_64-debian-gcc, r-devel-linux-x86_64-fedora-clang, r-devel-linux-x86_64-fedora-gcc, r-devel-windows-ix86+x86_64

Version: 1.2-60
Check: R code for possible problems
Result: NOTE
    bandwidthselect: no visible global function definition for ‘dpik’
    Undefined global functions or variables:
     dpik
Flavor: r-devel-osx-x86_64-clang

Version: 1.2-60
Check: R code for possible problems
Result: NOTE
    bandwidthselect: no visible global function definition for ‘dpik’
Flavors: r-patched-linux-x86_64, r-patched-solaris-sparc, r-patched-solaris-x86, r-release-linux-x86_64, r-release-osx-x86_64-mavericks, r-release-windows-ix86+x86_64, r-oldrel-windows-ix86+x86_64