CRAN Package Check Results for Package GenKern

Last updated on 2014-10-23 13:47:49.

Flavor Version Tinstall Tcheck Ttotal Status Flags
r-devel-linux-x86_64-debian-clang 1.2-60 0.96 10.82 11.78 NOTE
r-devel-linux-x86_64-debian-gcc 1.2-60 0.95 10.74 11.70 NOTE
r-devel-linux-x86_64-fedora-clang 1.2-60 23.03 NOTE
r-devel-linux-x86_64-fedora-gcc 1.2-60 21.10 NOTE
r-devel-osx-x86_64-clang 1.2-60 26.39 NOTE
r-devel-windows-ix86+x86_64 1.2-60 6.00 21.00 27.00 NOTE
r-patched-linux-x86_64 1.2-60 0.98 11.24 12.22 NOTE
r-patched-solaris-sparc 1.2-60 128.50 NOTE
r-patched-solaris-x86 1.2-60 34.50 NOTE
r-release-linux-ix86 1.2-60 1.37 17.00 18.38 NOTE
r-release-linux-x86_64 1.2-60 0.98 10.78 11.76 NOTE
r-release-osx-x86_64-mavericks 1.2-60 NOTE
r-release-osx-x86_64-snowleopard 1.2-60 OK
r-release-windows-ix86+x86_64 1.2-60 7.00 24.00 31.00 NOTE
r-oldrel-windows-ix86+x86_64 1.2-60 7.00 23.00 30.00 NOTE

Check Details

Version: 1.2-60
Check: dependencies in R code
Result: NOTE
    Package in Depends field not imported from: ‘KernSmooth’
     These packages need to be imported from (in the NAMESPACE file)
     for when this namespace is loaded but not attached.
    See the information on DESCRIPTION files in the chapter ‘Creating R
    packages’ of the ‘Writing R Extensions’ manual.
Flavors: r-devel-linux-x86_64-debian-clang, r-devel-linux-x86_64-debian-gcc, r-devel-linux-x86_64-fedora-clang, r-devel-linux-x86_64-fedora-gcc, r-devel-osx-x86_64-clang, r-devel-windows-ix86+x86_64, r-patched-linux-x86_64, r-patched-solaris-sparc, r-patched-solaris-x86, r-release-linux-ix86, r-release-linux-x86_64, r-release-osx-x86_64-mavericks, r-release-windows-ix86+x86_64, r-oldrel-windows-ix86+x86_64

Version: 1.2-60
Check: R code for possible problems
Result: NOTE
    bandwidthselect: no visible global function definition for ‘dpik’
Flavors: r-devel-linux-x86_64-debian-clang, r-devel-linux-x86_64-debian-gcc, r-devel-linux-x86_64-fedora-clang, r-devel-linux-x86_64-fedora-gcc, r-devel-osx-x86_64-clang, r-devel-windows-ix86+x86_64, r-patched-linux-x86_64, r-patched-solaris-sparc, r-patched-solaris-x86