CRAN Package Check Results for Package GenKern

Last updated on 2015-04-02 08:49:30.

Flavor Version Tinstall Tcheck Ttotal Status Flags
r-devel-linux-x86_64-debian-clang 1.2-60 0.91 10.44 11.35 NOTE
r-devel-linux-x86_64-debian-gcc 1.2-60 0.90 9.92 10.82 NOTE
r-devel-linux-x86_64-fedora-clang 1.2-60 20.29 NOTE
r-devel-linux-x86_64-fedora-gcc 1.2-60 19.29 NOTE
r-devel-osx-x86_64-clang 1.2-60 27.43 NOTE
r-prerel-windows-ix86+x86_64 1.2-60 8.00 21.00 29.00 NOTE
r-prerel-linux-x86_64 1.2-60 0.93 9.54 10.47 NOTE
r-prerel-solaris-sparc 1.2-60 135.30 NOTE
r-prerel-solaris-x86 1.2-60 30.00 NOTE
r-release-linux-x86_64 1.2-60 0.98 11.05 12.03 NOTE
r-release-osx-x86_64-mavericks 1.2-60 NOTE
r-release-osx-x86_64-snowleopard 1.2-60 OK
r-release-windows-ix86+x86_64 1.2-60 7.00 25.00 32.00 NOTE
r-oldrel-windows-ix86+x86_64 1.2-60 7.00 23.00 30.00 NOTE

Check Details

Version: 1.2-60
Check: DESCRIPTION meta-information
Result: NOTE
    Malformed Description field: should contain one or more complete sentences.
Flavors: r-devel-linux-x86_64-debian-clang, r-devel-linux-x86_64-debian-gcc, r-devel-linux-x86_64-fedora-clang, r-devel-linux-x86_64-fedora-gcc, r-devel-osx-x86_64-clang, r-prerel-windows-ix86+x86_64, r-prerel-linux-x86_64, r-prerel-solaris-sparc, r-prerel-solaris-x86

Version: 1.2-60
Check: dependencies in R code
Result: NOTE
    Package in Depends field not imported from: ‘KernSmooth’
     These packages need to be imported from (in the NAMESPACE file)
     for when this namespace is loaded but not attached.
Flavors: r-devel-linux-x86_64-debian-clang, r-devel-linux-x86_64-debian-gcc, r-devel-linux-x86_64-fedora-clang, r-devel-linux-x86_64-fedora-gcc, r-devel-osx-x86_64-clang, r-prerel-windows-ix86+x86_64, r-prerel-linux-x86_64, r-prerel-solaris-sparc, r-prerel-solaris-x86, r-release-linux-x86_64, r-release-windows-ix86+x86_64

Version: 1.2-60
Check: R code for possible problems
Result: NOTE
    bandwidthselect: no visible global function definition for ‘dpik’
Flavors: r-devel-linux-x86_64-debian-clang, r-devel-linux-x86_64-debian-gcc, r-devel-linux-x86_64-fedora-clang, r-devel-linux-x86_64-fedora-gcc, r-devel-osx-x86_64-clang, r-prerel-windows-ix86+x86_64, r-prerel-linux-x86_64, r-prerel-solaris-sparc, r-prerel-solaris-x86, r-release-linux-x86_64, r-release-osx-x86_64-mavericks, r-release-windows-ix86+x86_64

Version: 1.2-60
Check: dependencies in R code
Result: NOTE
    Package in Depends field not imported from: ‘KernSmooth’
     These packages need to be imported from (in the NAMESPACE file)
     for when this namespace is loaded but not attached.
    See the information on DESCRIPTION files in the chapter ‘Creating R
    packages’ of the ‘Writing R Extensions’ manual.
Flavors: r-release-osx-x86_64-mavericks, r-oldrel-windows-ix86+x86_64