CRAN Package Check Results for Package GenKern

Last updated on 2015-01-31 05:48:45.

Flavor Version Tinstall Tcheck Ttotal Status Flags
r-devel-linux-x86_64-debian-clang 1.2-60 0.92 9.50 10.42 NOTE
r-devel-linux-x86_64-debian-gcc 1.2-60 0.94 9.62 10.56 NOTE
r-devel-linux-x86_64-fedora-clang 1.2-60 23.52 NOTE
r-devel-linux-x86_64-fedora-gcc 1.2-60 21.82 NOTE
r-devel-osx-x86_64-clang 1.2-60 26.23 NOTE
r-devel-windows-ix86+x86_64 1.2-60 11.00 21.00 32.00 NOTE
r-patched-linux-x86_64 1.2-60 1.02 11.26 12.28 NOTE
r-patched-solaris-sparc 1.2-60 144.50 NOTE
r-patched-solaris-x86 1.2-60 34.00 NOTE
r-release-linux-ix86 1.2-60 1.42 16.53 17.96 NOTE
r-release-linux-x86_64 1.2-60 0.94 11.44 12.37 NOTE
r-release-osx-x86_64-mavericks 1.2-60 NOTE
r-release-osx-x86_64-snowleopard 1.2-60 OK
r-release-windows-ix86+x86_64 1.2-60 6.00 24.00 30.00 NOTE
r-oldrel-windows-ix86+x86_64 1.2-60 6.00 25.00 31.00 NOTE

Check Details

Version: 1.2-60
Check: dependencies in R code
Result: NOTE
    Package in Depends field not imported from: ‘KernSmooth’
     These packages need to be imported from (in the NAMESPACE file)
     for when this namespace is loaded but not attached.
Flavors: r-devel-linux-x86_64-debian-clang, r-devel-linux-x86_64-debian-gcc, r-devel-linux-x86_64-fedora-clang, r-devel-linux-x86_64-fedora-gcc, r-devel-osx-x86_64-clang, r-devel-windows-ix86+x86_64

Version: 1.2-60
Check: R code for possible problems
Result: NOTE
    bandwidthselect: no visible global function definition for ‘dpik’
Flavors: r-devel-linux-x86_64-debian-clang, r-devel-linux-x86_64-debian-gcc, r-devel-linux-x86_64-fedora-clang, r-devel-linux-x86_64-fedora-gcc, r-devel-osx-x86_64-clang, r-devel-windows-ix86+x86_64, r-patched-linux-x86_64, r-patched-solaris-sparc, r-patched-solaris-x86, r-release-linux-ix86, r-release-linux-x86_64, r-release-osx-x86_64-mavericks, r-release-windows-ix86+x86_64

Version: 1.2-60
Check: dependencies in R code
Result: NOTE
    Package in Depends field not imported from: ‘KernSmooth’
     These packages need to be imported from (in the NAMESPACE file)
     for when this namespace is loaded but not attached.
    See the information on DESCRIPTION files in the chapter ‘Creating R
    packages’ of the ‘Writing R Extensions’ manual.
Flavors: r-patched-linux-x86_64, r-patched-solaris-sparc, r-patched-solaris-x86, r-release-linux-ix86, r-release-linux-x86_64, r-release-osx-x86_64-mavericks, r-release-windows-ix86+x86_64, r-oldrel-windows-ix86+x86_64