CRAN Package Check Results for Package GenKern

Last updated on 2014-08-21 07:49:12.

Flavor Version Tinstall Tcheck Ttotal Status Flags
r-devel-linux-x86_64-debian-clang 1.2-60 0.84 10.18 11.02 NOTE
r-devel-linux-x86_64-debian-gcc 1.2-60 0.88 10.06 10.94 NOTE
r-devel-linux-x86_64-fedora-clang 1.2-60 26.53 NOTE
r-devel-linux-x86_64-fedora-gcc 1.2-60 21.09 NOTE
r-devel-osx-x86_64-clang 1.2-60 24.57 NOTE
r-devel-windows-ix86+x86_64 1.2-60 6.00 22.00 28.00 NOTE
r-patched-linux-x86_64 1.2-60 0.91 10.44 11.35 NOTE
r-patched-solaris-sparc 1.2-60 129.80 NOTE
r-patched-solaris-x86 1.2-60 32.00 NOTE
r-release-linux-ix86 1.2-60 1.40 17.06 18.46 NOTE
r-release-linux-x86_64 1.2-60 0.91 10.76 11.67 NOTE
r-release-osx-x86_64-mavericks 1.2-60 NOTE
r-release-osx-x86_64-snowleopard 1.2-60 OK
r-release-windows-ix86+x86_64 1.2-60 6.00 21.00 27.00 NOTE
r-oldrel-windows-ix86+x86_64 1.2-60 6.00 23.00 29.00 NOTE

Check Details

Version: 1.2-60
Check: dependencies in R code
Result: NOTE
    Package in Depends field not imported from: ‘KernSmooth’
     These packages need to be imported from (in the NAMESPACE file)
     for when this namespace is loaded but not attached.
    See the information on DESCRIPTION files in the chapter ‘Creating R
    packages’ of the ‘Writing R Extensions’ manual.
Flavors: r-devel-linux-x86_64-debian-clang, r-devel-linux-x86_64-debian-gcc, r-devel-linux-x86_64-fedora-clang, r-devel-linux-x86_64-fedora-gcc, r-devel-osx-x86_64-clang, r-devel-windows-ix86+x86_64, r-patched-linux-x86_64, r-patched-solaris-sparc, r-patched-solaris-x86, r-release-linux-ix86, r-release-linux-x86_64, r-release-osx-x86_64-mavericks, r-release-windows-ix86+x86_64, r-oldrel-windows-ix86+x86_64

Version: 1.2-60
Check: R code for possible problems
Result: NOTE
    bandwidthselect: no visible global function definition for ‘dpik’
Flavors: r-devel-linux-x86_64-fedora-clang, r-devel-linux-x86_64-fedora-gcc, r-devel-osx-x86_64-clang