CRAN Package Check Results for Package GenKern

Last updated on 2014-04-23 12:48:18.

Flavor Version Tinstall Tcheck Ttotal Status Flags
r-devel-linux-x86_64-debian-clang 1.2-60 0.95 11.07 12.02 NOTE
r-devel-linux-x86_64-debian-gcc 1.2-60 0.91 11.05 11.96 NOTE
r-devel-linux-x86_64-fedora-clang 1.2-60 21.86 NOTE
r-devel-linux-x86_64-fedora-gcc 1.2-60 21.42 NOTE
r-devel-osx-x86_64-clang 1.2-60 25.64 NOTE
r-devel-osx-x86_64-gcc 1.2-60 NOTE
r-devel-windows-ix86+x86_64 1.2-60 6.00 21.00 27.00 NOTE
r-patched-linux-x86_64 1.2-60 0.96 10.58 11.54 NOTE
r-patched-solaris-sparc 1.2-60 128.30 NOTE
r-patched-solaris-x86 1.2-60 33.00 NOTE
r-release-linux-ix86 1.2-60 2.00 24.00 26.00 NOTE
r-release-linux-x86_64 1.2-60 0.93 10.82 11.75 NOTE
r-release-osx-x86_64-mavericks 1.2-60 WARN
r-release-osx-x86_64-snowleopard 1.2-60 OK
r-release-windows-ix86+x86_64 1.2-60 6.00 21.00 27.00 NOTE
r-oldrel-windows-ix86+x86_64 1.2-60 6.00 23.00 29.00 NOTE

Check Details

Version: 1.2-60
Check: dependencies in R code
Result: NOTE
    Package in Depends field not imported from: ‘KernSmooth’
     These packages need to be imported from (in the NAMESPACE file)
     for when this namespace is loaded but not attached.
    See the information on DESCRIPTION files in the chapter ‘Creating R
    packages’ of the ‘Writing R Extensions’ manual.
Flavors: r-devel-linux-x86_64-debian-clang, r-devel-linux-x86_64-debian-gcc, r-devel-linux-x86_64-fedora-clang, r-devel-linux-x86_64-fedora-gcc, r-devel-osx-x86_64-clang, r-devel-osx-x86_64-gcc, r-devel-windows-ix86+x86_64, r-patched-linux-x86_64, r-patched-solaris-sparc, r-patched-solaris-x86, r-release-linux-ix86, r-release-linux-x86_64, r-release-osx-x86_64-mavericks, r-release-windows-ix86+x86_64, r-oldrel-windows-ix86+x86_64

Version: 1.2-60
Check: PDF version of manual
Result: WARNING
    LaTeX errors when creating PDF version.
    This typically indicates Rd problems.
    LaTeX errors found:
    ! LaTeX Error: File `upquote.sty' not found.
    
    Type X to quit or <RETURN> to proceed,
    or enter new name. (Default extension: sty)
    
    6b40f625/Rd2.tex:8: ==> Fatal error occurred, no output PDF file produced!
Flavor: r-release-osx-x86_64-mavericks