CRAN Package Check Results for Package GenKern

Last updated on 2016-07-31 06:47:26.

Flavor Version Tinstall Tcheck Ttotal Status Flags
r-devel-linux-x86_64-debian-clang 1.2-60 1.00 9.91 10.90 NOTE
r-devel-linux-x86_64-debian-gcc 1.2-60 1.02 9.99 11.01 NOTE
r-devel-linux-x86_64-fedora-clang 1.2-60 20.85 NOTE
r-devel-linux-x86_64-fedora-gcc 1.2-60 17.09 NOTE
r-devel-osx-x86_64-clang 1.2-60 16.66 NOTE
r-devel-windows-ix86+x86_64 1.2-60 6.00 29.00 35.00 NOTE
r-patched-linux-x86_64 1.2-60 0.96 10.03 10.99 NOTE
r-patched-solaris-sparc 1.2-60 117.10 NOTE
r-patched-solaris-x86 1.2-60 25.90 NOTE
r-release-linux-x86_64 1.2-60 1.36 12.33 13.69 NOTE
r-release-osx-x86_64-mavericks 1.2-60 NOTE
r-release-windows-ix86+x86_64 1.2-60 9.00 36.00 45.00 NOTE
r-oldrel-windows-ix86+x86_64 1.2-60 10.00 38.00 48.00 NOTE

Check Details

Version: 1.2-60
Check: DESCRIPTION meta-information
Result: NOTE
    Malformed Description field: should contain one or more complete sentences.
Flavors: r-devel-linux-x86_64-debian-clang, r-devel-linux-x86_64-debian-gcc, r-devel-linux-x86_64-fedora-clang, r-devel-linux-x86_64-fedora-gcc, r-devel-osx-x86_64-clang, r-devel-windows-ix86+x86_64, r-patched-linux-x86_64, r-patched-solaris-sparc, r-patched-solaris-x86, r-release-linux-x86_64, r-release-osx-x86_64-mavericks, r-release-windows-ix86+x86_64, r-oldrel-windows-ix86+x86_64

Version: 1.2-60
Check: dependencies in R code
Result: NOTE
    Package in Depends field not imported from: ‘KernSmooth’
     These packages need to be imported from (in the NAMESPACE file)
     for when this namespace is loaded but not attached.
Flavors: r-devel-linux-x86_64-debian-clang, r-devel-linux-x86_64-debian-gcc, r-devel-linux-x86_64-fedora-clang, r-devel-linux-x86_64-fedora-gcc, r-devel-osx-x86_64-clang, r-devel-windows-ix86+x86_64, r-patched-linux-x86_64, r-patched-solaris-sparc, r-patched-solaris-x86, r-release-linux-x86_64, r-release-osx-x86_64-mavericks, r-release-windows-ix86+x86_64, r-oldrel-windows-ix86+x86_64

Version: 1.2-60
Check: R code for possible problems
Result: NOTE
    KernSec: no visible global function definition for ‘na.omit’
    KernSur: no visible global function definition for ‘na.fail’
    KernSur: no visible global function definition for ‘na.omit’
    bandwidthselect: no visible global function definition for ‘na.omit’
    bandwidthselect: no visible global function definition for ‘dpik’
    correlationselect: no visible global function definition for ‘cor’
    nearest: no visible global function definition for ‘na.fail’
    nearest: no visible global function definition for ‘na.omit’
    per: no visible global function definition for ‘na.fail’
    Undefined global functions or variables:
     cor dpik na.fail na.omit
    Consider adding
     importFrom("stats", "cor", "na.fail", "na.omit")
    to your NAMESPACE file.
Flavors: r-devel-linux-x86_64-debian-clang, r-devel-linux-x86_64-debian-gcc, r-devel-linux-x86_64-fedora-clang, r-devel-linux-x86_64-fedora-gcc, r-devel-osx-x86_64-clang, r-devel-windows-ix86+x86_64, r-patched-linux-x86_64, r-patched-solaris-sparc, r-patched-solaris-x86, r-release-linux-x86_64, r-release-osx-x86_64-mavericks, r-release-windows-ix86+x86_64

Version: 1.2-60
Check: R code for possible problems
Result: NOTE
    bandwidthselect: no visible global function definition for 'dpik'
Flavor: r-oldrel-windows-ix86+x86_64