CRAN Package Check Results for Package GenKern

Last updated on 2014-07-25 23:48:36.

Flavor Version Tinstall Tcheck Ttotal Status Flags
r-devel-linux-x86_64-debian-clang 1.2-60 0.90 10.32 11.22 NOTE
r-devel-linux-x86_64-debian-gcc 1.2-60 0.86 10.30 11.16 NOTE
r-devel-linux-x86_64-fedora-clang 1.2-60 21.79 NOTE
r-devel-linux-x86_64-fedora-gcc 1.2-60 20.26 NOTE
r-devel-osx-x86_64-clang 1.2-60 24.46 NOTE
r-devel-windows-ix86+x86_64 1.2-60 6.00 22.00 28.00 NOTE
r-patched-linux-x86_64 1.2-60 0.90 10.46 11.36 NOTE
r-patched-solaris-sparc 1.2-60 128.30 NOTE
r-patched-solaris-x86 1.2-60 32.60 NOTE
r-release-linux-ix86 1.2-60 1.37 16.98 18.34 NOTE
r-release-linux-x86_64 1.2-60 0.96 10.66 11.62 NOTE
r-release-osx-x86_64-mavericks 1.2-60 NOTE
r-release-osx-x86_64-snowleopard 1.2-60 OK
r-release-windows-ix86+x86_64 1.2-60 7.00 23.00 30.00 NOTE
r-oldrel-windows-ix86+x86_64 1.2-60 7.00 23.00 30.00 NOTE

Check Details

Version: 1.2-60
Check: dependencies in R code
Result: NOTE
    Package in Depends field not imported from: ‘KernSmooth’
     These packages need to be imported from (in the NAMESPACE file)
     for when this namespace is loaded but not attached.
    See the information on DESCRIPTION files in the chapter ‘Creating R
    packages’ of the ‘Writing R Extensions’ manual.
Flavors: r-devel-linux-x86_64-debian-clang, r-devel-linux-x86_64-debian-gcc, r-devel-linux-x86_64-fedora-clang, r-devel-linux-x86_64-fedora-gcc, r-devel-osx-x86_64-clang, r-devel-windows-ix86+x86_64, r-patched-linux-x86_64, r-patched-solaris-sparc, r-patched-solaris-x86, r-release-linux-ix86, r-release-linux-x86_64, r-release-osx-x86_64-mavericks, r-release-windows-ix86+x86_64, r-oldrel-windows-ix86+x86_64