CRAN Package Check Results for Package GenKern

Last updated on 2017-05-24 22:47:11.

Flavor Version Tinstall Tcheck Ttotal Status Flags
r-devel-linux-x86_64-debian-clang 1.2-60 1.11 12.45 13.56 NOTE
r-devel-linux-x86_64-debian-gcc 1.2-60 0.96 12.33 13.29 NOTE
r-devel-linux-x86_64-fedora-clang 1.2-60 21.78 NOTE --no-stop-on-test-error
r-devel-linux-x86_64-fedora-gcc 1.2-60 20.37 NOTE --no-stop-on-test-error
r-devel-windows-ix86+x86_64 1.2-60 7.00 59.00 66.00 NOTE
r-patched-linux-x86_64 1.2-60 1.00 12.07 13.07 NOTE
r-patched-solaris-sparc 1.2-60 151.80 NOTE
r-patched-solaris-x86 1.2-60 30.40 NOTE
r-release-linux-x86_64 1.2-60 1.00 12.05 13.05 NOTE
r-release-windows-ix86+x86_64 1.2-60 6.00 44.00 50.00 NOTE
r-release-osx-x86_64 1.2-60 NOTE
r-oldrel-windows-ix86+x86_64 1.2-60 11.00 41.00 52.00 NOTE
r-oldrel-osx-x86_64 1.2-60 NOTE

Check Details

Version: 1.2-60
Check: DESCRIPTION meta-information
Result: NOTE
    Malformed Description field: should contain one or more complete sentences.
Flavors: r-devel-linux-x86_64-debian-clang, r-devel-linux-x86_64-debian-gcc, r-devel-windows-ix86+x86_64, r-patched-linux-x86_64, r-patched-solaris-sparc, r-patched-solaris-x86, r-release-linux-x86_64, r-release-windows-ix86+x86_64, r-release-osx-x86_64, r-oldrel-windows-ix86+x86_64, r-oldrel-osx-x86_64

Version: 1.2-60
Check: dependencies in R code
Result: NOTE
    Package in Depends field not imported from: ‘KernSmooth’
     These packages need to be imported from (in the NAMESPACE file)
     for when this namespace is loaded but not attached.
Flavors: r-devel-linux-x86_64-debian-clang, r-devel-linux-x86_64-debian-gcc, r-devel-windows-ix86+x86_64, r-patched-linux-x86_64, r-patched-solaris-sparc, r-patched-solaris-x86, r-release-linux-x86_64, r-release-windows-ix86+x86_64, r-release-osx-x86_64, r-oldrel-windows-ix86+x86_64, r-oldrel-osx-x86_64

Version: 1.2-60
Check: R code for possible problems
Result: NOTE
    KernSec: no visible global function definition for ‘na.omit’
    KernSur: no visible global function definition for ‘na.fail’
    KernSur: no visible global function definition for ‘na.omit’
    bandwidthselect: no visible global function definition for ‘na.omit’
    bandwidthselect: no visible global function definition for ‘dpik’
    correlationselect: no visible global function definition for ‘cor’
    nearest: no visible global function definition for ‘na.fail’
    nearest: no visible global function definition for ‘na.omit’
    per: no visible global function definition for ‘na.fail’
    Undefined global functions or variables:
     cor dpik na.fail na.omit
    Consider adding
     importFrom("stats", "cor", "na.fail", "na.omit")
    to your NAMESPACE file.
Flavors: r-devel-linux-x86_64-debian-clang, r-devel-linux-x86_64-debian-gcc, r-devel-windows-ix86+x86_64, r-patched-linux-x86_64, r-patched-solaris-sparc, r-patched-solaris-x86, r-release-linux-x86_64, r-release-windows-ix86+x86_64, r-release-osx-x86_64, r-oldrel-windows-ix86+x86_64, r-oldrel-osx-x86_64

Version: 1.2-60
Check: compiled code
Result: NOTE
    File ‘GenKern/libs/GenKern.so’:
     Found no calls to: ‘R_registerRoutines’, ‘R_useDynamicSymbols’
    
    It is good practice to register native routines and to disable symbol
    search.
    
    See ‘Writing portable packages’ in the ‘Writing R Extensions’ manual.
Flavors: r-devel-linux-x86_64-debian-clang, r-devel-linux-x86_64-debian-gcc, r-patched-linux-x86_64, r-release-linux-x86_64

Version: 1.2-60
Flags: --no-stop-on-test-error
Check: DESCRIPTION meta-information
Result: NOTE
    Malformed Description field: should contain one or more complete sentences.
Flavors: r-devel-linux-x86_64-fedora-clang, r-devel-linux-x86_64-fedora-gcc

Version: 1.2-60
Flags: --no-stop-on-test-error
Check: dependencies in R code
Result: NOTE
    Package in Depends field not imported from: ‘KernSmooth’
     These packages need to be imported from (in the NAMESPACE file)
     for when this namespace is loaded but not attached.
Flavors: r-devel-linux-x86_64-fedora-clang, r-devel-linux-x86_64-fedora-gcc

Version: 1.2-60
Flags: --no-stop-on-test-error
Check: R code for possible problems
Result: NOTE
    KernSec: no visible global function definition for ‘na.omit’
    KernSur: no visible global function definition for ‘na.fail’
    KernSur: no visible global function definition for ‘na.omit’
    bandwidthselect: no visible global function definition for ‘na.omit’
    bandwidthselect: no visible global function definition for ‘dpik’
    correlationselect: no visible global function definition for ‘cor’
    nearest: no visible global function definition for ‘na.fail’
    nearest: no visible global function definition for ‘na.omit’
    per: no visible global function definition for ‘na.fail’
    Undefined global functions or variables:
     cor dpik na.fail na.omit
    Consider adding
     importFrom("stats", "cor", "na.fail", "na.omit")
    to your NAMESPACE file.
Flavors: r-devel-linux-x86_64-fedora-clang, r-devel-linux-x86_64-fedora-gcc

Version: 1.2-60
Flags: --no-stop-on-test-error
Check: compiled code
Result: NOTE
    File ‘GenKern/libs/GenKern.so’:
     Found no calls to: ‘R_registerRoutines’, ‘R_useDynamicSymbols’
    
    It is good practice to register native routines and to disable symbol
    search.
    
    See ‘Writing portable packages’ in the ‘Writing R Extensions’ manual.
Flavors: r-devel-linux-x86_64-fedora-clang, r-devel-linux-x86_64-fedora-gcc