CRAN Package Check Results for Package GenOrd

Last updated on 2015-06-30 15:47:06.

Flavor Version Tinstall Tcheck Ttotal Status Flags
r-devel-linux-x86_64-debian-clang 1.3.0 2.68 31.53 34.20 NOTE
r-devel-linux-x86_64-debian-gcc 1.3.0 3.08 30.60 33.68 NOTE
r-devel-linux-x86_64-fedora-clang 1.3.0 70.61 NOTE
r-devel-linux-x86_64-fedora-gcc 1.3.0 69.09 OK
r-devel-osx-x86_64-clang 1.3.0 63.71 OK
r-devel-windows-ix86+x86_64 1.3.0 10.00 45.00 55.00 NOTE
r-patched-linux-x86_64 1.3.0 2.54 31.12 33.66 OK
r-patched-solaris-sparc 1.3.0 421.50 OK
r-patched-solaris-x86 1.3.0 96.90 OK
r-release-linux-x86_64 1.3.0 2.64 30.91 33.55 OK
r-release-osx-x86_64-mavericks 1.3.0 OK
r-release-windows-ix86+x86_64 1.3.0 10.00 47.00 57.00 OK
r-oldrel-windows-ix86+x86_64 1.3.0 11.00 57.00 68.00 OK

Check Details

Version: 1.3.0
Check: R code for possible problems
Result: NOTE
    contord: no visible global function definition for ‘qnorm’
    ordsample: no visible global function definition for ‘qnorm’
Flavors: r-devel-linux-x86_64-debian-clang, r-devel-linux-x86_64-debian-gcc, r-devel-linux-x86_64-fedora-clang, r-devel-windows-ix86+x86_64