CRAN Package Check Results for Package GenOrd

Last updated on 2015-09-03 08:49:54.

Flavor Version Tinstall Tcheck Ttotal Status Flags
r-devel-linux-x86_64-debian-clang 1.3.0 2.41 30.08 32.49 NOTE
r-devel-linux-x86_64-debian-gcc 1.3.0 2.62 30.66 33.28 NOTE
r-devel-linux-x86_64-fedora-clang 1.3.0 65.10 NOTE
r-devel-linux-x86_64-fedora-gcc 1.3.0 62.95 NOTE
r-devel-osx-x86_64-clang 1.3.0 57.60 OK
r-devel-windows-ix86+x86_64 1.3.0 10.00 77.00 87.00 NOTE
r-patched-linux-x86_64 1.3.0 2.57 31.51 34.08 OK
r-patched-solaris-sparc 1.3.0 427.10 OK
r-patched-solaris-x86 1.3.0 98.40 OK
r-release-linux-x86_64 1.3.0 2.75 31.91 34.66 OK
r-release-osx-x86_64-mavericks 1.3.0 OK
r-release-windows-ix86+x86_64 1.3.0 10.00 76.00 86.00 OK
r-oldrel-windows-ix86+x86_64 1.3.0 13.00 69.00 82.00 OK

Check Details

Version: 1.3.0
Check: R code for possible problems
Result: NOTE
    contord: no visible global function definition for ‘qnorm’
    ordsample: no visible global function definition for ‘qnorm’
    Undefined global functions or variables:
     qnorm
    Consider adding
     importFrom("stats", "qnorm")
    to your NAMESPACE.
Flavors: r-devel-linux-x86_64-debian-clang, r-devel-linux-x86_64-debian-gcc, r-devel-linux-x86_64-fedora-clang, r-devel-linux-x86_64-fedora-gcc, r-devel-windows-ix86+x86_64