CRAN Package Check Results for Package GenOrd

Last updated on 2014-04-24 17:49:44.

Flavor Version Tinstall Tcheck Ttotal Status Flags
r-devel-linux-x86_64-debian-clang 1.2.0 3.52 39.98 43.50 OK
r-devel-linux-x86_64-debian-gcc 1.2.0 3.35 38.98 42.33 OK
r-devel-linux-x86_64-fedora-clang 1.2.0 96.27 OK
r-devel-linux-x86_64-fedora-gcc 1.2.0 94.27 OK
r-devel-osx-x86_64-clang 1.2.0 80.03 OK
r-devel-osx-x86_64-gcc 1.2.0 OK
r-devel-windows-ix86+x86_64 1.2.0 9.00 57.00 66.00 OK
r-patched-linux-x86_64 1.2.0 3.36 39.50 42.86 OK
r-patched-solaris-sparc 1.2.0 504.80 OK
r-patched-solaris-x86 1.2.0 127.70 OK
r-release-linux-ix86 1.2.0 5.00 64.00 69.00 OK
r-release-linux-x86_64 1.2.0 3.35 38.92 42.28 OK
r-release-osx-x86_64-mavericks 1.2.0 WARN
r-release-osx-x86_64-snowleopard 1.2.0 OK
r-release-windows-ix86+x86_64 1.2.0 9.00 54.00 63.00 OK
r-oldrel-windows-ix86+x86_64 1.2.0 10.00 54.00 64.00 OK

Check Details

Version: 1.2.0
Check: PDF version of manual
Result: WARNING
    LaTeX errors when creating PDF version.
    This typically indicates Rd problems.
    LaTeX errors found:
    ! LaTeX Error: File `upquote.sty' not found.
    
    Type X to quit or <RETURN> to proceed,
    or enter new name. (Default extension: sty)
    
    /private/tmp/RtmpkAO4yW/Rd2pdf66d541372f5/Rd2.tex:8: ==> Fatal error occurred,
     no output PDF file produced!
Flavor: r-release-osx-x86_64-mavericks