CRAN Package Check Results for Package GenOrd

Last updated on 2015-07-28 09:47:01.

Flavor Version Tinstall Tcheck Ttotal Status Flags
r-devel-linux-x86_64-debian-clang 1.3.0 2.84 31.54 34.38 NOTE
r-devel-linux-x86_64-debian-gcc 1.3.0 2.45 31.79 34.24 NOTE
r-devel-linux-x86_64-fedora-clang 1.3.0 70.96 NOTE
r-devel-linux-x86_64-fedora-gcc 1.3.0 70.44 NOTE
r-devel-osx-x86_64-clang 1.3.0 63.87 OK
r-devel-windows-ix86+x86_64 1.3.0 7.00 50.00 57.00 NOTE
r-patched-linux-x86_64 1.3.0 2.74 31.49 34.23 OK
r-patched-solaris-sparc 1.3.0 427.10 OK
r-patched-solaris-x86 1.3.0 97.50 OK
r-release-linux-x86_64 1.3.0 2.51 31.79 34.30 OK
r-release-osx-x86_64-mavericks 1.3.0 OK
r-release-windows-ix86+x86_64 1.3.0 10.00 67.00 77.00 OK
r-oldrel-windows-ix86+x86_64 1.3.0 8.00 60.00 68.00 OK

Check Details

Version: 1.3.0
Check: R code for possible problems
Result: NOTE
    contord: no visible global function definition for ‘qnorm’
    ordsample: no visible global function definition for ‘qnorm’
    Undefined global functions or variables:
     qnorm
    Consider adding
     importFrom("stats", "qnorm")
    to your NAMESPACE.
Flavors: r-devel-linux-x86_64-debian-clang, r-devel-linux-x86_64-debian-gcc, r-devel-linux-x86_64-fedora-clang, r-devel-linux-x86_64-fedora-gcc, r-devel-windows-ix86+x86_64