CRAN Package Check Results for Package GenSA

Last updated on 2017-12-13 03:47:52 CET.

Flavor Version Tinstall Tcheck Ttotal Status Flags
r-devel-linux-x86_64-debian-clang 1.1.6 6.24 17.41 23.65 NOTE
r-devel-linux-x86_64-debian-gcc 1.1.6 4.70 14.91 19.61 NOTE
r-devel-linux-x86_64-fedora-clang 1.1.6 29.82 NOTE
r-devel-linux-x86_64-fedora-gcc 1.1.6 NOTE
r-devel-windows-ix86+x86_64 1.1.6 28.00 49.00 77.00 OK
r-patched-linux-x86_64 1.1.6 5.26 17.38 22.64 NOTE
r-patched-solaris-x86 1.1.6 40.40 OK
r-release-linux-x86_64 1.1.6 5.21 17.66 22.87 NOTE
r-release-windows-ix86+x86_64 1.1.6 17.00 41.00 58.00 OK
r-release-osx-x86_64 1.1.6 OK
r-oldrel-windows-ix86+x86_64 1.1.6 18.00 31.00 49.00 OK
r-oldrel-osx-x86_64 1.1.6 OK

Check Details

Version: 1.1.6
Check: compiled code
Result: NOTE
    File ‘GenSA/libs/GenSA.so’:
     Found no calls to: ‘R_registerRoutines’, ‘R_useDynamicSymbols’
    
    It is good practice to register native routines and to disable symbol
    search.
    
    See ‘Writing portable packages’ in the ‘Writing R Extensions’ manual.
Flavors: r-devel-linux-x86_64-debian-clang, r-devel-linux-x86_64-debian-gcc, r-devel-linux-x86_64-fedora-clang, r-devel-linux-x86_64-fedora-gcc, r-patched-linux-x86_64, r-release-linux-x86_64