CRAN Package Check Results for Package GenSA

Last updated on 2017-02-22 06:48:14.

Flavor Version Tinstall Tcheck Ttotal Status Flags
r-devel-linux-x86_64-debian-clang 1.1.6 4.68 12.93 17.61 NOTE
r-devel-linux-x86_64-debian-gcc 1.1.6 4.18 13.08 17.26 NOTE
r-devel-linux-x86_64-fedora-clang 1.1.6 30.04 NOTE --no-stop-on-test-error
r-devel-linux-x86_64-fedora-gcc 1.1.6 28.30 NOTE --no-stop-on-test-error
r-devel-macos-x86_64-clang 1.1.6 25.70 NOTE --no-stop-on-test-error
r-devel-windows-ix86+x86_64 1.1.6 16.00 49.00 65.00 OK
r-patched-linux-x86_64 1.1.6 3.82 11.81 15.63 OK
r-patched-solaris-sparc 1.1.6 127.90 OK
r-patched-solaris-x86 1.1.6 34.40 OK
r-release-linux-x86_64 1.1.6 3.76 11.22 14.97 OK
r-release-osx-x86_64-mavericks 1.1.6 OK
r-release-windows-ix86+x86_64 1.1.6 18.00 31.00 49.00 OK
r-oldrel-windows-ix86+x86_64 1.1.6 16.00 29.00 45.00 OK

Check Details

Version: 1.1.6
Check: compiled code
Result: NOTE
    File ‘GenSA/libs/GenSA.so’:
     Found no calls to: ‘R_registerRoutines’, ‘R_useDynamicSymbols’
    
    It is good practice to register native routines and to disable symbol
    search.
    
    See ‘Writing portable packages’ in the ‘Writing R Extensions’ manual.
Flavors: r-devel-linux-x86_64-debian-clang, r-devel-linux-x86_64-debian-gcc

Version: 1.1.6
Flags: --no-stop-on-test-error
Check: compiled code
Result: NOTE
    File ‘GenSA/libs/GenSA.so’:
     Found no calls to: ‘R_registerRoutines’, ‘R_useDynamicSymbols’
    
    It is good practice to register native routines and to disable symbol
    search.
    
    See ‘Writing portable packages’ in the ‘Writing R Extensions’ manual.
Flavors: r-devel-linux-x86_64-fedora-clang, r-devel-linux-x86_64-fedora-gcc, r-devel-macos-x86_64-clang