CRAN Package Check Results for Package GenSA

Last updated on 2017-06-25 16:52:01.

Flavor Version Tinstall Tcheck Ttotal Status Flags
r-devel-linux-x86_64-debian-clang 1.1.6 4.68 13.30 17.98 NOTE
r-devel-linux-x86_64-debian-gcc 1.1.6 4.26 13.21 17.47 NOTE
r-devel-linux-x86_64-fedora-clang 1.1.6 31.11 NOTE
r-devel-linux-x86_64-fedora-gcc 1.1.6 27.10 NOTE
r-devel-windows-ix86+x86_64 1.1.6 24.00 47.00 71.00 OK
r-patched-linux-x86_64 1.1.6 3.87 13.12 16.99 NOTE
r-patched-solaris-sparc 1.1.6 185.80 OK
r-patched-solaris-x86 1.1.6 40.70 OK
r-release-linux-x86_64 1.1.6 4.18 13.29 17.47 NOTE
r-release-windows-ix86+x86_64 1.1.6 17.00 36.00 53.00 OK
r-release-osx-x86_64 1.1.6 OK
r-oldrel-windows-ix86+x86_64 1.1.6 18.00 31.00 49.00 OK
r-oldrel-osx-x86_64 1.1.6 OK

Check Details

Version: 1.1.6
Check: compiled code
Result: NOTE
    File ‘GenSA/libs/GenSA.so’:
     Found no calls to: ‘R_registerRoutines’, ‘R_useDynamicSymbols’
    
    It is good practice to register native routines and to disable symbol
    search.
    
    See ‘Writing portable packages’ in the ‘Writing R Extensions’ manual.
Flavors: r-devel-linux-x86_64-debian-clang, r-devel-linux-x86_64-debian-gcc, r-devel-linux-x86_64-fedora-clang, r-devel-linux-x86_64-fedora-gcc, r-patched-linux-x86_64, r-release-linux-x86_64