CRAN Package Check Results for Package GenSA

Last updated on 2017-10-21 18:47:12.

Flavor Version Tinstall Tcheck Ttotal Status Flags
r-devel-linux-x86_64-debian-clang 1.1.6 4.26 13.37 17.63 NOTE
r-devel-linux-x86_64-debian-gcc 1.1.6 4.24 14.34 18.59 NOTE
r-devel-linux-x86_64-fedora-clang 1.1.6 31.27 NOTE
r-devel-linux-x86_64-fedora-gcc 1.1.6 28.40 NOTE
r-devel-windows-ix86+x86_64 1.1.6 26.00 39.00 65.00 OK
r-patched-linux-x86_64 1.1.6 4.22 13.75 17.97 NOTE
r-patched-solaris-x86 1.1.6 40.60 OK
r-release-linux-x86_64 1.1.6 4.32 13.57 17.88 NOTE
r-release-windows-ix86+x86_64 1.1.6 17.00 41.00 58.00 OK
r-release-osx-x86_64 1.1.6 OK
r-oldrel-windows-ix86+x86_64 1.1.6 18.00 31.00 49.00 OK
r-oldrel-osx-x86_64 1.1.6 OK

Check Details

Version: 1.1.6
Check: compiled code
Result: NOTE
    File ‘GenSA/libs/GenSA.so’:
     Found no calls to: ‘R_registerRoutines’, ‘R_useDynamicSymbols’
    
    It is good practice to register native routines and to disable symbol
    search.
    
    See ‘Writing portable packages’ in the ‘Writing R Extensions’ manual.
Flavors: r-devel-linux-x86_64-debian-clang, r-devel-linux-x86_64-debian-gcc, r-devel-linux-x86_64-fedora-clang, r-devel-linux-x86_64-fedora-gcc, r-patched-linux-x86_64, r-release-linux-x86_64