CRAN Package Check Results for Package GenSA

Last updated on 2015-07-04 11:49:44.

Flavor Version Tinstall Tcheck Ttotal Status Flags
r-devel-linux-x86_64-debian-clang 1.1.5 3.17 10.86 14.03 NOTE
r-devel-linux-x86_64-debian-gcc 1.1.5 3.80 11.15 14.95 NOTE
r-devel-linux-x86_64-fedora-clang 1.1.5 26.90 NOTE
r-devel-linux-x86_64-fedora-gcc 1.1.5 25.35 NOTE
r-devel-osx-x86_64-clang 1.1.5 26.74 OK
r-devel-windows-ix86+x86_64 1.1.5 24.00 24.00 48.00 OK
r-patched-linux-x86_64 1.1.5 3.82 10.98 14.80 OK
r-patched-solaris-sparc 1.1.5 155.00 OK
r-patched-solaris-x86 1.1.5 38.00 OK
r-release-linux-x86_64 1.1.5 3.81 11.13 14.94 OK
r-release-osx-x86_64-mavericks 1.1.5 OK
r-release-windows-ix86+x86_64 1.1.5 16.00 24.00 40.00 OK
r-oldrel-windows-ix86+x86_64 1.1.5 14.00 27.00 41.00 OK

Check Details

Version: 1.1.5
Check: R code for possible problems
Result: NOTE
    GenSA : LSE: no visible global function definition for ‘constrOptim’
    GenSA: no visible global function definition for ‘runif’
    GenSA: no visible global function definition for ‘write.table’
    Undefined global functions or variables:
     constrOptim runif write.table
Flavors: r-devel-linux-x86_64-debian-clang, r-devel-linux-x86_64-debian-gcc, r-devel-linux-x86_64-fedora-clang, r-devel-linux-x86_64-fedora-gcc