CRAN Package Check Results for Package GenSA

Last updated on 2017-08-16 16:46:34.

Flavor Version Tinstall Tcheck Ttotal Status Flags
r-devel-linux-x86_64-debian-clang 1.1.6 4.66 13.63 18.29 NOTE
r-devel-linux-x86_64-debian-gcc 1.1.6 4.32 13.33 17.65 NOTE
r-devel-linux-x86_64-fedora-clang 1.1.6 31.46 NOTE
r-devel-linux-x86_64-fedora-gcc 1.1.6 28.75 NOTE
r-devel-windows-ix86+x86_64 1.1.6 23.00 49.00 72.00 OK
r-patched-linux-x86_64 1.1.6 4.25 13.48 17.73 NOTE
r-patched-solaris-x86 1.1.6 40.30 OK
r-release-linux-x86_64 1.1.6 4.28 13.44 17.73 NOTE
r-release-windows-ix86+x86_64 1.1.6 17.00 36.00 53.00 OK
r-release-osx-x86_64 1.1.6 OK
r-oldrel-windows-ix86+x86_64 1.1.6 18.00 31.00 49.00 OK
r-oldrel-osx-x86_64 1.1.6 OK

Check Details

Version: 1.1.6
Check: compiled code
Result: NOTE
    File ‘GenSA/libs/GenSA.so’:
     Found no calls to: ‘R_registerRoutines’, ‘R_useDynamicSymbols’
    
    It is good practice to register native routines and to disable symbol
    search.
    
    See ‘Writing portable packages’ in the ‘Writing R Extensions’ manual.
Flavors: r-devel-linux-x86_64-debian-clang, r-devel-linux-x86_64-debian-gcc, r-devel-linux-x86_64-fedora-clang, r-devel-linux-x86_64-fedora-gcc, r-patched-linux-x86_64, r-release-linux-x86_64