Last updated on 2023-06-04 22:59:59 CEST.
Flavor | Version | Tinstall | Tcheck | Ttotal | Status | Flags |
---|---|---|---|---|---|---|
r-devel-linux-x86_64-debian-clang | 1.1.8 | 9.85 | 23.51 | 33.36 | OK | |
r-devel-linux-x86_64-debian-gcc | 1.1.8 | 8.17 | 18.81 | 26.98 | OK | |
r-devel-linux-x86_64-fedora-clang | 1.1.8 | 49.80 | NOTE | |||
r-devel-linux-x86_64-fedora-gcc | 1.1.8 | 50.22 | NOTE | |||
r-devel-windows-x86_64 | 1.1.8 | 12.00 | 44.00 | 56.00 | OK | |
r-patched-linux-x86_64 | 1.1.8 | 9.45 | 22.83 | 32.28 | OK | |
r-release-linux-x86_64 | 1.1.8 | 8.57 | 22.45 | 31.02 | OK | |
r-release-macos-arm64 | 1.1.8 | 21.00 | OK | |||
r-release-macos-x86_64 | 1.1.8 | 31.00 | OK | |||
r-release-windows-x86_64 | 1.1.8 | 13.00 | 51.00 | 64.00 | OK | |
r-oldrel-macos-arm64 | 1.1.8 | 22.00 | OK | |||
r-oldrel-macos-x86_64 | 1.1.8 | 28.00 | OK | |||
r-oldrel-windows-x86_64 | 1.1.8 | 44.00 | 50.00 | 94.00 | OK |
Version: 1.1.8
Check: compiled code
Result: NOTE
File ‘GenSA/libs/GenSA.so’:
Found no calls to: ‘R_registerRoutines’, ‘R_useDynamicSymbols’
It is good practice to register native routines and to disable symbol
search.
See ‘Writing portable packages’ in the ‘Writing R Extensions’ manual.
Flavors: r-devel-linux-x86_64-fedora-clang, r-devel-linux-x86_64-fedora-gcc