CRAN Package Check Results for Package GenSA

Last updated on 2016-02-07 10:47:49.

Flavor Version Tinstall Tcheck Ttotal Status Flags
r-devel-linux-x86_64-debian-gcc 1.1.5 3.67 10.39 14.06 NOTE
r-devel-linux-x86_64-fedora-clang 1.1.5 26.10 NOTE
r-devel-linux-x86_64-fedora-gcc 1.1.5 23.33 NOTE
r-devel-osx-x86_64-clang 1.1.5 28.33 NOTE
r-devel-windows-ix86+x86_64 1.1.5 24.00 28.00 52.00 NOTE
r-patched-linux-x86_64 1.1.5 4.11 10.99 15.09 OK
r-patched-solaris-sparc 1.1.5 135.00 OK
r-patched-solaris-x86 1.1.5 33.60 OK
r-release-linux-x86_64 1.1.5 3.74 11.21 14.95 OK
r-release-osx-x86_64-mavericks 1.1.5 OK
r-release-windows-ix86+x86_64 1.1.5 15.00 25.00 40.00 OK
r-oldrel-windows-ix86+x86_64 1.1.5 14.00 27.00 41.00 OK

Check Details

Version: 1.1.5
Check: R code for possible problems
Result: NOTE
    GenSA : LSE: no visible global function definition for ‘constrOptim’
    GenSA: no visible global function definition for ‘runif’
    GenSA: no visible global function definition for ‘write.table’
    Undefined global functions or variables:
     constrOptim runif write.table
    Consider adding
     importFrom("stats", "constrOptim", "runif")
     importFrom("utils", "write.table")
    to your NAMESPACE file.
Flavors: r-devel-linux-x86_64-debian-gcc, r-devel-linux-x86_64-fedora-clang, r-devel-linux-x86_64-fedora-gcc, r-devel-osx-x86_64-clang, r-devel-windows-ix86+x86_64