CRAN Package Check Results for Package GenSA

Last updated on 2015-08-30 23:47:42.

Flavor Version Tinstall Tcheck Ttotal Status Flags
r-devel-linux-x86_64-debian-clang 1.1.5 3.17 10.81 13.98 NOTE
r-devel-linux-x86_64-debian-gcc 1.1.5 3.79 10.46 14.25 NOTE
r-devel-linux-x86_64-fedora-clang 1.1.5 28.14 NOTE
r-devel-linux-x86_64-fedora-gcc 1.1.5 24.75 NOTE
r-devel-osx-x86_64-clang 1.1.5 25.91 OK
r-devel-windows-ix86+x86_64 1.1.5 22.00 28.00 50.00 NOTE
r-patched-linux-x86_64 1.1.5 3.72 11.09 14.82 OK
r-patched-solaris-sparc 1.1.5 152.80 OK
r-patched-solaris-x86 1.1.5 40.70 OK
r-release-linux-x86_64 1.1.5 3.81 11.12 14.92 OK
r-release-osx-x86_64-mavericks 1.1.5 OK
r-release-windows-ix86+x86_64 1.1.5 17.00 34.00 51.00 OK
r-oldrel-windows-ix86+x86_64 1.1.5 14.00 27.00 41.00 OK

Check Details

Version: 1.1.5
Check: R code for possible problems
Result: NOTE
    GenSA : LSE: no visible global function definition for ‘constrOptim’
    GenSA: no visible global function definition for ‘runif’
    GenSA: no visible global function definition for ‘write.table’
    Undefined global functions or variables:
     constrOptim runif write.table
    Consider adding
     importFrom("stats", "constrOptim", "runif")
     importFrom("utils", "write.table")
    to your NAMESPACE.
Flavors: r-devel-linux-x86_64-debian-clang, r-devel-linux-x86_64-debian-gcc, r-devel-linux-x86_64-fedora-clang, r-devel-linux-x86_64-fedora-gcc, r-devel-windows-ix86+x86_64