CRAN Package Check Results for Package GenSA

Last updated on 2017-04-28 15:47:20.

Flavor Version Tinstall Tcheck Ttotal Status Flags
r-devel-linux-x86_64-debian-clang 1.1.6 4.55 13.20 17.75 NOTE
r-devel-linux-x86_64-debian-gcc 1.1.6 4.25 13.17 17.42 NOTE
r-devel-linux-x86_64-fedora-clang 1.1.6 30.89 NOTE --no-stop-on-test-error
r-devel-linux-x86_64-fedora-gcc 1.1.6 27.37 NOTE --no-stop-on-test-error
r-devel-windows-ix86+x86_64 1.1.6 27.00 47.00 74.00 OK
r-patched-linux-x86_64 1.1.6 3.90 13.14 17.04 NOTE
r-patched-solaris-sparc 1.1.6 185.80 OK
r-patched-solaris-x86 1.1.6 40.00 OK
r-release-linux-x86_64 1.1.6 3.82 13.22 17.03 NOTE
r-release-windows-ix86+x86_64 1.1.6 17.00 36.00 53.00 OK
r-release-osx-x86_64 1.1.6 OK
r-oldrel-windows-ix86+x86_64 1.1.6 18.00 31.00 49.00 OK
r-oldrel-osx-x86_64 1.1.6 OK

Check Details

Version: 1.1.6
Check: compiled code
Result: NOTE
    File ‘GenSA/libs/GenSA.so’:
     Found no calls to: ‘R_registerRoutines’, ‘R_useDynamicSymbols’
    
    It is good practice to register native routines and to disable symbol
    search.
    
    See ‘Writing portable packages’ in the ‘Writing R Extensions’ manual.
Flavors: r-devel-linux-x86_64-debian-clang, r-devel-linux-x86_64-debian-gcc, r-patched-linux-x86_64, r-release-linux-x86_64

Version: 1.1.6
Flags: --no-stop-on-test-error
Check: compiled code
Result: NOTE
    File ‘GenSA/libs/GenSA.so’:
     Found no calls to: ‘R_registerRoutines’, ‘R_useDynamicSymbols’
    
    It is good practice to register native routines and to disable symbol
    search.
    
    See ‘Writing portable packages’ in the ‘Writing R Extensions’ manual.
Flavors: r-devel-linux-x86_64-fedora-clang, r-devel-linux-x86_64-fedora-gcc