CRAN Package Check Results for Package GeneNet

Last updated on 2018-02-23 06:54:51 CET.

Flavor Version Tinstall Tcheck Ttotal Status Flags
r-devel-linux-x86_64-debian-clang 1.2.13 1.06 19.16 20.22 OK
r-devel-linux-x86_64-debian-gcc 1.2.13 0.99 17.43 18.42 OK
r-devel-linux-x86_64-fedora-clang 1.2.13 26.58 OK
r-devel-linux-x86_64-fedora-gcc 1.2.13 25.52 OK
r-devel-windows-ix86+x86_64 1.2.13 5.00 45.00 50.00 OK
r-patched-linux-x86_64 1.2.13 0.97 22.53 23.50 OK
r-patched-solaris-x86 1.2.13 36.40 OK
r-release-linux-x86_64 1.2.13 1.08 21.87 22.95 OK
r-release-windows-ix86+x86_64 1.2.13 3.00 33.00 36.00 OK
r-release-osx-x86_64 1.2.13 NOTE
r-oldrel-windows-ix86+x86_64 1.2.13 4.00 38.00 42.00 OK
r-oldrel-osx-x86_64 1.2.13 OK

Check Details

Version: 1.2.13
Check: package dependencies
Result: NOTE
    Packages suggested but not available for checking: ‘graph’ ‘Rgraphviz’
Flavor: r-release-osx-x86_64