CRAN Package Check Results for Package GeneNet

Last updated on 2017-10-19 17:48:24.

Flavor Version Tinstall Tcheck Ttotal Status Flags
r-devel-linux-x86_64-debian-clang 1.2.13 0.65 15.10 15.75 OK
r-devel-linux-x86_64-debian-gcc 1.2.13 0.94 16.41 17.36 OK
r-devel-linux-x86_64-fedora-clang 1.2.13 26.67 OK
r-devel-linux-x86_64-fedora-gcc 1.2.13 26.58 OK
r-devel-windows-ix86+x86_64 1.2.13 4.00 31.00 35.00 OK
r-patched-linux-x86_64 1.2.13 0.76 15.08 15.84 OK
r-patched-solaris-x86 1.2.13 36.00 OK
r-release-linux-x86_64 1.2.13 0.78 14.94 15.72 OK
r-release-windows-ix86+x86_64 1.2.13 3.00 33.00 36.00 OK
r-release-osx-x86_64 1.2.13 NOTE
r-oldrel-windows-ix86+x86_64 1.2.13 4.00 38.00 42.00 OK
r-oldrel-osx-x86_64 1.2.13 OK

Check Details

Version: 1.2.13
Check: package dependencies
Result: NOTE
    Packages suggested but not available for checking: ‘graph’ ‘Rgraphviz’
Flavor: r-release-osx-x86_64