CRAN Package Check Results for Package GeneNet

Last updated on 2015-08-01 11:48:57.

Flavor Version Tinstall Tcheck Ttotal Status Flags
r-devel-linux-x86_64-debian-clang 1.2.12 0.79 13.81 14.60 NOTE
r-devel-linux-x86_64-debian-gcc 1.2.12 0.78 14.02 14.80 NOTE
r-devel-linux-x86_64-fedora-clang 1.2.12 28.47 NOTE
r-devel-linux-x86_64-fedora-gcc 1.2.12 26.26 NOTE
r-devel-osx-x86_64-clang 1.2.12 27.74 OK
r-devel-windows-ix86+x86_64 1.2.12 5.00 25.00 30.00 NOTE
r-patched-linux-x86_64 1.2.12 0.81 13.56 14.38 OK
r-patched-solaris-sparc 1.2.12 183.50 OK
r-patched-solaris-x86 1.2.12 49.20 OK
r-release-linux-x86_64 1.2.12 1.08 13.61 14.69 OK
r-release-osx-x86_64-mavericks 1.2.12 OK
r-release-windows-ix86+x86_64 1.2.12 5.00 26.00 31.00 OK
r-oldrel-windows-ix86+x86_64 1.2.12 9.00 35.00 44.00 OK

Check Details

Version: 1.2.12
Check: R code for possible problems
Result: NOTE
    cor0.test: no visible global function definition for ‘pt’
    cor0.test: no visible global function definition for ‘pnorm’
    ggm.make.dot: no visible global function definition for ‘quantile’
    ggm.make.igraph: no visible global function definition for ‘quantile’
    ggm.simulate.pcor: no visible global function definition for ‘runif’
    ggm.simulate.pcor: no visible global function definition for ‘cov2cor’
    ggm.test.edges: no visible global function definition for ‘dev.new’
    myrmvnorm: no visible global function definition for ‘rnorm’
    Undefined global functions or variables:
     cov2cor dev.new pnorm pt quantile rnorm runif
    Consider adding
     importFrom("grDevices", "dev.new")
     importFrom("stats", "cov2cor", "pnorm", "pt", "quantile", "rnorm",
     "runif")
    to your NAMESPACE.
Flavors: r-devel-linux-x86_64-debian-clang, r-devel-linux-x86_64-debian-gcc, r-devel-linux-x86_64-fedora-clang, r-devel-linux-x86_64-fedora-gcc, r-devel-windows-ix86+x86_64