CRAN Package Check Results for Package GeneNet

Last updated on 2015-04-28 12:47:23.

Flavor Version Tinstall Tcheck Ttotal Status Flags
r-devel-linux-x86_64-debian-clang 1.2.12 0.80 12.83 13.63 OK
r-devel-linux-x86_64-debian-gcc 1.2.12 0.83 12.66 13.48 OK
r-devel-linux-x86_64-fedora-clang 1.2.12 26.83 OK
r-devel-linux-x86_64-fedora-gcc 1.2.12 26.80 OK
r-devel-osx-x86_64-clang 1.2.12 29.48 OK
r-devel-windows-ix86+x86_64 1.2.12 4.00 23.00 27.00 OK
r-patched-linux-x86_64 1.2.12 0.75 12.64 13.39 OK
r-patched-solaris-sparc 1.2.12 184.10 OK
r-patched-solaris-x86 1.2.12 44.70 OK
r-release-linux-x86_64 1.2.12 0.80 12.61 13.41 OK
r-release-osx-x86_64-mavericks 1.2.12 OK
r-release-osx-x86_64-snowleopard 1.2.12 ERROR
r-release-windows-ix86+x86_64 1.2.12 3.00 22.00 25.00 OK
r-oldrel-windows-ix86+x86_64 1.2.12 4.00 28.00 32.00 OK

Check Details

Version: 1.2.12
Check: package dependencies
Result: ERROR
    Package required but not available: ‘igraph’
    
    See section ‘The DESCRIPTION file’ in the ‘Writing R Extensions’
    manual.
Flavor: r-release-osx-x86_64-snowleopard