CRAN Package Check Results for Package GeneNet

Last updated on 2017-05-24 11:49:47.

Flavor Version Tinstall Tcheck Ttotal Status Flags
r-devel-linux-x86_64-debian-clang 1.2.13 0.74 14.95 15.69 OK
r-devel-linux-x86_64-debian-gcc 1.2.13 0.73 14.89 15.62 OK
r-devel-linux-x86_64-fedora-clang 1.2.13 26.43 OK --no-stop-on-test-error
r-devel-linux-x86_64-fedora-gcc 1.2.13 24.59 OK --no-stop-on-test-error
r-devel-windows-ix86+x86_64 1.2.13 4.00 46.00 50.00 OK
r-patched-linux-x86_64 1.2.13 0.70 14.71 15.41 OK
r-patched-solaris-sparc 1.2.13 157.50 OK
r-patched-solaris-x86 1.2.13 35.20 OK
r-release-linux-x86_64 1.2.13 0.78 14.37 15.15 OK
r-release-windows-ix86+x86_64 1.2.13 2.00 32.00 34.00 OK
r-release-osx-x86_64 1.2.13 NOTE
r-oldrel-windows-ix86+x86_64 1.2.13 4.00 38.00 42.00 OK
r-oldrel-osx-x86_64 1.2.13 OK

Check Details

Version: 1.2.13
Check: package dependencies
Result: NOTE
    Packages suggested but not available for checking: ‘graph’ ‘Rgraphviz’
Flavor: r-release-osx-x86_64