CRAN Package Check Results for Package GeneNet

Last updated on 2015-07-01 06:48:35.

Flavor Version Tinstall Tcheck Ttotal Status Flags
r-devel-linux-x86_64-debian-clang 1.2.12 0.76 13.37 14.12 NOTE
r-devel-linux-x86_64-debian-gcc 1.2.12 0.81 12.92 13.73 NOTE
r-devel-linux-x86_64-fedora-clang 1.2.12 26.61 NOTE
r-devel-linux-x86_64-fedora-gcc 1.2.12 24.71 NOTE
r-devel-osx-x86_64-clang 1.2.12 27.71 OK
r-devel-windows-ix86+x86_64 1.2.12 5.00 22.00 27.00 NOTE
r-patched-linux-x86_64 1.2.12 0.78 13.10 13.88 OK
r-patched-solaris-sparc 1.2.12 171.00 OK
r-patched-solaris-x86 1.2.12 45.70 OK
r-release-linux-x86_64 1.2.12 0.78 13.33 14.11 OK
r-release-osx-x86_64-mavericks 1.2.12 OK
r-release-windows-ix86+x86_64 1.2.12 4.00 24.00 28.00 OK
r-oldrel-windows-ix86+x86_64 1.2.12 7.00 34.00 41.00 OK

Check Details

Version: 1.2.12
Check: R code for possible problems
Result: NOTE
    cor0.test: no visible global function definition for ‘pt’
    cor0.test: no visible global function definition for ‘pnorm’
    ggm.make.dot: no visible global function definition for ‘quantile’
    ggm.make.igraph: no visible global function definition for ‘quantile’
    ggm.simulate.pcor: no visible global function definition for ‘runif’
    ggm.simulate.pcor: no visible global function definition for ‘cov2cor’
    ggm.test.edges: no visible global function definition for ‘dev.new’
    myrmvnorm: no visible global function definition for ‘rnorm’
Flavors: r-devel-linux-x86_64-debian-clang, r-devel-linux-x86_64-debian-gcc, r-devel-linux-x86_64-fedora-clang, r-devel-linux-x86_64-fedora-gcc, r-devel-windows-ix86+x86_64