Last updated on 2023-03-23 17:52:16 CET.
Flavor | Version | Tinstall | Tcheck | Ttotal | Status | Flags |
---|---|---|---|---|---|---|
r-devel-linux-x86_64-debian-clang | 1.2.16 | 2.07 | 29.40 | 31.47 | OK | |
r-devel-linux-x86_64-debian-gcc | 1.2.16 | 1.99 | 23.20 | 25.19 | OK | |
r-devel-linux-x86_64-fedora-clang | 1.2.16 | 42.29 | OK | |||
r-devel-linux-x86_64-fedora-gcc | 1.2.16 | 40.78 | OK | |||
r-devel-windows-x86_64 | 1.2.16 | 19.00 | 68.00 | 87.00 | OK | |
r-patched-linux-x86_64 | 1.2.16 | 5.27 | 28.72 | 33.99 | OK | |
r-release-linux-x86_64 | 1.2.16 | 2.62 | 28.82 | 31.44 | OK | |
r-release-macos-arm64 | 1.2.16 | 18.00 | NOTE | |||
r-release-macos-x86_64 | 1.2.16 | 23.00 | OK | |||
r-release-windows-x86_64 | 1.2.16 | 6.00 | 54.00 | 60.00 | OK | |
r-oldrel-macos-arm64 | 1.2.16 | 20.00 | OK | |||
r-oldrel-macos-x86_64 | 1.2.16 | 23.00 | OK | |||
r-oldrel-windows-ix86+x86_64 | 1.2.16 | 4.00 | 51.00 | 55.00 | OK |
Version: 1.2.16
Check: package dependencies
Result: NOTE
Packages suggested but not available for checking: 'graph', 'Rgraphviz'
Flavor: r-release-macos-arm64