CRAN Package Check Results for Package GeneNet

Last updated on 2018-04-25 19:46:52 CEST.

Flavor Version Tinstall Tcheck Ttotal Status Flags
r-devel-linux-x86_64-debian-clang 1.2.13 1.37 21.45 22.82 OK
r-devel-linux-x86_64-debian-gcc 1.2.13 1.21 17.09 18.30 OK
r-devel-linux-x86_64-fedora-clang 1.2.13 26.85 OK
r-devel-linux-x86_64-fedora-gcc 1.2.13 25.78 OK
r-devel-windows-ix86+x86_64 1.2.13 4.00 34.00 38.00 OK
r-patched-linux-x86_64 1.2.13 1.48 20.93 22.41 OK
r-patched-solaris-x86 1.2.13 41.10 OK
r-release-linux-x86_64 1.2.13 1.11 23.09 24.20 OK
r-release-windows-ix86+x86_64 1.2.13 4.00 34.00 38.00 OK
r-release-osx-x86_64 1.2.13 NOTE
r-oldrel-windows-ix86+x86_64 1.2.13 3.00 33.00 36.00 OK
r-oldrel-osx-x86_64 1.2.13 NOTE

Check Details

Version: 1.2.13
Check: package dependencies
Result: NOTE
    Packages suggested but not available for checking: ‘graph’ ‘Rgraphviz’
Flavors: r-release-osx-x86_64, r-oldrel-osx-x86_64