CRAN Package Check Results for Package GeneNet

Last updated on 2017-06-24 09:55:19.

Flavor Version Tinstall Tcheck Ttotal Status Flags
r-devel-linux-x86_64-debian-clang 1.2.13 0.77 14.90 15.67 OK
r-devel-linux-x86_64-debian-gcc 1.2.13 0.76 14.71 15.47 OK
r-devel-linux-x86_64-fedora-clang 1.2.13 26.15 OK
r-devel-linux-x86_64-fedora-gcc 1.2.13 24.29 OK
r-devel-windows-ix86+x86_64 1.2.13 3.00 34.00 37.00 OK
r-patched-linux-x86_64 1.2.13 0.87 14.76 15.63 OK
r-patched-solaris-sparc 1.2.13 157.50 OK
r-patched-solaris-x86 1.2.13 35.50 OK
r-release-linux-x86_64 1.2.13 0.74 15.09 15.83 OK
r-release-windows-ix86+x86_64 1.2.13 2.00 32.00 34.00 OK
r-release-osx-x86_64 1.2.13 NOTE
r-oldrel-windows-ix86+x86_64 1.2.13 4.00 38.00 42.00 OK
r-oldrel-osx-x86_64 1.2.13 OK

Check Details

Version: 1.2.13
Check: package dependencies
Result: NOTE
    Packages suggested but not available for checking: ‘graph’ ‘Rgraphviz’
Flavor: r-release-osx-x86_64