CRAN Package Check Results for Package GeneNet

Last updated on 2018-06-22 18:46:41 CEST.

Flavor Version Tinstall Tcheck Ttotal Status Flags
r-devel-linux-x86_64-debian-clang 1.2.13 1.58 22.76 24.34 OK
r-devel-linux-x86_64-debian-gcc 1.2.13 1.17 17.91 19.08 OK
r-devel-linux-x86_64-fedora-clang 1.2.13 27.89 OK
r-devel-linux-x86_64-fedora-gcc 1.2.13 26.21 OK
r-devel-windows-ix86+x86_64 1.2.13 4.00 44.00 48.00 OK
r-patched-linux-x86_64 1.2.13 0.95 22.08 23.03 OK
r-patched-solaris-x86 1.2.13 40.80 OK
r-release-linux-x86_64 1.2.13 1.46 21.72 23.18 OK
r-release-windows-ix86+x86_64 1.2.13 4.00 34.00 38.00 OK
r-release-osx-x86_64 1.2.13 OK
r-oldrel-windows-ix86+x86_64 1.2.13 3.00 33.00 36.00 OK
r-oldrel-osx-x86_64 1.2.13 NOTE

Check Details

Version: 1.2.13
Check: package dependencies
Result: NOTE
    Packages suggested but not available for checking: ‘graph’ ‘Rgraphviz’
Flavor: r-oldrel-osx-x86_64