CRAN Package Check Results for Package GeneNet

Last updated on 2017-08-19 12:51:39.

Flavor Version Tinstall Tcheck Ttotal Status Flags
r-devel-linux-x86_64-debian-clang 1.2.13 0.78 14.85 15.63 OK
r-devel-linux-x86_64-debian-gcc 1.2.13 0.82 14.54 15.37 OK
r-devel-linux-x86_64-fedora-clang 1.2.13 26.09 OK
r-devel-linux-x86_64-fedora-gcc 1.2.13 25.71 OK
r-devel-windows-ix86+x86_64 1.2.13 3.00 42.00 45.00 OK
r-patched-linux-x86_64 1.2.13 0.87 14.77 15.64 OK
r-patched-solaris-x86 1.2.13 35.70 OK
r-release-linux-x86_64 1.2.13 0.80 15.14 15.93 OK
r-release-windows-ix86+x86_64 1.2.13 3.00 33.00 36.00 OK
r-release-osx-x86_64 1.2.13 NOTE
r-oldrel-windows-ix86+x86_64 1.2.13 4.00 38.00 42.00 OK
r-oldrel-osx-x86_64 1.2.13 OK

Check Details

Version: 1.2.13
Check: package dependencies
Result: NOTE
    Packages suggested but not available for checking: ‘graph’ ‘Rgraphviz’
Flavor: r-release-osx-x86_64