CRAN Package Check Results for Package GeneNet

Last updated on 2017-12-13 23:14:20 CET.

Flavor Version Tinstall Tcheck Ttotal Status Flags
r-devel-linux-x86_64-debian-clang 1.2.13 1.04 19.89 20.93 OK
r-devel-linux-x86_64-debian-gcc 1.2.13 0.66 18.09 18.75 OK
r-devel-linux-x86_64-fedora-clang 1.2.13 24.99 OK
r-devel-linux-x86_64-fedora-gcc 1.2.13 23.62 OK
r-devel-windows-ix86+x86_64 1.2.13 4.00 42.00 46.00 OK
r-patched-linux-x86_64 1.2.13 1.02 21.08 22.10 OK
r-patched-solaris-x86 1.2.13 36.20 OK
r-release-linux-x86_64 1.2.13 1.14 20.76 21.90 OK
r-release-windows-ix86+x86_64 1.2.13 3.00 33.00 36.00 OK
r-release-osx-x86_64 1.2.13 NOTE
r-oldrel-windows-ix86+x86_64 1.2.13 4.00 38.00 42.00 OK
r-oldrel-osx-x86_64 1.2.13 OK

Check Details

Version: 1.2.13
Check: package dependencies
Result: NOTE
    Packages suggested but not available for checking: ‘graph’ ‘Rgraphviz’
Flavor: r-release-osx-x86_64