CRAN Package Check Results for Package GeneNet

Last updated on 2014-04-17 21:47:48.

Flavor Version Tinstall Tcheck Ttotal Status Flags
r-devel-linux-x86_64-debian-clang 1.2.9 1.01 15.64 16.65 OK
r-devel-linux-x86_64-debian-gcc 1.2.9 1.02 15.98 17.00 OK
r-devel-linux-x86_64-fedora-clang 1.2.9 20.99 OK
r-devel-linux-x86_64-fedora-gcc 1.2.9 20.16 OK
r-devel-macosx-x86_64-clang 1.2.9 36.62 OK
r-devel-macosx-x86_64-gcc 1.2.9 ERROR
r-devel-windows-ix86+x86_64 1.2.9 3.00 29.00 32.00 OK
r-patched-linux-x86_64 1.2.9 1.08 15.91 16.98 OK
r-patched-solaris-sparc 1.2.9 187.60 OK
r-patched-solaris-x86 1.2.9 42.00 OK
r-release-linux-ix86 1.2.8 3.00 32.00 35.00 NOTE
r-release-linux-x86_64 1.2.9 1.08 16.13 17.22 OK
r-release-macosx-x86_64 1.2.9 OK
r-release-windows-ix86+x86_64 1.2.9 4.00 30.00 34.00 OK
r-oldrel-windows-ix86+x86_64 1.2.9 3.00 35.00 38.00 OK

Check Details

Version: 1.2.9
Check: package dependencies
Result: ERROR
    Package required but not available: ‘igraph’
    
    See the information on DESCRIPTION files in the chapter ‘Creating R
    packages’ of the ‘Writing R Extensions’ manual.
Flavor: r-devel-macosx-x86_64-gcc

Version: 1.2.8
Check: dependencies in R code
Result: NOTE
    Packages in Depends field not imported from:
     ‘corpcor’ ‘fdrtool’ ‘igraph’ ‘longitudinal’
     These packages need to be imported from (in the NAMESPACE file)
     for when this namespace is loaded but not attached.
    See the information on DESCRIPTION files in the chapter ‘Creating R
    packages’ of the ‘Writing R Extensions’ manual.
Flavor: r-release-linux-ix86