CRAN Package Check Results for Package GeneNet

Last updated on 2015-05-26 12:47:16.

Flavor Version Tinstall Tcheck Ttotal Status Flags
r-devel-linux-x86_64-debian-clang 1.2.12 0.75 12.65 13.40 OK
r-devel-linux-x86_64-debian-gcc 1.2.12 0.99 12.75 13.74 OK
r-devel-linux-x86_64-fedora-clang 1.2.12 26.49 OK
r-devel-linux-x86_64-fedora-gcc 1.2.12 25.73 OK
r-devel-osx-x86_64-clang 1.2.12 28.69 OK
r-devel-windows-ix86+x86_64 1.2.12 3.00 22.00 25.00 OK
r-patched-linux-x86_64 1.2.12 0.75 12.53 13.28 OK
r-patched-solaris-sparc 1.2.12 171.00 OK
r-patched-solaris-x86 1.2.12 43.30 OK
r-release-linux-x86_64 1.2.12 0.76 12.69 13.45 OK
r-release-osx-x86_64-mavericks 1.2.12 OK
r-release-osx-x86_64-snowleopard 1.2.12 ERROR
r-release-windows-ix86+x86_64 1.2.12 3.00 22.00 25.00 OK
r-oldrel-windows-ix86+x86_64 1.2.12 5.00 27.00 32.00 OK

Check Details

Version: 1.2.12
Check: package dependencies
Result: ERROR
    Package required but not available: ‘igraph’
    
    See section ‘The DESCRIPTION file’ in the ‘Writing R Extensions’
    manual.
Flavor: r-release-osx-x86_64-snowleopard