CRAN Package Check Results for Package GeneReg

Last updated on 2015-05-28 15:47:29.

Flavor Version Tinstall Tcheck Ttotal Status Flags
r-devel-linux-x86_64-debian-clang 1.1.2 0.74 11.34 12.08 NOTE
r-devel-linux-x86_64-debian-gcc 1.1.2 0.72 11.12 11.84 NOTE
r-devel-linux-x86_64-fedora-clang 1.1.2 23.47 NOTE
r-devel-linux-x86_64-fedora-gcc 1.1.2 21.92 NOTE
r-devel-osx-x86_64-clang 1.1.2 25.83 NOTE
r-devel-windows-ix86+x86_64 1.1.2 3.00 21.00 24.00 NOTE
r-patched-linux-x86_64 1.1.2 0.68 11.22 11.91 NOTE
r-patched-solaris-sparc 1.1.2 152.30 NOTE
r-patched-solaris-x86 1.1.2 42.40 NOTE
r-release-linux-x86_64 1.1.2 0.67 11.13 11.80 NOTE
r-release-osx-x86_64-mavericks 1.1.2 NOTE
r-release-osx-x86_64-snowleopard 1.1.2 ERROR
r-release-windows-ix86+x86_64 1.1.2 3.00 20.00 23.00 NOTE
r-oldrel-windows-ix86+x86_64 1.1.2 3.00 21.00 24.00 NOTE

Check Details

Version: 1.1.2
Check: dependencies in R code
Result: NOTE
    'library' or 'require' calls to packages already attached by Depends:
     ‘igraph’ ‘splines’
     Please remove these calls from your code.
Flavors: r-devel-linux-x86_64-debian-clang, r-devel-linux-x86_64-debian-gcc, r-devel-linux-x86_64-fedora-clang, r-devel-linux-x86_64-fedora-gcc, r-devel-osx-x86_64-clang, r-devel-windows-ix86+x86_64, r-patched-linux-x86_64, r-patched-solaris-sparc, r-patched-solaris-x86, r-release-linux-x86_64, r-release-osx-x86_64-mavericks, r-release-windows-ix86+x86_64, r-oldrel-windows-ix86+x86_64

Version: 1.1.2
Check: S3 generic/method consistency
Result: NOTE
    Found the following apparent S3 methods exported but not registered:
     plot.GeneReg
    See section ‘Registering S3 methods’ in the ‘Writing R Extensions’
    manual.
Flavors: r-devel-linux-x86_64-debian-clang, r-devel-linux-x86_64-debian-gcc, r-devel-linux-x86_64-fedora-clang, r-devel-linux-x86_64-fedora-gcc, r-devel-osx-x86_64-clang, r-patched-linux-x86_64, r-patched-solaris-sparc, r-patched-solaris-x86, r-release-linux-x86_64

Version: 1.1.2
Check: R code for possible problems
Result: NOTE
    Found an obsolete/platform-specific call in the following function:
     ‘timedelay.lm’
    Found the platform-specific device:
     ‘x11’
    dev.new() is the preferred way to open a new device, in the unlikely
    event one is needed.
Flavors: r-devel-linux-x86_64-debian-clang, r-devel-linux-x86_64-debian-gcc, r-devel-linux-x86_64-fedora-clang, r-devel-linux-x86_64-fedora-gcc, r-devel-osx-x86_64-clang, r-patched-linux-x86_64, r-patched-solaris-sparc, r-patched-solaris-x86, r-release-linux-x86_64

Version: 1.1.2
Check: Rd files
Result: NOTE
    prepare_Rd: GeneReg-package.Rd:12-13: Dropping empty section \usage
    prepare_Rd: GeneReg-package.Rd:14-15: Dropping empty section \arguments
Flavors: r-devel-linux-x86_64-debian-clang, r-devel-linux-x86_64-debian-gcc, r-devel-linux-x86_64-fedora-clang, r-devel-linux-x86_64-fedora-gcc, r-devel-osx-x86_64-clang, r-devel-windows-ix86+x86_64, r-patched-linux-x86_64, r-patched-solaris-sparc, r-patched-solaris-x86, r-release-linux-x86_64, r-release-osx-x86_64-mavericks, r-release-windows-ix86+x86_64, r-oldrel-windows-ix86+x86_64

Version: 1.1.2
Check: package dependencies
Result: ERROR
    Package required but not available: ‘igraph’
    
    See section ‘The DESCRIPTION file’ in the ‘Writing R Extensions’
    manual.
Flavor: r-release-osx-x86_64-snowleopard