CRAN Package Check Results for Package GeneralizedHyperbolic

Last updated on 2014-10-25 01:49:41.

Flavor Version Tinstall Tcheck Ttotal Status Flags
r-devel-linux-x86_64-debian-clang 0.8-1 1.71 86.58 88.28 NOTE
r-devel-linux-x86_64-debian-gcc 0.8-1 1.67 84.03 85.70 NOTE
r-devel-linux-x86_64-fedora-clang 0.8-1 185.52 NOTE
r-devel-linux-x86_64-fedora-gcc 0.8-1 172.04 NOTE
r-devel-osx-x86_64-clang 0.8-1 145.51 NOTE
r-devel-windows-ix86+x86_64 0.8-1 5.00 128.00 133.00 NOTE
r-patched-linux-x86_64 0.8-1 1.64 89.85 91.48 NOTE
r-patched-solaris-sparc 0.8-1 1184.70 NOTE
r-patched-solaris-x86 0.8-1 211.00 NOTE
r-release-linux-ix86 0.8-1 2.19 113.04 115.23 NOTE
r-release-linux-x86_64 0.8-1 1.64 94.20 95.85 NOTE
r-release-osx-x86_64-mavericks 0.8-1 NOTE
r-release-windows-ix86+x86_64 0.8-1 5.00 138.00 143.00 NOTE
r-oldrel-windows-ix86+x86_64 0.8-1 5.00 156.00 161.00 NOTE

Check Details

Version: 0.8-1
Check: top-level files
Result: NOTE
    Non-standard files/directories found at top level:
     ‘GeneralizedHyperbolic-Ex.R’ ‘Todo’ ‘regressionTests’
Flavors: r-devel-linux-x86_64-debian-clang, r-devel-linux-x86_64-debian-gcc, r-devel-linux-x86_64-fedora-clang, r-devel-linux-x86_64-fedora-gcc, r-patched-linux-x86_64, r-release-linux-x86_64

Version: 0.8-1
Check: dependencies in R code
Result: NOTE
    Packages in Depends field not imported from:
     ‘DistributionUtils’ ‘RUnit’
     These packages need to be imported from (in the NAMESPACE file)
     for when this namespace is loaded but not attached.
    See the information on DESCRIPTION files in the chapter ‘Creating R
    packages’ of the ‘Writing R Extensions’ manual.
Flavors: r-devel-linux-x86_64-debian-clang, r-devel-linux-x86_64-debian-gcc, r-devel-linux-x86_64-fedora-clang, r-devel-linux-x86_64-fedora-gcc, r-devel-osx-x86_64-clang, r-devel-windows-ix86+x86_64, r-patched-linux-x86_64, r-patched-solaris-sparc, r-patched-solaris-x86, r-release-linux-ix86, r-release-linux-x86_64, r-release-osx-x86_64-mavericks, r-release-windows-ix86+x86_64, r-oldrel-windows-ix86+x86_64

Version: 0.8-1
Check: R code for possible problems
Result: NOTE
    ghypMean: no visible global function definition for ‘besselRatio’
    ghypMom: no visible global function definition for ‘is.wholenumber’
    ghypMom: no visible binding for global variable ‘besselRatio’
    ghypMom: no visible global function definition for ‘momChangeAbout’
    ghypMomBNS: no visible global function definition for ‘besselRatio’
    ghypScale: no visible global function definition for ‘besselRatio’
    gigFitStart: no visible global function definition for ‘fitdistr’
    gigFitStartMoM : fun3: no visible global function definition for
     ‘skewness’
    gigHessian: no visible global function definition for ‘tsHessian’
    gigMean: no visible global function definition for ‘besselRatio’
    gigMom: no visible global function definition for ‘is.wholenumber’
    gigMom: no visible global function definition for ‘momChangeAbout’
    gigRawMom: no visible global function definition for ‘besselRatio’
    hyperbCvMTestPValue: no visible binding for global variable
     ‘hyperbWSqTable’
    hyperbFitStartMoM : fun3: no visible global function definition for
     ‘skewness’
    hyperbFitStartMoM : fun4: no visible global function definition for
     ‘kurtosis’
    hyperbFitStartMoM: no visible global function definition for ‘kurtosis’
    hyperbFitStartMoM: no visible global function definition for ‘skewness’
    hyperbHessian: no visible global function definition for ‘besselRatio’
    hyperbHessian: no visible global function definition for ‘tsHessian’
    kappaLambda: no visible global function definition for ‘besselRatio’
    nigFitStart: no visible global function definition for ‘fitdistr’
    nigFitStartMoM : fun3: no visible global function definition for
     ‘skewness’
    nigFitStartMoM : fun4: no visible global function definition for
     ‘kurtosis’
    nigFitStartMoM: no visible global function definition for ‘kurtosis’
    nigFitStartMoM: no visible global function definition for ‘skewness’
    nigHessian: no visible global function definition for ‘tsHessian’
    pgig: no visible global function definition for ‘incompleteBesselK’
    plot.gigFit: no visible global function definition for ‘logHist’
    plot.hyperbFit: no visible global function definition for ‘logHist’
    plot.hyperblm: no visible global function definition for ‘logHist’
    plot.nigFit: no visible global function definition for ‘logHist’
    qghyp: multiple local function definitions for ‘zeroFn’ with different
     formal arguments
    qgig: multiple local function definitions for ‘zeroFn’ with different
     formal arguments
    summary.hyperblm: no visible global function definition for ‘tsHessian’
    
    Found the following calls to data() loading into the global environment:
    File ‘GeneralizedHyperbolic/R/hyperbCvMTest.R’:
     data(hyperbWSqTable)
    File ‘GeneralizedHyperbolic/R/zzz.R’:
     data(hyperbWSqTable)
    See section ‘Good practice’ in ‘?data’.
Flavors: r-devel-linux-x86_64-debian-clang, r-devel-linux-x86_64-debian-gcc, r-devel-linux-x86_64-fedora-clang, r-devel-osx-x86_64-clang, r-patched-linux-x86_64

Version: 0.8-1
Check: R code for possible problems
Result: NOTE
    ghypMean: no visible global function definition for ‘besselRatio’
    ghypMom: no visible global function definition for ‘is.wholenumber’
    ghypMom: no visible binding for global variable ‘besselRatio’
    ghypMom: no visible global function definition for ‘momChangeAbout’
    ghypMomBNS: no visible global function definition for ‘besselRatio’
    ghypScale: no visible global function definition for ‘besselRatio’
    gigFitStart: no visible global function definition for ‘fitdistr’
    gigFitStartMoM : fun3: no visible global function definition for
     ‘skewness’
    gigHessian: no visible global function definition for ‘tsHessian’
    gigMean: no visible global function definition for ‘besselRatio’
    gigMom: no visible global function definition for ‘is.wholenumber’
    gigMom: no visible global function definition for ‘momChangeAbout’
    gigRawMom: no visible global function definition for ‘besselRatio’
    hyperbCvMTestPValue: no visible binding for global variable
     ‘hyperbWSqTable’
    hyperbFitStartMoM : fun3: no visible global function definition for
     ‘skewness’
    hyperbFitStartMoM : fun4: no visible global function definition for
     ‘kurtosis’
    hyperbFitStartMoM: no visible global function definition for ‘kurtosis’
    hyperbFitStartMoM: no visible global function definition for ‘skewness’
    hyperbHessian: no visible global function definition for ‘besselRatio’
    hyperbHessian: no visible global function definition for ‘tsHessian’
    kappaLambda: no visible global function definition for ‘besselRatio’
    nigFitStart: no visible global function definition for ‘fitdistr’
    nigFitStartMoM : fun3: no visible global function definition for
     ‘skewness’
    nigFitStartMoM : fun4: no visible global function definition for
     ‘kurtosis’
    nigFitStartMoM: no visible global function definition for ‘kurtosis’
    nigFitStartMoM: no visible global function definition for ‘skewness’
    nigHessian: no visible global function definition for ‘tsHessian’
    pgig: no visible global function definition for ‘incompleteBesselK’
    plot.gigFit: no visible global function definition for ‘logHist’
    plot.hyperbFit: no visible global function definition for ‘logHist’
    plot.hyperblm: no visible global function definition for ‘logHist’
    plot.nigFit: no visible global function definition for ‘logHist’
    qghyp: multiple local function definitions for ‘zeroFn’ with different
     formal arguments
    qgig: multiple local function definitions for ‘zeroFn’ with different
     formal arguments
    summary.hyperblm: no visible global function definition for ‘tsHessian’
Flavors: r-devel-linux-x86_64-fedora-gcc, r-devel-windows-ix86+x86_64, r-patched-solaris-sparc, r-patched-solaris-x86

Version: 0.8-1
Check: R code for possible problems
Result: NOTE
    hyperbCvMTestPValue: no visible binding for global variable
     ‘hyperbWSqTable’
    qghyp: multiple local function definitions for ‘zeroFn’ with different
     formal arguments
    qgig: multiple local function definitions for ‘zeroFn’ with different
     formal arguments
    
    Found the following calls to data() loading into the global environment:
    File ‘GeneralizedHyperbolic/R/hyperbCvMTest.R’:
     data(hyperbWSqTable)
    File ‘GeneralizedHyperbolic/R/zzz.R’:
     data(hyperbWSqTable)
    See section ‘Good practice’ in ‘?data’.
Flavors: r-release-linux-ix86, r-release-linux-x86_64

Version: 0.8-1
Check: R code for possible problems
Result: NOTE
    hyperbCvMTestPValue: no visible binding for global variable
     ‘hyperbWSqTable’
    qghyp: multiple local function definitions for ‘zeroFn’ with different
     formal arguments
    qgig: multiple local function definitions for ‘zeroFn’ with different
     formal arguments
Flavors: r-release-osx-x86_64-mavericks, r-release-windows-ix86+x86_64, r-oldrel-windows-ix86+x86_64