CRAN Package Check Results for Package GeneralizedHyperbolic

Last updated on 2015-05-27 19:47:08.

Flavor Version Tinstall Tcheck Ttotal Status Flags
r-devel-linux-x86_64-debian-clang 0.8-1 1.50 82.97 84.47 NOTE
r-devel-linux-x86_64-debian-gcc 0.8-1 1.68 82.93 84.61 NOTE
r-devel-linux-x86_64-fedora-clang 0.8-1 177.44 NOTE
r-devel-linux-x86_64-fedora-gcc 0.8-1 162.70 NOTE
r-devel-osx-x86_64-clang 0.8-1 139.26 NOTE
r-devel-windows-ix86+x86_64 0.8-1 6.00 133.00 139.00 NOTE
r-patched-linux-x86_64 0.8-1 1.46 80.77 82.22 NOTE
r-patched-solaris-sparc 0.8-1 1122.00 NOTE
r-patched-solaris-x86 0.8-1 195.00 NOTE
r-release-linux-x86_64 0.8-1 1.51 81.18 82.70 NOTE
r-release-osx-x86_64-mavericks 0.8-1 NOTE
r-release-osx-x86_64-snowleopard 0.8-1 ERROR
r-release-windows-ix86+x86_64 0.8-1 6.00 128.00 134.00 NOTE
r-oldrel-windows-ix86+x86_64 0.8-1 5.00 127.00 132.00 NOTE

Check Details

Version: 0.8-1
Check: top-level files
Result: NOTE
    Non-standard files/directories found at top level:
     ‘Todo’ ‘regressionTests’
Flavors: r-devel-linux-x86_64-debian-clang, r-devel-linux-x86_64-debian-gcc, r-devel-linux-x86_64-fedora-clang, r-devel-linux-x86_64-fedora-gcc, r-patched-linux-x86_64, r-release-linux-x86_64

Version: 0.8-1
Check: dependencies in R code
Result: NOTE
    'library' or 'require' call to ‘MASS’ in package code.
     Please use :: or requireNamespace() instead.
     See section 'Suggested packages' in the 'Writing R Extensions' manual.
    Packages in Depends field not imported from:
     ‘DistributionUtils’ ‘RUnit’
     These packages need to be imported from (in the NAMESPACE file)
     for when this namespace is loaded but not attached.
Flavors: r-devel-linux-x86_64-debian-clang, r-devel-linux-x86_64-debian-gcc, r-devel-linux-x86_64-fedora-clang, r-devel-linux-x86_64-fedora-gcc, r-devel-osx-x86_64-clang, r-devel-windows-ix86+x86_64, r-patched-linux-x86_64, r-patched-solaris-sparc, r-patched-solaris-x86, r-release-linux-x86_64, r-release-osx-x86_64-mavericks, r-release-windows-ix86+x86_64, r-oldrel-windows-ix86+x86_64

Version: 0.8-1
Check: S3 generic/method consistency
Result: NOTE
    Found the following apparent S3 methods exported but not registered:
     plot.hyperblm
    See section ‘Registering S3 methods’ in the ‘Writing R Extensions’
    manual.
Flavors: r-devel-linux-x86_64-debian-clang, r-devel-linux-x86_64-debian-gcc, r-devel-linux-x86_64-fedora-clang, r-devel-linux-x86_64-fedora-gcc, r-devel-osx-x86_64-clang, r-patched-linux-x86_64, r-patched-solaris-sparc, r-patched-solaris-x86, r-release-linux-x86_64

Version: 0.8-1
Check: R code for possible problems
Result: NOTE
    ghypMean: no visible global function definition for ‘besselRatio’
    ghypMom: no visible global function definition for ‘is.wholenumber’
    ghypMom: no visible binding for global variable ‘besselRatio’
    ghypMom: no visible global function definition for ‘momChangeAbout’
    ghypMomBNS: no visible global function definition for ‘besselRatio’
    ghypScale: no visible global function definition for ‘besselRatio’
    gigFitStart: no visible global function definition for ‘fitdistr’
    gigFitStartMoM : fun3: no visible global function definition for
     ‘skewness’
    gigHessian: no visible global function definition for ‘tsHessian’
    gigMean: no visible global function definition for ‘besselRatio’
    gigMom: no visible global function definition for ‘is.wholenumber’
    gigMom: no visible global function definition for ‘momChangeAbout’
    gigRawMom: no visible global function definition for ‘besselRatio’
    hyperbCvMTestPValue: no visible binding for global variable
     ‘hyperbWSqTable’
    hyperbFitStartMoM : fun3: no visible global function definition for
     ‘skewness’
    hyperbFitStartMoM : fun4: no visible global function definition for
     ‘kurtosis’
    hyperbFitStartMoM: no visible global function definition for ‘kurtosis’
    hyperbFitStartMoM: no visible global function definition for ‘skewness’
    hyperbHessian: no visible global function definition for ‘besselRatio’
    hyperbHessian: no visible global function definition for ‘tsHessian’
    kappaLambda: no visible global function definition for ‘besselRatio’
    nigFitStart: no visible global function definition for ‘fitdistr’
    nigFitStartMoM : fun3: no visible global function definition for
     ‘skewness’
    nigFitStartMoM : fun4: no visible global function definition for
     ‘kurtosis’
    nigFitStartMoM: no visible global function definition for ‘kurtosis’
    nigFitStartMoM: no visible global function definition for ‘skewness’
    nigHessian: no visible global function definition for ‘tsHessian’
    pgig: no visible global function definition for ‘incompleteBesselK’
    plot.gigFit: no visible global function definition for ‘logHist’
    plot.hyperbFit: no visible global function definition for ‘logHist’
    plot.hyperblm: no visible global function definition for ‘logHist’
    plot.nigFit: no visible global function definition for ‘logHist’
    qghyp: multiple local function definitions for ‘zeroFn’ with different
     formal arguments
    qgig: multiple local function definitions for ‘zeroFn’ with different
     formal arguments
    summary.hyperblm: no visible global function definition for ‘tsHessian’
    
    Found the following calls to data() loading into the global environment:
    File ‘GeneralizedHyperbolic/R/hyperbCvMTest.R’:
     data(hyperbWSqTable)
    File ‘GeneralizedHyperbolic/R/zzz.R’:
     data(hyperbWSqTable)
    See section ‘Good practice’ in ‘?data’.
Flavors: r-devel-linux-x86_64-debian-clang, r-devel-linux-x86_64-debian-gcc, r-devel-linux-x86_64-fedora-clang, r-devel-osx-x86_64-clang, r-patched-linux-x86_64, r-release-linux-x86_64

Version: 0.8-1
Check: R code for possible problems
Result: NOTE
    ghypMean: no visible global function definition for ‘besselRatio’
    ghypMom: no visible global function definition for ‘is.wholenumber’
    ghypMom: no visible binding for global variable ‘besselRatio’
    ghypMom: no visible global function definition for ‘momChangeAbout’
    ghypMomBNS: no visible global function definition for ‘besselRatio’
    ghypScale: no visible global function definition for ‘besselRatio’
    gigFitStart: no visible global function definition for ‘fitdistr’
    gigFitStartMoM : fun3: no visible global function definition for
     ‘skewness’
    gigHessian: no visible global function definition for ‘tsHessian’
    gigMean: no visible global function definition for ‘besselRatio’
    gigMom: no visible global function definition for ‘is.wholenumber’
    gigMom: no visible global function definition for ‘momChangeAbout’
    gigRawMom: no visible global function definition for ‘besselRatio’
    hyperbCvMTestPValue: no visible binding for global variable
     ‘hyperbWSqTable’
    hyperbFitStartMoM : fun3: no visible global function definition for
     ‘skewness’
    hyperbFitStartMoM : fun4: no visible global function definition for
     ‘kurtosis’
    hyperbFitStartMoM: no visible global function definition for ‘kurtosis’
    hyperbFitStartMoM: no visible global function definition for ‘skewness’
    hyperbHessian: no visible global function definition for ‘besselRatio’
    hyperbHessian: no visible global function definition for ‘tsHessian’
    kappaLambda: no visible global function definition for ‘besselRatio’
    nigFitStart: no visible global function definition for ‘fitdistr’
    nigFitStartMoM : fun3: no visible global function definition for
     ‘skewness’
    nigFitStartMoM : fun4: no visible global function definition for
     ‘kurtosis’
    nigFitStartMoM: no visible global function definition for ‘kurtosis’
    nigFitStartMoM: no visible global function definition for ‘skewness’
    nigHessian: no visible global function definition for ‘tsHessian’
    pgig: no visible global function definition for ‘incompleteBesselK’
    plot.gigFit: no visible global function definition for ‘logHist’
    plot.hyperbFit: no visible global function definition for ‘logHist’
    plot.hyperblm: no visible global function definition for ‘logHist’
    plot.nigFit: no visible global function definition for ‘logHist’
    qghyp: multiple local function definitions for ‘zeroFn’ with different
     formal arguments
    qgig: multiple local function definitions for ‘zeroFn’ with different
     formal arguments
    summary.hyperblm: no visible global function definition for ‘tsHessian’
Flavors: r-devel-linux-x86_64-fedora-gcc, r-devel-windows-ix86+x86_64, r-patched-solaris-sparc, r-patched-solaris-x86, r-release-osx-x86_64-mavericks, r-release-windows-ix86+x86_64, r-oldrel-windows-ix86+x86_64

Version: 0.8-1
Check: package dependencies
Result: ERROR
    Package required but not available: ‘DistributionUtils’
    
    Packages suggested but not available for checking:
     ‘VarianceGamma’ ‘SkewHyperbolic’
    
    See section ‘The DESCRIPTION file’ in the ‘Writing R Extensions’
    manual.
Flavor: r-release-osx-x86_64-snowleopard