CRAN Package Check Results for Package GeneralizedHyperbolic

Last updated on 2015-07-29 12:47:23.

Flavor Version Tinstall Tcheck Ttotal Status Flags
r-devel-linux-x86_64-debian-clang 0.8-1 2.20 82.49 84.70 NOTE
r-devel-linux-x86_64-debian-gcc 0.8-1 1.66 83.19 84.85 NOTE
r-devel-linux-x86_64-fedora-clang 0.8-1 168.78 NOTE
r-devel-linux-x86_64-fedora-gcc 0.8-1 161.51 NOTE
r-devel-osx-x86_64-clang 0.8-1 155.05 NOTE
r-devel-windows-ix86+x86_64 0.8-1 5.00 138.00 143.00 NOTE
r-patched-linux-x86_64 0.8-1 2.51 81.08 83.59 NOTE
r-patched-solaris-sparc 0.8-1 1151.50 NOTE
r-patched-solaris-x86 0.8-1 193.50 NOTE
r-release-linux-x86_64 0.8-1 1.62 90.18 91.80 NOTE
r-release-osx-x86_64-mavericks 0.8-1 NOTE
r-release-windows-ix86+x86_64 0.8-1 8.00 128.00 136.00 NOTE
r-oldrel-windows-ix86+x86_64 0.8-1 8.00 196.00 204.00 NOTE

Check Details

Version: 0.8-1
Check: top-level files
Result: NOTE
    Non-standard files/directories found at top level:
     ‘Todo’ ‘regressionTests’
Flavors: r-devel-linux-x86_64-debian-clang, r-devel-linux-x86_64-debian-gcc, r-devel-linux-x86_64-fedora-clang, r-devel-linux-x86_64-fedora-gcc, r-patched-linux-x86_64, r-release-linux-x86_64

Version: 0.8-1
Check: dependencies in R code
Result: NOTE
    'library' or 'require' call to ‘MASS’ in package code.
     Please use :: or requireNamespace() instead.
     See section 'Suggested packages' in the 'Writing R Extensions' manual.
    Packages in Depends field not imported from:
     ‘DistributionUtils’ ‘RUnit’
     These packages need to be imported from (in the NAMESPACE file)
     for when this namespace is loaded but not attached.
Flavors: r-devel-linux-x86_64-debian-clang, r-devel-linux-x86_64-debian-gcc, r-devel-linux-x86_64-fedora-clang, r-devel-linux-x86_64-fedora-gcc, r-devel-osx-x86_64-clang, r-devel-windows-ix86+x86_64, r-patched-linux-x86_64, r-patched-solaris-sparc, r-patched-solaris-x86, r-release-linux-x86_64, r-release-osx-x86_64-mavericks, r-release-windows-ix86+x86_64, r-oldrel-windows-ix86+x86_64

Version: 0.8-1
Check: S3 generic/method consistency
Result: NOTE
    Found the following apparent S3 methods exported but not registered:
     plot.hyperblm
    See section ‘Registering S3 methods’ in the ‘Writing R Extensions’
    manual.
Flavors: r-devel-linux-x86_64-debian-clang, r-devel-linux-x86_64-debian-gcc, r-devel-linux-x86_64-fedora-clang, r-devel-linux-x86_64-fedora-gcc, r-devel-osx-x86_64-clang, r-patched-linux-x86_64, r-patched-solaris-sparc, r-patched-solaris-x86, r-release-linux-x86_64

Version: 0.8-1
Check: R code for possible problems
Result: NOTE
    dsghyp: no visible binding for global variable ‘density’
    ghypCalcRange: no visible global function definition for ‘uniroot’
    ghypMean: no visible global function definition for ‘besselRatio’
    ghypMode: no visible global function definition for ‘optimize’
    ghypMom: no visible global function definition for ‘is.wholenumber’
    ghypMom: no visible binding for global variable ‘besselRatio’
    ghypMom: no visible global function definition for ‘momChangeAbout’
    ghypMomBNS: no visible global function definition for ‘besselRatio’
    ghypScale: no visible global function definition for ‘besselRatio’
    gigCalcRange: no visible global function definition for ‘uniroot’
    gigFit: no visible global function definition for ‘na.omit’
    gigFit: no visible global function definition for ‘sd’
    gigFit: no visible global function definition for ‘optim’
    gigFit: no visible global function definition for ‘nlm’
    gigFitStart: no visible global function definition for ‘hist’
    gigFitStart: no visible global function definition for ‘fitdistr’
    gigFitStartLM: no visible global function definition for ‘hist’
    gigFitStartLM: no visible global function definition for ‘density’
    gigFitStartLM: no visible global function definition for ‘coef’
    gigFitStartLM: no visible global function definition for ‘lm’
    gigFitStartMoM : fun2: no visible global function definition for ‘var’
    gigFitStartMoM : fun3: no visible global function definition for
     ‘skewness’
    gigFitStartMoM: no visible global function definition for ‘optim’
    gigHessian: no visible global function definition for ‘tsHessian’
    gigMean: no visible global function definition for ‘besselRatio’
    gigMom: no visible global function definition for ‘is.wholenumber’
    gigMom: no visible global function definition for ‘momChangeAbout’
    gigRawMom: no visible global function definition for ‘besselRatio’
    hyperbCvMTestPValue: no visible global function definition for ‘data’
    hyperbCvMTestPValue: no visible binding for global variable
     ‘hyperbWSqTable’
    hyperbFit: no visible global function definition for ‘na.omit’
    hyperbFit: no visible global function definition for ‘optim’
    hyperbFit: no visible global function definition for ‘nlm’
    hyperbFit: no visible global function definition for ‘nlminb’
    hyperbFit: no visible global function definition for ‘constrOptim’
    hyperbFitStand: no visible global function definition for ‘na.omit’
    hyperbFitStand: no visible global function definition for ‘sd’
    hyperbFitStand: no visible global function definition for ‘optim’
    hyperbFitStand: no visible global function definition for ‘nlm’
    hyperbFitStand: no visible global function definition for ‘nlminb’
    hyperbFitStand: no visible global function definition for ‘constrOptim’
    hyperbFitStand: no visible global function definition for ‘hist’
    hyperbFitStandStart: no visible global function definition for ‘hist’
    hyperbFitStandStart: no visible global function definition for
     ‘na.omit’
    hyperbFitStandStart: no visible global function definition for ‘lm’
    hyperbFitStandStart: no visible global function definition for ‘median’
    hyperbFitStart: no visible global function definition for ‘hist’
    hyperbFitStart: no visible global function definition for ‘na.omit’
    hyperbFitStart: no visible global function definition for ‘lm’
    hyperbFitStart: no visible global function definition for ‘sd’
    hyperbFitStart: no visible global function definition for ‘optim’
    hyperbFitStart: no visible global function definition for ‘median’
    hyperbFitStartMoM : fun2: no visible global function definition for
     ‘var’
    hyperbFitStartMoM : fun3: no visible global function definition for
     ‘skewness’
    hyperbFitStartMoM : fun4: no visible global function definition for
     ‘kurtosis’
    hyperbFitStartMoM: no visible global function definition for ‘kurtosis’
    hyperbFitStartMoM: no visible global function definition for ‘skewness’
    hyperbFitStartMoM: no visible global function definition for ‘optim’
    hyperbHessian: no visible global function definition for ‘besselRatio’
    hyperbHessian: no visible global function definition for ‘tsHessian’
    hyperblm: no visible global function definition for ‘model.response’
    hyperblm: no visible global function definition for ‘model.weights’
    hyperblm: no visible global function definition for ‘model.offset’
    hyperblm: no visible global function definition for ‘is.empty.model’
    hyperblm: no visible global function definition for ‘model.matrix’
    hyperblm: no visible global function definition for ‘.getXlevels’
    hyperblmFit: no visible global function definition for ‘optim’
    hyperblmFit: no visible global function definition for ‘nlm’
    hyperblmFit: no visible global function definition for ‘constrOptim’
    kappaLambda: no visible global function definition for ‘besselRatio’
    nigFit: no visible global function definition for ‘na.omit’
    nigFit: no visible global function definition for ‘optim’
    nigFit: no visible global function definition for ‘nlm’
    nigFit: no visible global function definition for ‘nlminb’
    nigFit: no visible global function definition for ‘constrOptim’
    nigFitStart: no visible global function definition for ‘hist’
    nigFitStart: no visible global function definition for ‘na.omit’
    nigFitStart: no visible global function definition for ‘lm’
    nigFitStart: no visible global function definition for ‘sd’
    nigFitStart: no visible global function definition for ‘fitdistr’
    nigFitStartMoM : fun2: no visible global function definition for ‘var’
    nigFitStartMoM : fun3: no visible global function definition for
     ‘skewness’
    nigFitStartMoM : fun4: no visible global function definition for
     ‘kurtosis’
    nigFitStartMoM: no visible global function definition for ‘kurtosis’
    nigFitStartMoM: no visible global function definition for ‘skewness’
    nigFitStartMoM: no visible global function definition for ‘optim’
    nigHessian: no visible global function definition for ‘tsHessian’
    pghyp: no visible global function definition for ‘integrate’
    pgig: no visible global function definition for ‘incompleteBesselK’
    plot.gigFit: no visible global function definition for ‘par’
    plot.gigFit: no visible global function definition for
     ‘dev.interactive’
    plot.gigFit: no visible global function definition for ‘hist.default’
    plot.gigFit: no visible global function definition for ‘curve’
    plot.gigFit: no visible global function definition for ‘title’
    plot.gigFit: no visible global function definition for ‘logHist’
    plot.hyperbFit: no visible global function definition for ‘par’
    plot.hyperbFit: no visible global function definition for
     ‘dev.interactive’
    plot.hyperbFit: no visible global function definition for
     ‘hist.default’
    plot.hyperbFit: no visible global function definition for ‘curve’
    plot.hyperbFit: no visible global function definition for ‘title’
    plot.hyperbFit: no visible global function definition for ‘logHist’
    plot.hyperblm: no visible global function definition for ‘par’
    plot.hyperblm: no visible global function definition for ‘plot’
    plot.hyperblm: no visible global function definition for ‘abline’
    plot.hyperblm: no visible global function definition for ‘hist’
    plot.hyperblm: no visible global function definition for ‘curve’
    plot.hyperblm: no visible global function definition for ‘logHist’
    plot.hyperblm: no visible global function definition for ‘qqplot’
    plot.nigFit: no visible global function definition for ‘par’
    plot.nigFit: no visible global function definition for
     ‘dev.interactive’
    plot.nigFit: no visible global function definition for ‘hist.default’
    plot.nigFit: no visible global function definition for ‘curve’
    plot.nigFit: no visible global function definition for ‘title’
    plot.nigFit: no visible global function definition for ‘logHist’
    plotShapeTriangle: no visible global function definition for ‘par’
    plotShapeTriangle: no visible global function definition for ‘plot’
    plotShapeTriangle: no visible global function definition for ‘axis’
    plotShapeTriangle: no visible global function definition for ‘mtext’
    plotShapeTriangle: no visible global function definition for ‘segments’
    ppghyp: no visible global function definition for ‘ppoints’
    ppghyp: no visible global function definition for ‘plot’
    ppghyp: no visible global function definition for ‘title’
    ppghyp: no visible global function definition for ‘abline’
    ppgig: no visible global function definition for ‘ppoints’
    ppgig: no visible global function definition for ‘plot’
    ppgig: no visible global function definition for ‘title’
    ppgig: no visible global function definition for ‘abline’
    ppskewlap: no visible global function definition for ‘ppoints’
    ppskewlap: no visible global function definition for ‘plot’
    ppskewlap: no visible global function definition for ‘title’
    ppskewlap: no visible global function definition for ‘abline’
    print.summary.hyperblm: no visible global function definition for
     ‘printCoefmat’
    qghyp: no visible global function definition for ‘uniroot’
    qghyp: no visible global function definition for ‘splinefun’
    qghyp: multiple local function definitions for ‘zeroFn’ with different
     formal arguments
    qgig: no visible global function definition for ‘uniroot’
    qgig: no visible global function definition for ‘splinefun’
    qgig: multiple local function definitions for ‘zeroFn’ with different
     formal arguments
    qqghyp: no visible global function definition for ‘ppoints’
    qqghyp: no visible global function definition for ‘plot’
    qqghyp: no visible global function definition for ‘title’
    qqghyp: no visible global function definition for ‘abline’
    qqgig: no visible global function definition for ‘ppoints’
    qqgig: no visible global function definition for ‘plot’
    qqgig: no visible global function definition for ‘title’
    qqgig: no visible global function definition for ‘abline’
    qqskewlap: no visible global function definition for ‘ppoints’
    qqskewlap: no visible global function definition for ‘plot’
    qqskewlap: no visible global function definition for ‘title’
    qqskewlap: no visible global function definition for ‘abline’
    rghyp: no visible global function definition for ‘rnorm’
    rgig: no visible global function definition for ‘uniroot’
    rgig: no visible global function definition for ‘runif’
    rgig1: no visible global function definition for ‘uniroot’
    rgig1: no visible global function definition for ‘runif’
    rskewlap: no visible global function definition for ‘rexp’
    summary.hyperblm: no visible binding for global variable ‘var’
    summary.hyperblm: no visible global function definition for ‘tsHessian’
    summary.hyperblm: no visible global function definition for ‘pt’
    Undefined global functions or variables:
     .getXlevels abline axis besselRatio coef constrOptim curve data
     density dev.interactive fitdistr hist hist.default hyperbWSqTable
     incompleteBesselK integrate is.empty.model is.wholenumber kurtosis lm
     logHist median model.matrix model.offset model.response model.weights
     momChangeAbout mtext na.omit nlm nlminb optim optimize par plot
     ppoints printCoefmat pt qqplot rexp rnorm runif sd segments skewness
     splinefun title tsHessian uniroot var
    Consider adding
     importFrom("grDevices", "dev.interactive")
     importFrom("graphics", "abline", "axis", "curve", "hist",
     "hist.default", "mtext", "par", "plot", "segments", "title")
     importFrom("stats", ".getXlevels", "coef", "constrOptim", "density",
     "integrate", "is.empty.model", "lm", "median",
     "model.matrix", "model.offset", "model.response",
     "model.weights", "na.omit", "nlm", "nlminb", "optim",
     "optimize", "ppoints", "printCoefmat", "pt", "qqplot",
     "rexp", "rnorm", "runif", "sd", "splinefun", "uniroot",
     "var")
     importFrom("utils", "data")
    to your NAMESPACE.
    
    Found the following calls to data() loading into the global environment:
    File ‘GeneralizedHyperbolic/R/hyperbCvMTest.R’:
     data(hyperbWSqTable)
    File ‘GeneralizedHyperbolic/R/zzz.R’:
     data(hyperbWSqTable)
    See section ‘Good practice’ in ‘?data’.
Flavors: r-devel-linux-x86_64-debian-clang, r-devel-linux-x86_64-debian-gcc, r-devel-linux-x86_64-fedora-clang

Version: 0.8-1
Check: R code for possible problems
Result: NOTE
    dsghyp: no visible binding for global variable ‘density’
    ghypCalcRange: no visible global function definition for ‘uniroot’
    ghypMean: no visible global function definition for ‘besselRatio’
    ghypMode: no visible global function definition for ‘optimize’
    ghypMom: no visible global function definition for ‘is.wholenumber’
    ghypMom: no visible binding for global variable ‘besselRatio’
    ghypMom: no visible global function definition for ‘momChangeAbout’
    ghypMomBNS: no visible global function definition for ‘besselRatio’
    ghypScale: no visible global function definition for ‘besselRatio’
    gigCalcRange: no visible global function definition for ‘uniroot’
    gigFit: no visible global function definition for ‘na.omit’
    gigFit: no visible global function definition for ‘sd’
    gigFit: no visible global function definition for ‘optim’
    gigFit: no visible global function definition for ‘nlm’
    gigFitStart: no visible global function definition for ‘hist’
    gigFitStart: no visible global function definition for ‘fitdistr’
    gigFitStartLM: no visible global function definition for ‘hist’
    gigFitStartLM: no visible global function definition for ‘density’
    gigFitStartLM: no visible global function definition for ‘coef’
    gigFitStartLM: no visible global function definition for ‘lm’
    gigFitStartMoM : fun2: no visible global function definition for ‘var’
    gigFitStartMoM : fun3: no visible global function definition for
     ‘skewness’
    gigFitStartMoM: no visible global function definition for ‘optim’
    gigHessian: no visible global function definition for ‘tsHessian’
    gigMean: no visible global function definition for ‘besselRatio’
    gigMom: no visible global function definition for ‘is.wholenumber’
    gigMom: no visible global function definition for ‘momChangeAbout’
    gigRawMom: no visible global function definition for ‘besselRatio’
    hyperbCvMTestPValue: no visible global function definition for ‘data’
    hyperbCvMTestPValue: no visible binding for global variable
     ‘hyperbWSqTable’
    hyperbFit: no visible global function definition for ‘na.omit’
    hyperbFit: no visible global function definition for ‘optim’
    hyperbFit: no visible global function definition for ‘nlm’
    hyperbFit: no visible global function definition for ‘nlminb’
    hyperbFit: no visible global function definition for ‘constrOptim’
    hyperbFitStand: no visible global function definition for ‘na.omit’
    hyperbFitStand: no visible global function definition for ‘sd’
    hyperbFitStand: no visible global function definition for ‘optim’
    hyperbFitStand: no visible global function definition for ‘nlm’
    hyperbFitStand: no visible global function definition for ‘nlminb’
    hyperbFitStand: no visible global function definition for ‘constrOptim’
    hyperbFitStand: no visible global function definition for ‘hist’
    hyperbFitStandStart: no visible global function definition for ‘hist’
    hyperbFitStandStart: no visible global function definition for
     ‘na.omit’
    hyperbFitStandStart: no visible global function definition for ‘lm’
    hyperbFitStandStart: no visible global function definition for ‘median’
    hyperbFitStart: no visible global function definition for ‘hist’
    hyperbFitStart: no visible global function definition for ‘na.omit’
    hyperbFitStart: no visible global function definition for ‘lm’
    hyperbFitStart: no visible global function definition for ‘sd’
    hyperbFitStart: no visible global function definition for ‘optim’
    hyperbFitStart: no visible global function definition for ‘median’
    hyperbFitStartMoM : fun2: no visible global function definition for
     ‘var’
    hyperbFitStartMoM : fun3: no visible global function definition for
     ‘skewness’
    hyperbFitStartMoM : fun4: no visible global function definition for
     ‘kurtosis’
    hyperbFitStartMoM: no visible global function definition for ‘kurtosis’
    hyperbFitStartMoM: no visible global function definition for ‘skewness’
    hyperbFitStartMoM: no visible global function definition for ‘optim’
    hyperbHessian: no visible global function definition for ‘besselRatio’
    hyperbHessian: no visible global function definition for ‘tsHessian’
    hyperblm: no visible global function definition for ‘model.response’
    hyperblm: no visible global function definition for ‘model.weights’
    hyperblm: no visible global function definition for ‘model.offset’
    hyperblm: no visible global function definition for ‘is.empty.model’
    hyperblm: no visible global function definition for ‘model.matrix’
    hyperblm: no visible global function definition for ‘.getXlevels’
    hyperblmFit: no visible global function definition for ‘optim’
    hyperblmFit: no visible global function definition for ‘nlm’
    hyperblmFit: no visible global function definition for ‘constrOptim’
    kappaLambda: no visible global function definition for ‘besselRatio’
    nigFit: no visible global function definition for ‘na.omit’
    nigFit: no visible global function definition for ‘optim’
    nigFit: no visible global function definition for ‘nlm’
    nigFit: no visible global function definition for ‘nlminb’
    nigFit: no visible global function definition for ‘constrOptim’
    nigFitStart: no visible global function definition for ‘hist’
    nigFitStart: no visible global function definition for ‘na.omit’
    nigFitStart: no visible global function definition for ‘lm’
    nigFitStart: no visible global function definition for ‘sd’
    nigFitStart: no visible global function definition for ‘fitdistr’
    nigFitStartMoM : fun2: no visible global function definition for ‘var’
    nigFitStartMoM : fun3: no visible global function definition for
     ‘skewness’
    nigFitStartMoM : fun4: no visible global function definition for
     ‘kurtosis’
    nigFitStartMoM: no visible global function definition for ‘kurtosis’
    nigFitStartMoM: no visible global function definition for ‘skewness’
    nigFitStartMoM: no visible global function definition for ‘optim’
    nigHessian: no visible global function definition for ‘tsHessian’
    pghyp: no visible global function definition for ‘integrate’
    pgig: no visible global function definition for ‘incompleteBesselK’
    plot.gigFit: no visible global function definition for ‘par’
    plot.gigFit: no visible global function definition for
     ‘dev.interactive’
    plot.gigFit: no visible global function definition for ‘hist.default’
    plot.gigFit: no visible global function definition for ‘curve’
    plot.gigFit: no visible global function definition for ‘title’
    plot.gigFit: no visible global function definition for ‘logHist’
    plot.hyperbFit: no visible global function definition for ‘par’
    plot.hyperbFit: no visible global function definition for
     ‘dev.interactive’
    plot.hyperbFit: no visible global function definition for
     ‘hist.default’
    plot.hyperbFit: no visible global function definition for ‘curve’
    plot.hyperbFit: no visible global function definition for ‘title’
    plot.hyperbFit: no visible global function definition for ‘logHist’
    plot.hyperblm: no visible global function definition for ‘par’
    plot.hyperblm: no visible global function definition for ‘plot’
    plot.hyperblm: no visible global function definition for ‘abline’
    plot.hyperblm: no visible global function definition for ‘hist’
    plot.hyperblm: no visible global function definition for ‘curve’
    plot.hyperblm: no visible global function definition for ‘logHist’
    plot.hyperblm: no visible global function definition for ‘qqplot’
    plot.nigFit: no visible global function definition for ‘par’
    plot.nigFit: no visible global function definition for
     ‘dev.interactive’
    plot.nigFit: no visible global function definition for ‘hist.default’
    plot.nigFit: no visible global function definition for ‘curve’
    plot.nigFit: no visible global function definition for ‘title’
    plot.nigFit: no visible global function definition for ‘logHist’
    plotShapeTriangle: no visible global function definition for ‘par’
    plotShapeTriangle: no visible global function definition for ‘plot’
    plotShapeTriangle: no visible global function definition for ‘axis’
    plotShapeTriangle: no visible global function definition for ‘mtext’
    plotShapeTriangle: no visible global function definition for ‘segments’
    ppghyp: no visible global function definition for ‘ppoints’
    ppghyp: no visible global function definition for ‘plot’
    ppghyp: no visible global function definition for ‘title’
    ppghyp: no visible global function definition for ‘abline’
    ppgig: no visible global function definition for ‘ppoints’
    ppgig: no visible global function definition for ‘plot’
    ppgig: no visible global function definition for ‘title’
    ppgig: no visible global function definition for ‘abline’
    ppskewlap: no visible global function definition for ‘ppoints’
    ppskewlap: no visible global function definition for ‘plot’
    ppskewlap: no visible global function definition for ‘title’
    ppskewlap: no visible global function definition for ‘abline’
    print.summary.hyperblm: no visible global function definition for
     ‘printCoefmat’
    qghyp: no visible global function definition for ‘uniroot’
    qghyp: no visible global function definition for ‘splinefun’
    qghyp: multiple local function definitions for ‘zeroFn’ with different
     formal arguments
    qgig: no visible global function definition for ‘uniroot’
    qgig: no visible global function definition for ‘splinefun’
    qgig: multiple local function definitions for ‘zeroFn’ with different
     formal arguments
    qqghyp: no visible global function definition for ‘ppoints’
    qqghyp: no visible global function definition for ‘plot’
    qqghyp: no visible global function definition for ‘title’
    qqghyp: no visible global function definition for ‘abline’
    qqgig: no visible global function definition for ‘ppoints’
    qqgig: no visible global function definition for ‘plot’
    qqgig: no visible global function definition for ‘title’
    qqgig: no visible global function definition for ‘abline’
    qqskewlap: no visible global function definition for ‘ppoints’
    qqskewlap: no visible global function definition for ‘plot’
    qqskewlap: no visible global function definition for ‘title’
    qqskewlap: no visible global function definition for ‘abline’
    rghyp: no visible global function definition for ‘rnorm’
    rgig: no visible global function definition for ‘uniroot’
    rgig: no visible global function definition for ‘runif’
    rgig1: no visible global function definition for ‘uniroot’
    rgig1: no visible global function definition for ‘runif’
    rskewlap: no visible global function definition for ‘rexp’
    summary.hyperblm: no visible binding for global variable ‘var’
    summary.hyperblm: no visible global function definition for ‘tsHessian’
    summary.hyperblm: no visible global function definition for ‘pt’
    Undefined global functions or variables:
     .getXlevels abline axis besselRatio coef constrOptim curve data
     density dev.interactive fitdistr hist hist.default hyperbWSqTable
     incompleteBesselK integrate is.empty.model is.wholenumber kurtosis lm
     logHist median model.matrix model.offset model.response model.weights
     momChangeAbout mtext na.omit nlm nlminb optim optimize par plot
     ppoints printCoefmat pt qqplot rexp rnorm runif sd segments skewness
     splinefun title tsHessian uniroot var
    Consider adding
     importFrom("grDevices", "dev.interactive")
     importFrom("graphics", "abline", "axis", "curve", "hist",
     "hist.default", "mtext", "par", "plot", "segments", "title")
     importFrom("stats", ".getXlevels", "coef", "constrOptim", "density",
     "integrate", "is.empty.model", "lm", "median",
     "model.matrix", "model.offset", "model.response",
     "model.weights", "na.omit", "nlm", "nlminb", "optim",
     "optimize", "ppoints", "printCoefmat", "pt", "qqplot",
     "rexp", "rnorm", "runif", "sd", "splinefun", "uniroot",
     "var")
     importFrom("utils", "data")
    to your NAMESPACE.
Flavors: r-devel-linux-x86_64-fedora-gcc, r-devel-windows-ix86+x86_64

Version: 0.8-1
Check: R code for possible problems
Result: NOTE
    ghypMean: no visible global function definition for ‘besselRatio’
    ghypMom: no visible global function definition for ‘is.wholenumber’
    ghypMom: no visible binding for global variable ‘besselRatio’
    ghypMom: no visible global function definition for ‘momChangeAbout’
    ghypMomBNS: no visible global function definition for ‘besselRatio’
    ghypScale: no visible global function definition for ‘besselRatio’
    gigFitStart: no visible global function definition for ‘fitdistr’
    gigFitStartMoM : fun3: no visible global function definition for
     ‘skewness’
    gigHessian: no visible global function definition for ‘tsHessian’
    gigMean: no visible global function definition for ‘besselRatio’
    gigMom: no visible global function definition for ‘is.wholenumber’
    gigMom: no visible global function definition for ‘momChangeAbout’
    gigRawMom: no visible global function definition for ‘besselRatio’
    hyperbCvMTestPValue: no visible binding for global variable
     ‘hyperbWSqTable’
    hyperbFitStartMoM : fun3: no visible global function definition for
     ‘skewness’
    hyperbFitStartMoM : fun4: no visible global function definition for
     ‘kurtosis’
    hyperbFitStartMoM: no visible global function definition for ‘kurtosis’
    hyperbFitStartMoM: no visible global function definition for ‘skewness’
    hyperbHessian: no visible global function definition for ‘besselRatio’
    hyperbHessian: no visible global function definition for ‘tsHessian’
    kappaLambda: no visible global function definition for ‘besselRatio’
    nigFitStart: no visible global function definition for ‘fitdistr’
    nigFitStartMoM : fun3: no visible global function definition for
     ‘skewness’
    nigFitStartMoM : fun4: no visible global function definition for
     ‘kurtosis’
    nigFitStartMoM: no visible global function definition for ‘kurtosis’
    nigFitStartMoM: no visible global function definition for ‘skewness’
    nigHessian: no visible global function definition for ‘tsHessian’
    pgig: no visible global function definition for ‘incompleteBesselK’
    plot.gigFit: no visible global function definition for ‘logHist’
    plot.hyperbFit: no visible global function definition for ‘logHist’
    plot.hyperblm: no visible global function definition for ‘logHist’
    plot.nigFit: no visible global function definition for ‘logHist’
    qghyp: multiple local function definitions for ‘zeroFn’ with different
     formal arguments
    qgig: multiple local function definitions for ‘zeroFn’ with different
     formal arguments
    summary.hyperblm: no visible global function definition for ‘tsHessian’
    Undefined global functions or variables:
     besselRatio fitdistr hyperbWSqTable incompleteBesselK is.wholenumber
     kurtosis logHist momChangeAbout skewness tsHessian
    
    Found the following calls to data() loading into the global environment:
    File ‘GeneralizedHyperbolic/R/hyperbCvMTest.R’:
     data(hyperbWSqTable)
    File ‘GeneralizedHyperbolic/R/zzz.R’:
     data(hyperbWSqTable)
    See section ‘Good practice’ in ‘?data’.
Flavor: r-devel-osx-x86_64-clang

Version: 0.8-1
Check: R code for possible problems
Result: NOTE
    ghypMean: no visible global function definition for ‘besselRatio’
    ghypMom: no visible global function definition for ‘is.wholenumber’
    ghypMom: no visible binding for global variable ‘besselRatio’
    ghypMom: no visible global function definition for ‘momChangeAbout’
    ghypMomBNS: no visible global function definition for ‘besselRatio’
    ghypScale: no visible global function definition for ‘besselRatio’
    gigFitStart: no visible global function definition for ‘fitdistr’
    gigFitStartMoM : fun3: no visible global function definition for
     ‘skewness’
    gigHessian: no visible global function definition for ‘tsHessian’
    gigMean: no visible global function definition for ‘besselRatio’
    gigMom: no visible global function definition for ‘is.wholenumber’
    gigMom: no visible global function definition for ‘momChangeAbout’
    gigRawMom: no visible global function definition for ‘besselRatio’
    hyperbCvMTestPValue: no visible binding for global variable
     ‘hyperbWSqTable’
    hyperbFitStartMoM : fun3: no visible global function definition for
     ‘skewness’
    hyperbFitStartMoM : fun4: no visible global function definition for
     ‘kurtosis’
    hyperbFitStartMoM: no visible global function definition for ‘kurtosis’
    hyperbFitStartMoM: no visible global function definition for ‘skewness’
    hyperbHessian: no visible global function definition for ‘besselRatio’
    hyperbHessian: no visible global function definition for ‘tsHessian’
    kappaLambda: no visible global function definition for ‘besselRatio’
    nigFitStart: no visible global function definition for ‘fitdistr’
    nigFitStartMoM : fun3: no visible global function definition for
     ‘skewness’
    nigFitStartMoM : fun4: no visible global function definition for
     ‘kurtosis’
    nigFitStartMoM: no visible global function definition for ‘kurtosis’
    nigFitStartMoM: no visible global function definition for ‘skewness’
    nigHessian: no visible global function definition for ‘tsHessian’
    pgig: no visible global function definition for ‘incompleteBesselK’
    plot.gigFit: no visible global function definition for ‘logHist’
    plot.hyperbFit: no visible global function definition for ‘logHist’
    plot.hyperblm: no visible global function definition for ‘logHist’
    plot.nigFit: no visible global function definition for ‘logHist’
    qghyp: multiple local function definitions for ‘zeroFn’ with different
     formal arguments
    qgig: multiple local function definitions for ‘zeroFn’ with different
     formal arguments
    summary.hyperblm: no visible global function definition for ‘tsHessian’
    
    Found the following calls to data() loading into the global environment:
    File ‘GeneralizedHyperbolic/R/hyperbCvMTest.R’:
     data(hyperbWSqTable)
    File ‘GeneralizedHyperbolic/R/zzz.R’:
     data(hyperbWSqTable)
    See section ‘Good practice’ in ‘?data’.
Flavors: r-patched-linux-x86_64, r-release-linux-x86_64

Version: 0.8-1
Check: R code for possible problems
Result: NOTE
    ghypMean: no visible global function definition for ‘besselRatio’
    ghypMom: no visible global function definition for ‘is.wholenumber’
    ghypMom: no visible binding for global variable ‘besselRatio’
    ghypMom: no visible global function definition for ‘momChangeAbout’
    ghypMomBNS: no visible global function definition for ‘besselRatio’
    ghypScale: no visible global function definition for ‘besselRatio’
    gigFitStart: no visible global function definition for ‘fitdistr’
    gigFitStartMoM : fun3: no visible global function definition for
     ‘skewness’
    gigHessian: no visible global function definition for ‘tsHessian’
    gigMean: no visible global function definition for ‘besselRatio’
    gigMom: no visible global function definition for ‘is.wholenumber’
    gigMom: no visible global function definition for ‘momChangeAbout’
    gigRawMom: no visible global function definition for ‘besselRatio’
    hyperbCvMTestPValue: no visible binding for global variable
     ‘hyperbWSqTable’
    hyperbFitStartMoM : fun3: no visible global function definition for
     ‘skewness’
    hyperbFitStartMoM : fun4: no visible global function definition for
     ‘kurtosis’
    hyperbFitStartMoM: no visible global function definition for ‘kurtosis’
    hyperbFitStartMoM: no visible global function definition for ‘skewness’
    hyperbHessian: no visible global function definition for ‘besselRatio’
    hyperbHessian: no visible global function definition for ‘tsHessian’
    kappaLambda: no visible global function definition for ‘besselRatio’
    nigFitStart: no visible global function definition for ‘fitdistr’
    nigFitStartMoM : fun3: no visible global function definition for
     ‘skewness’
    nigFitStartMoM : fun4: no visible global function definition for
     ‘kurtosis’
    nigFitStartMoM: no visible global function definition for ‘kurtosis’
    nigFitStartMoM: no visible global function definition for ‘skewness’
    nigHessian: no visible global function definition for ‘tsHessian’
    pgig: no visible global function definition for ‘incompleteBesselK’
    plot.gigFit: no visible global function definition for ‘logHist’
    plot.hyperbFit: no visible global function definition for ‘logHist’
    plot.hyperblm: no visible global function definition for ‘logHist’
    plot.nigFit: no visible global function definition for ‘logHist’
    qghyp: multiple local function definitions for ‘zeroFn’ with different
     formal arguments
    qgig: multiple local function definitions for ‘zeroFn’ with different
     formal arguments
    summary.hyperblm: no visible global function definition for ‘tsHessian’
Flavors: r-patched-solaris-sparc, r-patched-solaris-x86, r-release-osx-x86_64-mavericks, r-release-windows-ix86+x86_64, r-oldrel-windows-ix86+x86_64