CRAN Package Check Results for Package GeneralizedHyperbolic

Last updated on 2014-04-24 07:52:28.

Flavor Version Tinstall Tcheck Ttotal Status Flags
r-devel-linux-x86_64-debian-clang 0.8-1 1.76 96.50 98.26 NOTE
r-devel-linux-x86_64-debian-gcc 0.8-1 1.72 92.84 94.56 NOTE
r-devel-linux-x86_64-fedora-clang 0.8-1 198.28 NOTE
r-devel-linux-x86_64-fedora-gcc 0.8-1 189.24 NOTE
r-devel-osx-x86_64-clang 0.8-1 149.65 NOTE
r-devel-osx-x86_64-gcc 0.8-1 ERROR
r-devel-windows-ix86+x86_64 0.8-1 5.00 129.00 134.00 NOTE
r-patched-linux-x86_64 0.8-1 1.74 93.02 94.76 NOTE
r-patched-solaris-sparc 0.8-1 1163.80 NOTE
r-patched-solaris-x86 0.8-1 209.80 NOTE
r-release-linux-ix86 0.8-1 3.00 140.00 143.00 NOTE
r-release-linux-x86_64 0.8-1 1.70 92.67 94.37 NOTE
r-release-osx-x86_64-mavericks 0.8-1 WARN
r-release-windows-ix86+x86_64 0.8-1 5.00 137.00 142.00 NOTE
r-oldrel-windows-ix86+x86_64 0.8-1 6.00 152.00 158.00 NOTE

Check Details

Version: 0.8-1
Check: dependencies in R code
Result: NOTE
    Packages in Depends field not imported from:
     ‘DistributionUtils’ ‘RUnit’
     These packages need to be imported from (in the NAMESPACE file)
     for when this namespace is loaded but not attached.
    See the information on DESCRIPTION files in the chapter ‘Creating R
    packages’ of the ‘Writing R Extensions’ manual.
Flavors: r-devel-linux-x86_64-debian-clang, r-devel-linux-x86_64-debian-gcc, r-devel-linux-x86_64-fedora-clang, r-devel-linux-x86_64-fedora-gcc, r-devel-osx-x86_64-clang, r-devel-windows-ix86+x86_64, r-patched-linux-x86_64, r-patched-solaris-sparc, r-patched-solaris-x86, r-release-linux-ix86, r-release-linux-x86_64, r-release-osx-x86_64-mavericks, r-release-windows-ix86+x86_64, r-oldrel-windows-ix86+x86_64

Version: 0.8-1
Check: R code for possible problems
Result: NOTE
    hyperbCvMTestPValue: no visible binding for global variable
     ‘hyperbWSqTable’
    qghyp: multiple local function definitions for ‘zeroFn’ with different
     formal arguments
    qgig: multiple local function definitions for ‘zeroFn’ with different
     formal arguments
    
    Found the following calls to data() loading into the global environment:
    File ‘GeneralizedHyperbolic/R/hyperbCvMTest.R’:
     data(hyperbWSqTable)
    File ‘GeneralizedHyperbolic/R/zzz.R’:
     data(hyperbWSqTable)
    See section ‘Good practice’ in ‘?data’.
Flavors: r-devel-linux-x86_64-debian-clang, r-devel-linux-x86_64-debian-gcc, r-devel-linux-x86_64-fedora-clang, r-devel-osx-x86_64-clang, r-patched-linux-x86_64, r-release-linux-ix86, r-release-linux-x86_64

Version: 0.8-1
Check: top-level files
Result: NOTE
    Non-standard files/directories found at top level:
     ‘GeneralizedHyperbolic-Ex.R’ ‘Todo’ ‘regressionTests’
Flavors: r-devel-linux-x86_64-fedora-clang, r-devel-linux-x86_64-fedora-gcc

Version: 0.8-1
Check: R code for possible problems
Result: NOTE
    hyperbCvMTestPValue: no visible binding for global variable
     ‘hyperbWSqTable’
    qghyp: multiple local function definitions for ‘zeroFn’ with different
     formal arguments
    qgig: multiple local function definitions for ‘zeroFn’ with different
     formal arguments
Flavors: r-devel-linux-x86_64-fedora-gcc, r-devel-windows-ix86+x86_64, r-patched-solaris-sparc, r-patched-solaris-x86, r-release-osx-x86_64-mavericks, r-release-windows-ix86+x86_64, r-oldrel-windows-ix86+x86_64

Version: 0.8-1
Check: package dependencies
Result: ERROR
    Package required but not available: ‘DistributionUtils’
    
    Packages suggested but not available for checking:
     ‘VarianceGamma’ ‘SkewHyperbolic’
    
    See the information on DESCRIPTION files in the chapter ‘Creating R
    packages’ of the ‘Writing R Extensions’ manual.
Flavor: r-devel-osx-x86_64-gcc

Version: 0.8-1
Check: package dependencies
Result: NOTE
    Packages suggested but not available for checking:
     ‘VarianceGamma’ ‘SkewHyperbolic’
Flavor: r-release-osx-x86_64-mavericks

Version: 0.8-1
Check: PDF version of manual
Result: WARNING
    LaTeX errors when creating PDF version.
    This typically indicates Rd problems.
    LaTeX errors found:
    ! LaTeX Error: File `upquote.sty' not found.
    
    Type X to quit or <RETURN> to proceed,
    or enter new name. (Default extension: sty)
    
    3511b32f/Rd2.tex:8: ==> Fatal error occurred, no output PDF file produced!
Flavor: r-release-osx-x86_64-mavericks