CRAN Package Check Results for Package GeneticTools

Last updated on 2015-01-25 23:52:11.

Flavor Version Tinstall Tcheck Ttotal Status Flags
r-devel-linux-x86_64-debian-clang 0.3 18.81 55.01 73.82 OK
r-devel-linux-x86_64-debian-gcc 0.3 17.27 58.79 76.06 OK
r-devel-linux-x86_64-fedora-clang 0.3 195.88 OK
r-devel-linux-x86_64-fedora-gcc 0.3 189.73 OK
r-devel-osx-x86_64-clang 0.3 152.35 OK
r-devel-windows-ix86+x86_64 0.3 69.00 106.00 175.00 OK
r-patched-linux-x86_64 0.3 19.77 63.14 82.92 OK
r-patched-solaris-sparc 0.3 1037.60 OK
r-patched-solaris-x86 0.3 244.00 OK
r-release-linux-ix86 0.3 20.90 74.39 95.30 OK
r-release-linux-x86_64 0.3 17.90 63.28 81.18 OK
r-release-osx-x86_64-mavericks 0.3 OK
r-release-osx-x86_64-snowleopard 0.3 OK
r-release-windows-ix86+x86_64 0.3 42.00 1.00 43.00 ERROR
r-oldrel-windows-ix86+x86_64 0.3 55.00 171.00 226.00 OK

Check Details

Version: 0.3
Check: whether package can be installed
Result: ERROR
    Installation failed.
Flavor: r-release-windows-ix86+x86_64