CRAN Package Check Results for Package GeneticTools

Last updated on 2015-07-04 19:47:38.

Flavor Version Tinstall Tcheck Ttotal Status Flags
r-devel-linux-x86_64-debian-clang 0.3.1 19.13 49.88 69.02 NOTE
r-devel-linux-x86_64-debian-gcc 0.3.1 16.93 47.45 64.38 NOTE
r-devel-linux-x86_64-fedora-clang 0.3.1 140.43 NOTE
r-devel-linux-x86_64-fedora-gcc 0.3.1 128.52 NOTE
r-devel-osx-x86_64-clang 0.3.1 117.67 OK
r-devel-windows-ix86+x86_64 0.3.1 48.00 152.00 200.00 NOTE
r-patched-linux-x86_64 0.3.1 16.37 46.27 62.64 OK
r-patched-solaris-sparc 0.3.1 784.10 OK
r-patched-solaris-x86 0.3.1 171.70 OK
r-release-linux-x86_64 0.3.1 16.20 46.35 62.55 OK
r-release-osx-x86_64-mavericks 0.3.1 OK
r-release-windows-ix86+x86_64 0.3.1 64.00 103.00 167.00 OK
r-oldrel-windows-ix86+x86_64 0.3.1 55.00 195.00 250.00 OK

Check Details

Version: 0.3.1
Check: R code for possible problems
Result: NOTE
    calcDistances.Splines: no visible global function definition for
     ‘smooth.spline’
    calcDistances.Splines: no visible global function definition for
     ‘predict’
    eQTL: no visible global function definition for ‘as’
    eqtlLM: no visible global function definition for ‘lm’
    genotypePlot: no visible global function definition for ‘boxplot’
    genotypePlot: no visible global function definition for ‘axis’
    plot.eqtl: no visible global function definition for ‘par’
    plot.mdr: no visible global function definition for ‘density’
    plotGeneLocation: no visible global function definition for ‘rect’
    plotGeneLocation: no visible global function definition for ‘text’
    plotGeneLocation: no visible global function definition for ‘axis’
    plotGeneLocation: no visible global function definition for ‘lines’
    plotIt: no visible global function definition for ‘axis’
    plotIt: no visible global function definition for ‘lines’
    plotIt: no visible global function definition for ‘par’
    plotIt: no visible global function definition for ‘points’
    plotSingle.eqtl: no visible global function definition for ‘pdf’
    plotSingle.eqtl: no visible global function definition for ‘dev.off’
    visTrans: no visible global function definition for ‘rainbow’
    visTrans: no visible global function definition for ‘layout’
    visTrans: no visible global function definition for ‘par’
    Undefined global functions or variables:
     as axis boxplot density dev.off layout lines lm par pdf points
     predict rainbow rect smooth.spline text
Flavors: r-devel-linux-x86_64-debian-clang, r-devel-linux-x86_64-debian-gcc, r-devel-linux-x86_64-fedora-clang, r-devel-linux-x86_64-fedora-gcc, r-devel-windows-ix86+x86_64