CRAN Package Check Results for Package GeneticTools

Last updated on 2015-05-28 23:47:26.

Flavor Version Tinstall Tcheck Ttotal Status Flags
r-devel-linux-x86_64-debian-clang 0.3.1 22.92 48.72 71.64 OK
r-devel-linux-x86_64-debian-gcc 0.3.1 16.98 46.59 63.57 OK
r-devel-linux-x86_64-fedora-clang 0.3.1 151.93 OK
r-devel-linux-x86_64-fedora-gcc 0.3.1 125.11 OK
r-devel-osx-x86_64-clang 0.3.1 116.05 OK
r-devel-windows-ix86+x86_64 0.3.1 52.00 110.00 162.00 OK
r-patched-linux-x86_64 0.3.1 16.30 46.60 62.90 OK
r-patched-solaris-sparc 0.3.1 784.10 OK
r-patched-solaris-x86 0.3.1 169.50 OK
r-release-linux-x86_64 0.3.1 16.35 47.24 63.58 OK
r-release-osx-x86_64-mavericks 0.3.1 OK
r-release-osx-x86_64-snowleopard 0.3.1 ERROR
r-release-windows-ix86+x86_64 0.3.1 49.00 109.00 158.00 OK
r-oldrel-windows-ix86+x86_64 0.3.1 117.00 127.00 244.00 OK

Check Details

Version: 0.3.1
Check: package dependencies
Result: ERROR
    Package required but not available: ‘snpStats’
    
    See section ‘The DESCRIPTION file’ in the ‘Writing R Extensions’
    manual.
Flavor: r-release-osx-x86_64-snowleopard