CRAN Package Check Results for Package GeneticTools

Last updated on 2014-04-24 03:47:45.

Flavor Version Tinstall Tcheck Ttotal Status Flags
r-devel-linux-x86_64-debian-clang 0.2.1 18.98 68.01 86.99 OK
r-devel-linux-x86_64-debian-gcc 0.2.1 17.96 64.06 82.02 OK
r-devel-linux-x86_64-fedora-clang 0.2.1 195.78 OK
r-devel-linux-x86_64-fedora-gcc 0.2.1 183.88 OK
r-devel-osx-x86_64-clang 0.2.1 148.86 OK
r-devel-osx-x86_64-gcc 0.2.1 ERROR
r-devel-windows-ix86+x86_64 0.2.1 54.00 120.00 174.00 OK
r-patched-linux-x86_64 0.2.1 17.72 64.02 81.74 OK
r-patched-solaris-sparc 0.2.1 1010.90 OK
r-patched-solaris-x86 0.2.1 232.60 OK
r-release-linux-ix86 0.2.1 26.00 102.00 128.00 OK
r-release-linux-x86_64 0.2.1 17.85 65.36 83.21 OK
r-release-osx-x86_64-mavericks 0.2.1 ERROR
r-release-osx-x86_64-snowleopard 0.2.1 OK
r-release-windows-ix86+x86_64 0.2.1 73.00 119.00 192.00 OK
r-oldrel-windows-ix86+x86_64 0.2.1 53.00 123.00 176.00 OK

Check Details

Version: 0.2.1
Check: package dependencies
Result: ERROR
    Package required but not available: ‘snpStats’
    
    See the information on DESCRIPTION files in the chapter ‘Creating R
    packages’ of the ‘Writing R Extensions’ manual.
Flavors: r-devel-osx-x86_64-gcc, r-release-osx-x86_64-mavericks