CRAN Package Check Results for Package GeneticTools

Last updated on 2016-07-25 07:47:06.

Flavor Version Tinstall Tcheck Ttotal Status Flags
r-devel-linux-x86_64-debian-clang 0.3.1 26.51 52.87 79.38 NOTE
r-devel-linux-x86_64-debian-gcc 0.3.1 24.56 53.83 78.39 NOTE
r-devel-linux-x86_64-fedora-clang 0.3.1 143.66 NOTE
r-devel-linux-x86_64-fedora-gcc 0.3.1 122.19 NOTE
r-devel-osx-x86_64-clang 0.3.1 114.35 NOTE
r-devel-windows-ix86+x86_64 0.3.1 70.00 135.00 205.00 NOTE
r-patched-linux-x86_64 0.3.1 19.22 53.92 73.14 NOTE
r-patched-solaris-sparc 0.3.1 733.30 NOTE
r-patched-solaris-x86 0.3.1 151.30 NOTE
r-release-linux-x86_64 0.3.1 18.77 51.52 70.29 NOTE
r-release-osx-x86_64-mavericks 0.3.1 NOTE
r-release-windows-ix86+x86_64 0.3.1 62.00 142.00 204.00 NOTE
r-oldrel-windows-ix86+x86_64 0.3.1 68.00 147.00 215.00 OK

Check Details

Version: 0.3.1
Check: R code for possible problems
Result: NOTE
    calcDistances.Splines: no visible global function definition for
     ‘smooth.spline’
    calcDistances.Splines: no visible global function definition for
     ‘predict’
    eQTL: no visible global function definition for ‘as’
    eqtlLM: no visible global function definition for ‘lm’
    genotypePlot: no visible global function definition for ‘boxplot’
    genotypePlot: no visible global function definition for ‘axis’
    plot.eqtl: no visible global function definition for ‘par’
    plot.mdr: no visible global function definition for ‘density’
    plotGeneLocation: no visible global function definition for ‘rect’
    plotGeneLocation: no visible global function definition for ‘text’
    plotGeneLocation: no visible global function definition for ‘axis’
    plotGeneLocation: no visible global function definition for ‘lines’
    plotIt: no visible global function definition for ‘axis’
    plotIt: no visible global function definition for ‘lines’
    plotIt: no visible global function definition for ‘par’
    plotIt: no visible global function definition for ‘points’
    plotSingle.eqtl: no visible global function definition for ‘pdf’
    plotSingle.eqtl: no visible global function definition for ‘dev.off’
    visTrans: no visible global function definition for ‘rainbow’
    visTrans: no visible global function definition for ‘layout’
    visTrans: no visible global function definition for ‘par’
    Undefined global functions or variables:
     as axis boxplot density dev.off layout lines lm par pdf points
     predict rainbow rect smooth.spline text
    Consider adding
     importFrom("grDevices", "dev.off", "pdf", "rainbow")
     importFrom("graphics", "axis", "boxplot", "layout", "lines", "par",
     "points", "rect", "text")
     importFrom("methods", "as")
     importFrom("stats", "density", "lm", "predict", "smooth.spline")
    to your NAMESPACE file (and ensure that your DESCRIPTION Imports field
    contains 'methods').
Flavors: r-devel-linux-x86_64-debian-clang, r-devel-linux-x86_64-debian-gcc, r-devel-linux-x86_64-fedora-clang, r-devel-linux-x86_64-fedora-gcc, r-devel-osx-x86_64-clang, r-devel-windows-ix86+x86_64, r-patched-linux-x86_64, r-patched-solaris-sparc, r-patched-solaris-x86, r-release-linux-x86_64, r-release-osx-x86_64-mavericks, r-release-windows-ix86+x86_64

Version: 0.3.1
Check: installed package size
Result: NOTE
     installed size is 5.5Mb
     sub-directories of 1Mb or more:
     libs 5.3Mb
Flavor: r-patched-solaris-sparc