CRAN Package Check Results for Package GeneticTools

Last updated on 2015-08-31 21:46:47.

Flavor Version Tinstall Tcheck Ttotal Status Flags
r-devel-linux-x86_64-debian-clang 0.3.1 19.22 45.66 64.88 NOTE
r-devel-linux-x86_64-debian-gcc 0.3.1 16.07 45.34 61.40 NOTE
r-devel-linux-x86_64-fedora-clang 0.3.1 137.99 NOTE
r-devel-linux-x86_64-fedora-gcc 0.3.1 120.50 NOTE
r-devel-osx-x86_64-clang 0.3.1 110.43 OK
r-devel-windows-ix86+x86_64 0.3.1 73.00 110.00 183.00 NOTE
r-patched-linux-x86_64 0.3.1 16.82 47.40 64.22 OK
r-patched-solaris-sparc 0.3.1 778.10 OK
r-patched-solaris-x86 0.3.1 176.10 OK
r-release-linux-x86_64 0.3.1 16.53 47.30 63.84 OK
r-release-osx-x86_64-mavericks 0.3.1 OK
r-release-windows-ix86+x86_64 0.3.1 64.00 160.00 224.00 OK
r-oldrel-windows-ix86+x86_64 0.3.1 72.00 145.00 217.00 OK

Check Details

Version: 0.3.1
Check: R code for possible problems
Result: NOTE
    calcDistances.Splines: no visible global function definition for
     ‘smooth.spline’
    calcDistances.Splines: no visible global function definition for
     ‘predict’
    eQTL: no visible global function definition for ‘as’
    eqtlLM: no visible global function definition for ‘lm’
    genotypePlot: no visible global function definition for ‘boxplot’
    genotypePlot: no visible global function definition for ‘axis’
    plot.eqtl: no visible global function definition for ‘par’
    plot.mdr: no visible global function definition for ‘density’
    plotGeneLocation: no visible global function definition for ‘rect’
    plotGeneLocation: no visible global function definition for ‘text’
    plotGeneLocation: no visible global function definition for ‘axis’
    plotGeneLocation: no visible global function definition for ‘lines’
    plotIt: no visible global function definition for ‘axis’
    plotIt: no visible global function definition for ‘lines’
    plotIt: no visible global function definition for ‘par’
    plotIt: no visible global function definition for ‘points’
    plotSingle.eqtl: no visible global function definition for ‘pdf’
    plotSingle.eqtl: no visible global function definition for ‘dev.off’
    visTrans: no visible global function definition for ‘rainbow’
    visTrans: no visible global function definition for ‘layout’
    visTrans: no visible global function definition for ‘par’
    Undefined global functions or variables:
     as axis boxplot density dev.off layout lines lm par pdf points
     predict rainbow rect smooth.spline text
    Consider adding
     importFrom("grDevices", "dev.off", "pdf", "rainbow")
     importFrom("graphics", "axis", "boxplot", "layout", "lines", "par",
     "points", "rect", "text")
     importFrom("methods", "as")
     importFrom("stats", "density", "lm", "predict", "smooth.spline")
    to your NAMESPACE (and ensure that your DESCRIPTION Imports field
    contains 'methods').
Flavors: r-devel-linux-x86_64-debian-clang, r-devel-linux-x86_64-debian-gcc, r-devel-linux-x86_64-fedora-clang, r-devel-linux-x86_64-fedora-gcc, r-devel-windows-ix86+x86_64