CRAN Package Check Results for Package GeneticTools

Last updated on 2015-04-19 11:51:07.

Flavor Version Tinstall Tcheck Ttotal Status Flags
r-devel-linux-x86_64-debian-clang 0.3.1 18.95 48.69 67.64 OK
r-devel-linux-x86_64-debian-gcc 0.3.1 15.86 47.04 62.90 OK
r-devel-linux-x86_64-fedora-clang 0.3.1 141.55 OK
r-devel-linux-x86_64-fedora-gcc 0.3.1 144.82 OK
r-devel-osx-x86_64-clang 0.3.1 115.08 OK
r-devel-windows-ix86+x86_64 0.3.1 60.00 95.00 155.00 OK
r-patched-linux-x86_64 0.3.1 16.11 47.36 63.46 OK
r-patched-solaris-sparc 0.3.1 766.60 OK
r-patched-solaris-x86 0.3.1 166.90 OK
r-release-linux-x86_64 0.3.1 16.09 47.68 63.78 OK
r-release-osx-x86_64-mavericks 0.3.1 OK
r-release-osx-x86_64-snowleopard 0.3.1 ERROR
r-release-windows-ix86+x86_64 0.3.1 39.00 96.00 135.00 OK
r-oldrel-windows-ix86+x86_64 0.3.1 64.00 131.00 195.00 OK

Check Details

Version: 0.3.1
Check: package dependencies
Result: ERROR
    Package required but not available: ‘snpStats’
    
    See section ‘The DESCRIPTION file’ in the ‘Writing R Extensions’
    manual.
Flavor: r-release-osx-x86_64-snowleopard