Last updated on 2021-04-17 01:49:55 CEST.
Flavor | Version | Tinstall | Tcheck | Ttotal | Status | Flags |
---|---|---|---|---|---|---|
r-devel-linux-x86_64-debian-clang | 2.1.1 | 112.65 | 289.03 | 401.68 | OK | |
r-devel-linux-x86_64-debian-gcc | 2.1.1 | 77.07 | 250.21 | 327.28 | OK | |
r-devel-linux-x86_64-fedora-clang | 2.1.1 | 428.57 | NOTE | |||
r-devel-linux-x86_64-fedora-gcc | 2.1.1 | 505.37 | OK | |||
r-devel-windows-ix86+x86_64 | 2.1.1 | 269.00 | 494.00 | 763.00 | NOTE | |
r-devel-windows-x86_64-gcc10-UCRT | 2.1.1 | OK | ||||
r-patched-linux-x86_64 | 2.1.1 | 90.53 | 312.23 | 402.76 | OK | |
r-patched-solaris-x86 | 2.1.1 | 483.70 | OK | |||
r-release-linux-x86_64 | 2.1.1 | 83.59 | 310.85 | 394.44 | OK | |
r-release-macos-x86_64 | 2.1.1 | NOTE | ||||
r-release-windows-ix86+x86_64 | 2.1.1 | 247.00 | 533.00 | 780.00 | NOTE | |
r-oldrel-macos-x86_64 | 2.1.1 | NOTE | ||||
r-oldrel-windows-ix86+x86_64 | 2.1.1 | 171.00 | 431.00 | 602.00 | OK |
Version: 2.1.1
Check: installed package size
Result: NOTE
installed size is 6.7Mb
sub-directories of 1Mb or more:
doc 2.1Mb
libs 4.0Mb
Flavors: r-devel-linux-x86_64-fedora-clang, r-devel-windows-ix86+x86_64, r-release-macos-x86_64, r-release-windows-ix86+x86_64, r-oldrel-macos-x86_64