CRAN Package Check Results for Package GeoDE

Last updated on 2018-07-17 10:49:06 CEST.

Flavor Version Tinstall Tcheck Ttotal Status Flags
r-devel-linux-x86_64-debian-clang 1.0 5.21 59.40 64.61 NOTE
r-devel-linux-x86_64-debian-gcc 1.0 4.05 54.52 58.57 NOTE
r-devel-linux-x86_64-fedora-clang 1.0 83.07 NOTE
r-devel-linux-x86_64-fedora-gcc 1.0 85.02 NOTE
r-devel-windows-ix86+x86_64 1.0 13.00 105.00 118.00 NOTE
r-patched-linux-x86_64 1.0 4.56 58.58 63.14 NOTE
r-patched-solaris-x86 1.0 115.10 NOTE
r-release-linux-x86_64 1.0 4.83 58.34 63.17 NOTE
r-release-windows-ix86+x86_64 1.0 10.00 93.00 103.00 NOTE
r-release-osx-x86_64 1.0 NOTE
r-oldrel-windows-ix86+x86_64 1.0 6.00 65.00 71.00 NOTE
r-oldrel-osx-x86_64 1.0 NOTE

Check Details

Version: 1.0
Check: R code for possible problems
Result: NOTE
    PAEA : <anonymous>: no visible global function definition for
     ‘integrate’
    PAEAAnalysis: no visible global function definition for
     ‘txtProgressBar’
    PAEAAnalysis : <anonymous>: no visible global function definition for
     ‘setTxtProgressBar’
    PAEAAnalysis: no visible global function definition for ‘par’
    PAEAAnalysis: no visible global function definition for ‘barplot’
    chdirSig: no visible global function definition for ‘prcomp’
    chdirSig: no visible global function definition for ‘rchisq’
    chdirSig: no visible global function definition for ‘txtProgressBar’
    chdirSig : <anonymous> : <anonymous>: no visible global function
     definition for ‘setTxtProgressBar’
    chdirplots : <anonymous>: no visible global function definition for
     ‘par’
    chdirplots : <anonymous>: no visible global function definition for
     ‘plot’
    chdirplots : <anonymous>: no visible global function definition for
     ‘arrows’
    chdirplots : <anonymous>: no visible global function definition for
     ‘barplot’
    multigmtPAEAAnalysis: no visible global function definition for
     ‘txtProgressBar’
    multigmtPAEAAnalysis : <anonymous>: no visible global function
     definition for ‘setTxtProgressBar’
    multigmtPAEAAnalysis : <anonymous>: no visible global function
     definition for ‘data’
    multigmtPAEAAnalysis : <anonymous>: no visible global function
     definition for ‘write.table’
    Undefined global functions or variables:
     arrows barplot data integrate par plot prcomp rchisq
     setTxtProgressBar txtProgressBar write.table
    Consider adding
     importFrom("graphics", "arrows", "barplot", "par", "plot")
     importFrom("stats", "integrate", "prcomp", "rchisq")
     importFrom("utils", "data", "setTxtProgressBar", "txtProgressBar",
     "write.table")
    to your NAMESPACE file.
Flavors: r-devel-linux-x86_64-debian-clang, r-devel-linux-x86_64-debian-gcc, r-devel-linux-x86_64-fedora-clang, r-devel-linux-x86_64-fedora-gcc, r-devel-windows-ix86+x86_64, r-patched-linux-x86_64, r-patched-solaris-x86, r-release-linux-x86_64, r-release-windows-ix86+x86_64, r-release-osx-x86_64, r-oldrel-windows-ix86+x86_64, r-oldrel-osx-x86_64