CRAN Package Check Results for Package GeoLight

Last updated on 2014-12-21 11:46:34.

Flavor Version Tinstall Tcheck Ttotal Status Flags
r-devel-linux-x86_64-debian-clang 1.03 1.15 31.91 33.06 NOTE
r-devel-linux-x86_64-debian-gcc 1.03 1.13 31.35 32.48 NOTE
r-devel-linux-x86_64-fedora-clang 1.03 69.29 NOTE
r-devel-linux-x86_64-fedora-gcc 1.03 64.33 NOTE
r-devel-osx-x86_64-clang 1.03 66.90 NOTE
r-devel-windows-ix86+x86_64 1.03 4.00 62.00 66.00 NOTE
r-patched-linux-x86_64 1.03 1.18 32.58 33.76 NOTE
r-patched-solaris-sparc 1.03 459.40 NOTE
r-patched-solaris-x86 1.03 100.70 NOTE
r-release-linux-ix86 1.03 1.58 42.11 43.69 NOTE
r-release-linux-x86_64 1.03 1.21 32.81 34.02 NOTE
r-release-osx-x86_64-mavericks 1.03 NOTE
r-release-osx-x86_64-snowleopard 1.03 OK
r-release-windows-ix86+x86_64 1.03 5.00 67.00 72.00 NOTE
r-oldrel-windows-ix86+x86_64 1.03 5.00 56.00 61.00 NOTE

Check Details

Version: 1.03
Check: dependencies in R code
Result: NOTE
    Packages in Depends field not imported from:
     ‘changepoint’ ‘maps’
     These packages need to be imported from (in the NAMESPACE file)
     for when this namespace is loaded but not attached.
    See the information on DESCRIPTION files in the chapter ‘Creating R
    packages’ of the ‘Writing R Extensions’ manual.
Flavors: r-devel-linux-x86_64-debian-clang, r-devel-linux-x86_64-debian-gcc, r-devel-linux-x86_64-fedora-clang, r-devel-linux-x86_64-fedora-gcc, r-devel-osx-x86_64-clang, r-devel-windows-ix86+x86_64, r-patched-linux-x86_64, r-patched-solaris-sparc, r-patched-solaris-x86, r-release-linux-ix86, r-release-linux-x86_64, r-release-osx-x86_64-mavericks, r-release-windows-ix86+x86_64, r-oldrel-windows-ix86+x86_64

Version: 1.03
Check: R code for possible problems
Result: NOTE
    changeLight: no visible global function definition for
     ‘binseg.mean.cusum’
    siteMap: no visible global function definition for ‘map’
    siteMap: no visible global function definition for ‘map.axes’
    tripMap: no visible global function definition for ‘map’
    tripMap: no visible global function definition for ‘map.axes’
Flavors: r-devel-linux-x86_64-debian-clang, r-devel-linux-x86_64-debian-gcc, r-devel-linux-x86_64-fedora-clang, r-devel-linux-x86_64-fedora-gcc, r-devel-osx-x86_64-clang, r-devel-windows-ix86+x86_64, r-patched-linux-x86_64, r-patched-solaris-sparc, r-patched-solaris-x86, r-release-linux-ix86, r-release-linux-x86_64, r-release-windows-ix86+x86_64

Version: 1.03
Check: Rd line widths
Result: NOTE
    Rd file 'changeLight.Rd':
     \usage lines wider than 90 characters:
     changeLight(tFirst,tSecond,type,quantile=0.6,rise.prob=NA,set.prob=NA,days=5,plot=TRUE,summary=TRUE)
    
    Rd file 'siteMap.Rd':
     \usage lines wider than 90 characters:
     xlim,ylim,xlab="Longitude",ylab="Latitude",lwd=1,lty=1,pch=1,cex=1,col,main,add=FALSE)
    
    Rd file 'trip2kml.Rd':
     \usage lines wider than 90 characters:
     trip2kml(file, tFirst, tSecond, type, degElevation, col.scheme="heat.colors", point.alpha=0.7, cex=1, line.col="goldenrod")
    
    Rd file 'twilightCalc.Rd':
     \usage lines wider than 90 characters:
     twilightCalc(datetime,light,LightThreshold=TRUE,preSelection=TRUE,maxLight=NULL,ask=TRUE,nsee=500,allTwilights=FALSE)
    
    These lines will be truncated in the PDF manual.
Flavors: r-devel-linux-x86_64-debian-clang, r-devel-linux-x86_64-debian-gcc, r-devel-linux-x86_64-fedora-clang, r-devel-linux-x86_64-fedora-gcc, r-patched-linux-x86_64, r-release-linux-x86_64