CRAN Package Check Results for Package GeoLight

Last updated on 2014-04-17 02:47:46.

Flavor Version Tinstall Tcheck Ttotal Status Flags
r-devel-linux-x86_64-debian-clang 1.03 1.33 32.72 34.05 NOTE
r-devel-linux-x86_64-debian-gcc 1.03 1.30 33.27 34.56 NOTE
r-devel-linux-x86_64-fedora-clang 1.03 70.30 NOTE
r-devel-linux-x86_64-fedora-gcc 1.03 67.17 NOTE
r-devel-macosx-x86_64-clang 1.03 64.77 NOTE
r-devel-macosx-x86_64-gcc 1.03 ERROR
r-devel-windows-ix86+x86_64 1.03 4.00 57.00 61.00 NOTE
r-patched-linux-x86_64 1.03 1.33 33.55 34.88 NOTE
r-patched-solaris-sparc 1.03 452.30 NOTE
r-patched-solaris-x86 1.03 99.60 NOTE
r-release-linux-ix86 1.03 3.00 56.00 59.00 NOTE
r-release-linux-x86_64 1.03 1.35 33.78 35.13 NOTE
r-release-macosx-x86_64 1.03 OK
r-release-windows-ix86+x86_64 1.03 5.00 63.00 68.00 NOTE
r-oldrel-windows-ix86+x86_64 1.03 5.00 54.00 59.00 NOTE

Check Details

Version: 1.03
Check: dependencies in R code
Result: NOTE
    Packages in Depends field not imported from:
     ‘changepoint’ ‘maps’
     These packages need to be imported from (in the NAMESPACE file)
     for when this namespace is loaded but not attached.
    See the information on DESCRIPTION files in the chapter ‘Creating R
    packages’ of the ‘Writing R Extensions’ manual.
Flavors: r-devel-linux-x86_64-debian-clang, r-devel-linux-x86_64-debian-gcc, r-devel-linux-x86_64-fedora-clang, r-devel-linux-x86_64-fedora-gcc, r-devel-macosx-x86_64-clang, r-devel-windows-ix86+x86_64, r-patched-linux-x86_64, r-patched-solaris-sparc, r-patched-solaris-x86, r-release-linux-ix86, r-release-linux-x86_64, r-release-windows-ix86+x86_64, r-oldrel-windows-ix86+x86_64

Version: 1.03
Check: Rd line widths
Result: NOTE
    Rd file 'changeLight.Rd':
     \usage lines wider than 90 characters:
     changeLight(tFirst,tSecond,type,quantile=0.6,rise.prob=NA,set.prob=NA,days=5,plot=TRUE,summary=TRUE)
    
    Rd file 'siteMap.Rd':
     \usage lines wider than 90 characters:
     xlim,ylim,xlab="Longitude",ylab="Latitude",lwd=1,lty=1,pch=1,cex=1,col,main,add=FALSE)
    
    Rd file 'trip2kml.Rd':
     \usage lines wider than 90 characters:
     trip2kml(file, tFirst, tSecond, type, degElevation, col.scheme="heat.colors", point.alpha=0.7, cex=1, line.col="goldenrod")
    
    Rd file 'twilightCalc.Rd':
     \usage lines wider than 90 characters:
     twilightCalc(datetime,light,LightThreshold=TRUE,preSelection=TRUE,maxLight=NULL,ask=TRUE,nsee=500,allTwilights=FALSE)
    
    These lines will be truncated in the PDF manual.
Flavors: r-devel-linux-x86_64-fedora-clang, r-devel-linux-x86_64-fedora-gcc

Version: 1.03
Check: package dependencies
Result: ERROR
    Package required but not available: ‘changepoint’
    
    See the information on DESCRIPTION files in the chapter ‘Creating R
    packages’ of the ‘Writing R Extensions’ manual.
Flavor: r-devel-macosx-x86_64-gcc