CRAN Package Check Results for Package GeoXp

Last updated on 2014-07-24 03:48:48.

Flavor Version Tinstall Tcheck Ttotal Status Flags
r-devel-linux-x86_64-debian-clang 1.6.2 6.03 103.99 110.02 OK
r-devel-linux-x86_64-debian-gcc 1.6.2 5.94 106.77 112.71 OK
r-devel-linux-x86_64-fedora-clang 1.6.2 255.36 OK
r-devel-linux-x86_64-fedora-gcc 1.6.2 242.13 OK
r-devel-osx-x86_64-clang 1.6.2 211.24 OK
r-devel-windows-ix86+x86_64 1.6.2 16.00 141.00 157.00 OK
r-patched-linux-x86_64 1.6.2 5.91 103.72 109.63 OK
r-patched-solaris-sparc 1.6.2 1296.60 OK
r-patched-solaris-x86 1.6.2 331.40 OK
r-release-linux-ix86 1.6.2 7.38 131.54 138.92 OK
r-release-linux-x86_64 1.6.2 6.07 104.85 110.92 OK
r-release-osx-x86_64-mavericks 1.6.2 ERROR
r-release-osx-x86_64-snowleopard 1.6.2 OK
r-release-windows-ix86+x86_64 1.6.2 18.00 155.00 173.00 OK
r-oldrel-windows-ix86+x86_64 1.6.2 18.00 139.00 157.00 OK

Check Details

Version: 1.6.2
Check: package dependencies
Result: ERROR
    Package required but not available: ‘rgeos’
    
    See the information on DESCRIPTION files in the chapter ‘Creating R
    packages’ of the ‘Writing R Extensions’ manual.
Flavor: r-release-osx-x86_64-mavericks