CRAN Package Check Results for Package GeoXp

Last updated on 2014-11-22 20:46:54.

Flavor Version Tinstall Tcheck Ttotal Status Flags
r-devel-linux-x86_64-debian-clang 1.6.2 6.14 107.33 113.47 NOTE
r-devel-linux-x86_64-debian-gcc 1.6.2 5.75 104.53 110.28 NOTE
r-devel-linux-x86_64-fedora-clang 1.6.2 254.35 NOTE
r-devel-linux-x86_64-fedora-gcc 1.6.2 226.40 NOTE
r-devel-osx-x86_64-clang 1.6.2 207.73 NOTE
r-devel-windows-ix86+x86_64 1.6.2 17.00 134.00 151.00 NOTE
r-patched-linux-x86_64 1.6.2 5.96 107.84 113.79 NOTE
r-patched-solaris-sparc 1.6.2 1312.50 NOTE
r-patched-solaris-x86 1.6.2 315.20 NOTE
r-release-linux-ix86 1.6.2 7.07 126.61 133.68 NOTE
r-release-linux-x86_64 1.6.2 6.00 109.94 115.93 NOTE
r-release-osx-x86_64-mavericks 1.6.2 ERROR
r-release-osx-x86_64-snowleopard 1.6.2 OK
r-release-windows-ix86+x86_64 1.6.2 22.00 170.00 192.00 NOTE
r-oldrel-windows-ix86+x86_64 1.6.2 15.00 137.00 152.00 OK

Check Details

Version: 1.6.2
Check: R code for possible problems
Result: NOTE
    angleplotmap: no visible global function definition for ‘coordinates’
    barmap: no visible global function definition for ‘coordinates’
    barmap : pointfunc: no visible global function definition for
     ‘SpatialPoints’
    barmap : pointfunc: no visible global function definition for ‘CRS’
    barmap : pointfunc: no visible global function definition for
     ‘proj4string’
    barnbmap: no visible global function definition for ‘coordinates’
    barnbmap : pointfunc: no visible global function definition for
     ‘SpatialPoints’
    barnbmap : pointfunc: no visible global function definition for ‘CRS’
    barnbmap : pointfunc: no visible global function definition for
     ‘proj4string’
    boxplotmap: no visible global function definition for ‘coordinates’
    clustermap: no visible global function definition for ‘coordinates’
    dbledensitymap: no visible global function definition for ‘coordinates’
    dbledensitymap : pointfunc: no visible global function definition for
     ‘SpatialPoints’
    dbledensitymap : pointfunc: no visible global function definition for
     ‘CRS’
    dbledensitymap : pointfunc: no visible global function definition for
     ‘proj4string’
    dblehistomap: no visible global function definition for ‘coordinates’
    dblehistomap : pointfunc: no visible global function definition for
     ‘SpatialPoints’
    dblehistomap : pointfunc: no visible global function definition for
     ‘CRS’
    dblehistomap : pointfunc: no visible global function definition for
     ‘proj4string’
    densitymap: no visible global function definition for ‘coordinates’
    densitymap : pointfunc: no visible global function definition for
     ‘SpatialPoints’
    densitymap : pointfunc: no visible global function definition for ‘CRS’
    densitymap : pointfunc: no visible global function definition for
     ‘proj4string’
    driftmap: no visible global function definition for ‘coordinates’
    ginimap: no visible global function definition for ‘coordinates’
    histnbmap: no visible global function definition for ‘coordinates’
    histnbmap: no visible global function definition for ‘is.projected’
    histnbmap : pointfunc: no visible global function definition for
     ‘SpatialPoints’
    histnbmap : pointfunc: no visible global function definition for ‘CRS’
    histnbmap : pointfunc: no visible global function definition for
     ‘proj4string’
    histobarmap: no visible global function definition for ‘coordinates’
    histobarmap : pointfunc: no visible global function definition for
     ‘SpatialPoints’
    histobarmap : pointfunc: no visible global function definition for
     ‘CRS’
    histobarmap : pointfunc: no visible global function definition for
     ‘proj4string’
    histomap: no visible global function definition for ‘coordinates’
    histomap : pointfunc: no visible global function definition for
     ‘SpatialPoints’
    histomap : pointfunc: no visible global function definition for ‘CRS’
    histomap : pointfunc: no visible global function definition for
     ‘proj4string’
    misolationmap: no visible global function definition for ‘coordinates’
    moranplotmap: no visible global function definition for ‘coordinates’
    moranplotmap : pointfunc: no visible global function definition for
     ‘SpatialPoints’
    moranplotmap : pointfunc: no visible global function definition for
     ‘CRS’
    moranplotmap : pointfunc: no visible global function definition for
     ‘proj4string’
    mvariocloudmap: no visible global function definition for ‘coordinates’
    neighbourmap: no visible global function definition for ‘coordinates’
    neighbourmap : pointfunc: no visible global function definition for
     ‘SpatialPoints’
    neighbourmap : pointfunc: no visible global function definition for
     ‘CRS’
    neighbourmap : pointfunc: no visible global function definition for
     ‘proj4string’
    pcamap: no visible global function definition for ‘coordinates’
    pcamap : pointfunc: no visible global function definition for
     ‘SpatialPoints’
    pcamap : pointfunc: no visible global function definition for ‘CRS’
    pcamap : pointfunc: no visible global function definition for
     ‘proj4string’
    plot3dmap: no visible global function definition for ‘coordinates’
    plot3dmap: no visible global function definition for ‘par3d’
    plot3dmap: no visible global function definition for ‘rotationMatrix’
    plot3dmap: no visible global function definition for ‘bg3d’
    polyboxplotmap: no visible global function definition for ‘coordinates’
    scattermap: no visible global function definition for ‘coordinates’
    scattermap : pointfunc: no visible global function definition for
     ‘SpatialPoints’
    scattermap : pointfunc: no visible global function definition for ‘CRS’
    scattermap : pointfunc: no visible global function definition for
     ‘proj4string’
    variocloudmap: no visible global function definition for ‘coordinates’
Flavors: r-devel-linux-x86_64-debian-clang, r-devel-linux-x86_64-debian-gcc, r-devel-linux-x86_64-fedora-clang, r-devel-linux-x86_64-fedora-gcc, r-devel-osx-x86_64-clang, r-devel-windows-ix86+x86_64, r-patched-linux-x86_64, r-patched-solaris-sparc, r-patched-solaris-x86, r-release-linux-ix86, r-release-linux-x86_64, r-release-windows-ix86+x86_64

Version: 1.6.2
Check: package dependencies
Result: ERROR
    Package required but not available: ‘rgeos’
    
    See the information on DESCRIPTION files in the chapter ‘Creating R
    packages’ of the ‘Writing R Extensions’ manual.
Flavor: r-release-osx-x86_64-mavericks