CRAN Package Check Results for Package GeoXp

Last updated on 2014-08-01 01:48:19.

Flavor Version Tinstall Tcheck Ttotal Status Flags
r-devel-linux-x86_64-debian-clang 1.6.2 6.99 104.14 111.13 OK
r-devel-linux-x86_64-debian-gcc 1.6.2 6.33 103.58 109.91 OK
r-devel-linux-x86_64-fedora-clang 1.6.2 250.60 OK
r-devel-linux-x86_64-fedora-gcc 1.6.2 237.18 OK
r-devel-osx-x86_64-clang 1.6.2 199.44 OK
r-devel-windows-ix86+x86_64 1.6.2 18.00 140.00 158.00 OK
r-patched-linux-x86_64 1.6.2 6.88 103.52 110.40 OK
r-patched-solaris-sparc 1.6.2 1307.90 OK
r-patched-solaris-x86 1.6.2 327.40 OK
r-release-linux-ix86 1.6.2 7.82 129.59 137.41 OK
r-release-linux-x86_64 1.6.2 6.20 106.85 113.05 OK
r-release-osx-x86_64-mavericks 1.6.2 ERROR
r-release-osx-x86_64-snowleopard 1.6.2 OK
r-release-windows-ix86+x86_64 1.6.2 25.00 208.00 233.00 OK
r-oldrel-windows-ix86+x86_64 1.6.2 25.00 198.00 223.00 OK

Check Details

Version: 1.6.2
Check: package dependencies
Result: ERROR
    Package required but not available: rgeos
    
    See the information on DESCRIPTION files in the chapter Creating R
    packages of the Writing R Extensions manual.
Flavor: r-release-osx-x86_64-mavericks