CRAN Package Check Results for Package GeoXp

Last updated on 2014-09-02 05:46:34.

Flavor Version Tinstall Tcheck Ttotal Status Flags
r-devel-linux-x86_64-debian-clang 1.6.2 5.89 101.99 107.88 NOTE
r-devel-linux-x86_64-debian-gcc 1.6.2 5.77 99.19 104.96 NOTE
r-devel-linux-x86_64-fedora-clang 1.6.2 244.10 NOTE
r-devel-linux-x86_64-fedora-gcc 1.6.2 232.00 NOTE
r-devel-osx-x86_64-clang 1.6.2 219.44 NOTE
r-devel-windows-ix86+x86_64 1.6.2 18.00 132.00 150.00 NOTE
r-patched-linux-x86_64 1.6.2 6.02 104.90 110.91 OK
r-patched-solaris-sparc 1.6.2 1307.90 OK
r-patched-solaris-x86 1.6.2 324.40 OK
r-release-linux-ix86 1.6.2 7.51 132.42 139.92 OK
r-release-linux-x86_64 1.6.2 6.29 107.49 113.78 OK
r-release-osx-x86_64-mavericks 1.6.2 ERROR
r-release-osx-x86_64-snowleopard 1.6.2 OK
r-release-windows-ix86+x86_64 1.6.2 17.00 149.00 166.00 OK
r-oldrel-windows-ix86+x86_64 1.6.2 20.00 137.00 157.00 OK

Check Details

Version: 1.6.2
Check: R code for possible problems
Result: NOTE
    angleplotmap: no visible global function definition for ‘coordinates’
    barmap: no visible global function definition for ‘coordinates’
    barmap : pointfunc: no visible global function definition for
     ‘SpatialPoints’
    barmap : pointfunc: no visible global function definition for ‘CRS’
    barmap : pointfunc: no visible global function definition for
     ‘proj4string’
    barnbmap: no visible global function definition for ‘coordinates’
    barnbmap : pointfunc: no visible global function definition for
     ‘SpatialPoints’
    barnbmap : pointfunc: no visible global function definition for ‘CRS’
    barnbmap : pointfunc: no visible global function definition for
     ‘proj4string’
    boxplotmap: no visible global function definition for ‘coordinates’
    clustermap: no visible global function definition for ‘coordinates’
    dbledensitymap: no visible global function definition for ‘coordinates’
    dbledensitymap : pointfunc: no visible global function definition for
     ‘SpatialPoints’
    dbledensitymap : pointfunc: no visible global function definition for
     ‘CRS’
    dbledensitymap : pointfunc: no visible global function definition for
     ‘proj4string’
    dblehistomap: no visible global function definition for ‘coordinates’
    dblehistomap : pointfunc: no visible global function definition for
     ‘SpatialPoints’
    dblehistomap : pointfunc: no visible global function definition for
     ‘CRS’
    dblehistomap : pointfunc: no visible global function definition for
     ‘proj4string’
    densitymap: no visible global function definition for ‘coordinates’
    densitymap : pointfunc: no visible global function definition for
     ‘SpatialPoints’
    densitymap : pointfunc: no visible global function definition for ‘CRS’
    densitymap : pointfunc: no visible global function definition for
     ‘proj4string’
    driftmap: no visible global function definition for ‘coordinates’
    ginimap: no visible global function definition for ‘coordinates’
    histnbmap: no visible global function definition for ‘coordinates’
    histnbmap: no visible global function definition for ‘is.projected’
    histnbmap : pointfunc: no visible global function definition for
     ‘SpatialPoints’
    histnbmap : pointfunc: no visible global function definition for ‘CRS’
    histnbmap : pointfunc: no visible global function definition for
     ‘proj4string’
    histobarmap: no visible global function definition for ‘coordinates’
    histobarmap : pointfunc: no visible global function definition for
     ‘SpatialPoints’
    histobarmap : pointfunc: no visible global function definition for
     ‘CRS’
    histobarmap : pointfunc: no visible global function definition for
     ‘proj4string’
    histomap: no visible global function definition for ‘coordinates’
    histomap : pointfunc: no visible global function definition for
     ‘SpatialPoints’
    histomap : pointfunc: no visible global function definition for ‘CRS’
    histomap : pointfunc: no visible global function definition for
     ‘proj4string’
    misolationmap: no visible global function definition for ‘coordinates’
    moranplotmap: no visible global function definition for ‘coordinates’
    moranplotmap : pointfunc: no visible global function definition for
     ‘SpatialPoints’
    moranplotmap : pointfunc: no visible global function definition for
     ‘CRS’
    moranplotmap : pointfunc: no visible global function definition for
     ‘proj4string’
    mvariocloudmap: no visible global function definition for ‘coordinates’
    neighbourmap: no visible global function definition for ‘coordinates’
    neighbourmap : pointfunc: no visible global function definition for
     ‘SpatialPoints’
    neighbourmap : pointfunc: no visible global function definition for
     ‘CRS’
    neighbourmap : pointfunc: no visible global function definition for
     ‘proj4string’
    pcamap: no visible global function definition for ‘coordinates’
    pcamap : pointfunc: no visible global function definition for
     ‘SpatialPoints’
    pcamap : pointfunc: no visible global function definition for ‘CRS’
    pcamap : pointfunc: no visible global function definition for
     ‘proj4string’
    plot3dmap: no visible global function definition for ‘coordinates’
    plot3dmap: no visible global function definition for ‘par3d’
    plot3dmap: no visible global function definition for ‘rotationMatrix’
    plot3dmap: no visible global function definition for ‘bg3d’
    polyboxplotmap: no visible global function definition for ‘coordinates’
    scattermap: no visible global function definition for ‘coordinates’
    scattermap : pointfunc: no visible global function definition for
     ‘SpatialPoints’
    scattermap : pointfunc: no visible global function definition for ‘CRS’
    scattermap : pointfunc: no visible global function definition for
     ‘proj4string’
    variocloudmap: no visible global function definition for ‘coordinates’
Flavors: r-devel-linux-x86_64-debian-clang, r-devel-linux-x86_64-debian-gcc, r-devel-linux-x86_64-fedora-clang, r-devel-linux-x86_64-fedora-gcc, r-devel-osx-x86_64-clang, r-devel-windows-ix86+x86_64

Version: 1.6.2
Check: package dependencies
Result: ERROR
    Package required but not available: ‘rgeos’
    
    See the information on DESCRIPTION files in the chapter ‘Creating R
    packages’ of the ‘Writing R Extensions’ manual.
Flavor: r-release-osx-x86_64-mavericks