CRAN Package Check Results for Package GeoXp

Last updated on 2016-02-07 03:50:36.

Flavor Version Tinstall Tcheck Ttotal Status Flags
r-devel-linux-x86_64-debian-gcc 1.6.2 4.88 97.66 102.54 NOTE
r-devel-linux-x86_64-fedora-clang 1.6.2 181.07 NOTE
r-devel-linux-x86_64-fedora-gcc 1.6.2 171.40 NOTE
r-devel-osx-x86_64-clang 1.6.2 194.53 NOTE
r-devel-windows-ix86+x86_64 1.6.2 14.00 137.00 151.00 NOTE
r-patched-linux-x86_64 1.6.2 5.20 107.39 112.60 NOTE
r-patched-solaris-sparc 1.6.2 1132.70 NOTE
r-patched-solaris-x86 1.6.2 248.50 NOTE
r-release-linux-x86_64 1.6.2 5.70 105.40 111.10 NOTE
r-release-osx-x86_64-mavericks 1.6.2 NOTE
r-release-windows-ix86+x86_64 1.6.2 15.00 133.00 148.00 NOTE
r-oldrel-windows-ix86+x86_64 1.6.2 28.00 199.00 227.00 NOTE

Check Details

Version: 1.6.2
Check: R code for possible problems
Result: NOTE
    angleplotmap: no visible global function definition for ‘coordinates’
    angleplotmap: no visible global function definition for ‘dev.list’
    angleplotmap: no visible global function definition for ‘dev.new’
    angleplotmap : pointfunc: no visible global function definition for
     ‘dev.set’
    angleplotmap : pointfunc: no visible global function definition for
     ‘title’
    angleplotmap : pointfunc: no visible global function definition for
     ‘locator’
    angleplotmap : polyfunc: no visible global function definition for
     ‘dev.set’
    angleplotmap : polyfunc: no visible global function definition for
     ‘title’
    angleplotmap : polyfunc: no visible global function definition for
     ‘locator’
    angleplotmap : polyfunc: no visible global function definition for
     ‘lines’
    barmap: no visible global function definition for ‘coordinates’
    barmap: no visible global function definition for ‘dev.list’
    barmap: no visible global function definition for ‘dev.new’
    barmap : pointfunc: no visible global function definition for ‘dev.set’
    barmap : pointfunc: no visible global function definition for ‘title’
    barmap : pointfunc: no visible global function definition for ‘points’
    barmap : pointfunc: no visible global function definition for ‘locator’
    barmap : pointfunc: no visible global function definition for
     ‘SpatialPoints’
    barmap : pointfunc: no visible global function definition for ‘CRS’
    barmap : pointfunc: no visible global function definition for
     ‘proj4string’
    barmap : pointfunc: no visible global function definition for
     ‘dev.list’
    barmap : polyfunc: no visible global function definition for ‘dev.set’
    barmap : polyfunc: no visible global function definition for ‘title’
    barmap : polyfunc: no visible global function definition for ‘points’
    barmap : polyfunc: no visible global function definition for ‘locator’
    barmap : polyfunc: no visible global function definition for ‘lines’
    barmap : polyfunc: no visible global function definition for ‘dev.list’
    barmap : barfunc: no visible global function definition for ‘dev.set’
    barmap : barfunc: no visible global function definition for ‘title’
    barmap : barfunc: no visible global function definition for ‘locator’
    barmap : barfunc: no visible global function definition for ‘dev.list’
    barmap : graphfunc: no visible global function definition for
     ‘dev.list’
    barmap : graphfunc: no visible global function definition for ‘dev.new’
    barmap : SGfunc: no visible global function definition for ‘dev.list’
    barmap : OnOK: no visible global function definition for ‘dev.set’
    barmap : OnOK: no visible global function definition for ‘locator’
    barnbmap: no visible global function definition for ‘coordinates’
    barnbmap: no visible global function definition for ‘dev.list’
    barnbmap: no visible global function definition for ‘dev.new’
    barnbmap : pointfunc: no visible global function definition for
     ‘dev.set’
    barnbmap : pointfunc: no visible global function definition for ‘title’
    barnbmap : pointfunc: no visible global function definition for
     ‘points’
    barnbmap : pointfunc: no visible global function definition for
     ‘locator’
    barnbmap : pointfunc: no visible global function definition for
     ‘SpatialPoints’
    barnbmap : pointfunc: no visible global function definition for ‘CRS’
    barnbmap : pointfunc: no visible global function definition for
     ‘proj4string’
    barnbmap : polyfunc: no visible global function definition for
     ‘dev.set’
    barnbmap : polyfunc: no visible global function definition for ‘title’
    barnbmap : polyfunc: no visible global function definition for ‘points’
    barnbmap : polyfunc: no visible global function definition for
     ‘locator’
    barnbmap : polyfunc: no visible global function definition for ‘lines’
    barnbmap : barfunc: no visible global function definition for ‘dev.set’
    barnbmap : barfunc: no visible global function definition for ‘title’
    barnbmap : barfunc: no visible global function definition for ‘locator’
    boxplotmap: no visible global function definition for ‘coordinates’
    boxplotmap: no visible global function definition for ‘dev.list’
    boxplotmap: no visible global function definition for ‘dev.new’
    boxplotmap : boxfunc: no visible global function definition for
     ‘dev.set’
    boxplotmap : boxfunc: no visible global function definition for ‘title’
    boxplotmap : boxfunc: no visible global function definition for
     ‘locator’
    boxplotmap : boxfunc: no visible global function definition for
     ‘dev.list’
    boxplotmap : SGfunc: no visible global function definition for
     ‘dev.list’
    boxplotmap : graphfunc: no visible global function definition for
     ‘dev.list’
    boxplotmap : graphfunc: no visible global function definition for
     ‘dev.new’
    carte: no visible global function definition for ‘dev.set’
    carte: no visible global function definition for ‘plot’
    carte: no visible global function definition for ‘segments’
    carte: no visible global function definition for ‘points’
    carte: no visible global function definition for ‘legend’
    carte: no visible global function definition for ‘text’
    choix.bubble : OnOK : bubl: no visible global function definition for
     ‘dev.set’
    choix.bubble : OnOK : bubl: no visible global function definition for
     ‘title’
    choix.bubble : OnOK : bubl: no visible global function definition for
     ‘locator’
    choix.bubble: no visible global function definition for ‘dev.set’
    choix.bubble: no visible global function definition for ‘title’
    choix.bubble: no visible global function definition for ‘locator’
    choix.couleur : OnOK : run : OnOK3 : run : OnOK5: no visible global
     function definition for ‘dev.set’
    choix.couleur : OnOK : run : OnOK3 : run : OnOK5: no visible global
     function definition for ‘title’
    choix.couleur : OnOK : run : OnOK3 : run : OnOK5: no visible global
     function definition for ‘locator’
    choix.couleur : OnOK : run : OnOK4 : OnOK5: no visible global function
     definition for ‘dev.set’
    choix.couleur : OnOK : run : OnOK4 : OnOK5: no visible global function
     definition for ‘title’
    choix.couleur : OnOK : run : OnOK4 : OnOK5: no visible global function
     definition for ‘locator’
    clustermap: no visible global function definition for ‘coordinates’
    clustermap: no visible global function definition for ‘dev.list’
    clustermap: no visible global function definition for ‘dev.new’
    clustermap : pointfunc: no visible global function definition for
     ‘dev.set’
    clustermap : pointfunc: no visible global function definition for
     ‘title’
    clustermap : pointfunc: no visible global function definition for
     ‘locator’
    clustermap : pointfunc: no visible global function definition for
     ‘dev.list’
    clustermap : polyfunc: no visible global function definition for
     ‘dev.set’
    clustermap : polyfunc: no visible global function definition for
     ‘title’
    clustermap : polyfunc: no visible global function definition for
     ‘locator’
    clustermap : polyfunc: no visible global function definition for
     ‘lines’
    clustermap : polyfunc: no visible global function definition for
     ‘dev.list’
    clustermap : barfunc: no visible global function definition for
     ‘dev.set’
    clustermap : barfunc: no visible global function definition for ‘title’
    clustermap : barfunc: no visible global function definition for
     ‘locator’
    clustermap : barfunc: no visible global function definition for
     ‘dev.list’
    clustermap : graphfunc: no visible global function definition for
     ‘dev.list’
    clustermap : graphfunc: no visible global function definition for
     ‘dev.new’
    clustermap : SGfunc: no visible global function definition for
     ‘dev.list’
    clustermap: no visible global function definition for ‘dev.set’
    clustermap: no visible global function definition for ‘plot’
    clustermap : OnOK: no visible global function definition for ‘dev.set’
    clustermap : OnOK: no visible global function definition for ‘locator’
    dbledensitymap: no visible global function definition for ‘coordinates’
    dbledensitymap: no visible global function definition for ‘dev.list’
    dbledensitymap: no visible global function definition for ‘dev.new’
    dbledensitymap : pointfunc: no visible global function definition for
     ‘dev.set’
    dbledensitymap : pointfunc: no visible global function definition for
     ‘title’
    dbledensitymap : pointfunc: no visible global function definition for
     ‘points’
    dbledensitymap : pointfunc: no visible global function definition for
     ‘locator’
    dbledensitymap : pointfunc: no visible global function definition for
     ‘SpatialPoints’
    dbledensitymap : pointfunc: no visible global function definition for
     ‘CRS’
    dbledensitymap : pointfunc: no visible global function definition for
     ‘proj4string’
    dbledensitymap : pointfunc: no visible global function definition for
     ‘dev.list’
    dbledensitymap : polyfunc: no visible global function definition for
     ‘dev.set’
    dbledensitymap : polyfunc: no visible global function definition for
     ‘title’
    dbledensitymap : polyfunc: no visible global function definition for
     ‘points’
    dbledensitymap : polyfunc: no visible global function definition for
     ‘locator’
    dbledensitymap : polyfunc: no visible global function definition for
     ‘lines’
    dbledensitymap : polyfunc: no visible global function definition for
     ‘dev.list’
    dbledensitymap : inter1func: no visible global function definition for
     ‘dev.set’
    dbledensitymap : inter1func: no visible global function definition for
     ‘title’
    dbledensitymap : inter1func: no visible global function definition for
     ‘locator’
    dbledensitymap : inter1func: no visible global function definition for
     ‘dev.list’
    dbledensitymap : inter2func: no visible global function definition for
     ‘dev.set’
    dbledensitymap : inter2func: no visible global function definition for
     ‘title’
    dbledensitymap : inter2func: no visible global function definition for
     ‘locator’
    dbledensitymap : inter2func: no visible global function definition for
     ‘dev.list’
    dbledensitymap : choixvalue1: no visible global function definition for
     ‘dev.set’
    dbledensitymap : choixvalue1: no visible global function definition for
     ‘title’
    dbledensitymap : choixvalue1 : OnOK: no visible global function
     definition for ‘dev.set’
    dbledensitymap : choixvalue1 : OnOK: no visible global function
     definition for ‘title’
    dbledensitymap : choixvalue1 : OnOK: no visible global function
     definition for ‘dev.list’
    dbledensitymap : choixvalue2: no visible global function definition for
     ‘dev.set’
    dbledensitymap : choixvalue2: no visible global function definition for
     ‘title’
    dbledensitymap : choixvalue2 : OnOK: no visible global function
     definition for ‘dev.set’
    dbledensitymap : choixvalue2 : OnOK: no visible global function
     definition for ‘title’
    dbledensitymap : choixvalue2 : OnOK: no visible global function
     definition for ‘dev.list’
    dbledensitymap : refresh1.code: no visible global function definition
     for ‘dev.set’
    dbledensitymap : refresh1.code: no visible global function definition
     for ‘title’
    dbledensitymap : SGfunc: no visible global function definition for
     ‘dev.list’
    dbledensitymap : graphfunc: no visible global function definition for
     ‘dev.list’
    dbledensitymap : graphfunc: no visible global function definition for
     ‘dev.new’
    dblehistomap: no visible global function definition for ‘coordinates’
    dblehistomap: no visible global function definition for ‘dev.list’
    dblehistomap: no visible global function definition for ‘dev.new’
    dblehistomap : pointfunc: no visible global function definition for
     ‘dev.set’
    dblehistomap : pointfunc: no visible global function definition for
     ‘title’
    dblehistomap : pointfunc: no visible global function definition for
     ‘locator’
    dblehistomap : pointfunc: no visible global function definition for
     ‘points’
    dblehistomap : pointfunc: no visible global function definition for
     ‘SpatialPoints’
    dblehistomap : pointfunc: no visible global function definition for
     ‘CRS’
    dblehistomap : pointfunc: no visible global function definition for
     ‘proj4string’
    dblehistomap : pointfunc: no visible global function definition for
     ‘dev.list’
    dblehistomap : polyfunc: no visible global function definition for
     ‘dev.set’
    dblehistomap : polyfunc: no visible global function definition for
     ‘title’
    dblehistomap : polyfunc: no visible global function definition for
     ‘points’
    dblehistomap : polyfunc: no visible global function definition for
     ‘locator’
    dblehistomap : polyfunc: no visible global function definition for
     ‘lines’
    dblehistomap : polyfunc: no visible global function definition for
     ‘dev.list’
    dblehistomap : bar1func: no visible global function definition for
     ‘dev.set’
    dblehistomap : bar1func: no visible global function definition for
     ‘title’
    dblehistomap : bar1func: no visible global function definition for
     ‘locator’
    dblehistomap : bar1func: no visible global function definition for
     ‘dev.list’
    dblehistomap : bar2func: no visible global function definition for
     ‘dev.set’
    dblehistomap : bar2func: no visible global function definition for
     ‘title’
    dblehistomap : bar2func: no visible global function definition for
     ‘locator’
    dblehistomap : bar2func: no visible global function definition for
     ‘dev.list’
    dblehistomap : graphfunc: no visible global function definition for
     ‘dev.list’
    dblehistomap : graphfunc: no visible global function definition for
     ‘dev.new’
    dblehistomap : SGfunc: no visible global function definition for
     ‘dev.list’
    densitymap: no visible global function definition for ‘coordinates’
    densitymap: no visible global function definition for ‘dev.list’
    densitymap: no visible global function definition for ‘dev.new’
    densitymap : pointfunc: no visible global function definition for
     ‘dev.set’
    densitymap : pointfunc: no visible global function definition for
     ‘title’
    densitymap : pointfunc: no visible global function definition for
     ‘points’
    densitymap : pointfunc: no visible global function definition for
     ‘locator’
    densitymap : pointfunc: no visible global function definition for
     ‘SpatialPoints’
    densitymap : pointfunc: no visible global function definition for ‘CRS’
    densitymap : pointfunc: no visible global function definition for
     ‘proj4string’
    densitymap : pointfunc: no visible global function definition for
     ‘dev.list’
    densitymap : polyfunc: no visible global function definition for
     ‘dev.set’
    densitymap : polyfunc: no visible global function definition for
     ‘title’
    densitymap : polyfunc: no visible global function definition for
     ‘points’
    densitymap : polyfunc: no visible global function definition for
     ‘locator’
    densitymap : polyfunc: no visible global function definition for
     ‘lines’
    densitymap : polyfunc: no visible global function definition for
     ‘dev.list’
    densitymap : interfunc: no visible global function definition for
     ‘dev.set’
    densitymap : interfunc: no visible global function definition for
     ‘title’
    densitymap : interfunc: no visible global function definition for
     ‘locator’
    densitymap : interfunc: no visible global function definition for
     ‘dev.list’
    densitymap : choixvalue: no visible global function definition for
     ‘dev.set’
    densitymap : choixvalue: no visible global function definition for
     ‘title’
    densitymap : choixvalue : OnOK: no visible global function definition
     for ‘dev.list’
    densitymap : refresh.code: no visible global function definition for
     ‘dev.set’
    densitymap : refresh.code: no visible global function definition for
     ‘title’
    densitymap : graphfunc: no visible global function definition for
     ‘dev.list’
    densitymap : graphfunc: no visible global function definition for
     ‘dev.new’
    densitymap : SGfunc: no visible global function definition for
     ‘dev.list’
    driftmap: no visible global function definition for ‘coordinates’
    driftmap: no visible global function definition for ‘dev.list’
    driftmap: no visible global function definition for ‘dev.new’
    driftmap : pointfunc: no visible global function definition for
     ‘dev.set’
    driftmap : pointfunc: no visible global function definition for ‘title’
    driftmap : pointfunc: no visible global function definition for
     ‘locator’
    driftmap : pointfunc: no visible global function definition for
     ‘dev.list’
    driftmap : polyfunc: no visible global function definition for
     ‘dev.set’
    driftmap : polyfunc: no visible global function definition for ‘title’
    driftmap : polyfunc: no visible global function definition for
     ‘locator’
    driftmap : polyfunc: no visible global function definition for ‘lines’
    driftmap : polyfunc: no visible global function definition for
     ‘dev.list’
    driftmap : graphfunc: no visible global function definition for
     ‘dev.list’
    driftmap : graphfunc: no visible global function definition for
     ‘dev.new’
    driftmap : graphique.drift: no visible global function definition for
     ‘dev.set’
    driftmap : graphique.drift: no visible global function definition for
     ‘layout’
    driftmap : graphique.drift: no visible global function definition for
     ‘layout.show’
    driftmap : graphique.drift: no visible global function definition for
     ‘par’
    driftmap : graphique.drift: no visible global function definition for
     ‘plot’
    driftmap : graphique.drift: no visible global function definition for
     ‘segments’
    driftmap : graphique.drift: no visible global function definition for
     ‘points’
    driftmap : graphique.drift: no visible global function definition for
     ‘axis’
    driftmap : graphique.drift: no visible global function definition for
     ‘polygon’
    driftmap : graphique.drift: no visible global function definition for
     ‘text’
    driftmap : graphique.drift: no visible global function definition for
     ‘legend’
    driftmap : quitfunc: no visible global function definition for
     ‘dev.set’
    driftmap : quitfunc: no visible global function definition for ‘layout’
    driftmap : quitfunc: no visible global function definition for ‘par’
    driftmap : quitfunc2: no visible global function definition for
     ‘dev.set’
    driftmap : quitfunc2: no visible global function definition for
     ‘layout’
    driftmap : quitfunc2: no visible global function definition for ‘par’
    driftmap : SGfunc: no visible global function definition for ‘dev.list’
    ginimap: no visible global function definition for ‘coordinates’
    ginimap: no visible global function definition for ‘dev.list’
    ginimap: no visible global function definition for ‘dev.new’
    ginimap : ginifunc: no visible global function definition for ‘dev.set’
    ginimap : ginifunc: no visible global function definition for ‘title’
    ginimap : ginifunc: no visible global function definition for ‘locator’
    ginimap : ginifunc: no visible global function definition for
     ‘dev.list’
    ginimap : graphfunc: no visible global function definition for
     ‘dev.list’
    ginimap : graphfunc: no visible global function definition for
     ‘dev.new’
    ginimap : SGfunc: no visible global function definition for ‘dev.list’
    ginimap : choixvalue: no visible global function definition for
     ‘dev.set’
    ginimap : choixvalue: no visible global function definition for ‘title’
    ginimap : choixvalue : OnOK: no visible global function definition for
     ‘dev.list’
    graphique: no visible global function definition for ‘dev.set’
    graphique: no visible global function definition for ‘plot’
    graphique: no visible global function definition for ‘rect’
    graphique: no visible global function definition for ‘barplot’
    graphique: no visible global function definition for ‘heat.colors’
    graphique: no visible global function definition for ‘layout’
    graphique: no visible global function definition for ‘par’
    graphique: no visible global function definition for ‘boxplot’
    graphique: no visible global function definition for ‘title’
    graphique: no visible global function definition for ‘points’
    graphique: no visible global function definition for ‘segments’
    graphique: no visible global function definition for ‘lines’
    graphique: no visible global function definition for ‘text’
    graphique: no visible global function definition for ‘dev.cur’
    graphique: no visible global function definition for ‘polygon’
    graphique: no visible global function definition for ‘colors’
    graphique: no visible global function definition for ‘axis’
    graphique: no visible global function definition for ‘abline’
    graphique: no visible global function definition for ‘legend’
    histnbmap: no visible global function definition for ‘coordinates’
    histnbmap: no visible global function definition for ‘dev.list’
    histnbmap: no visible global function definition for ‘dev.new’
    histnbmap: no visible global function definition for ‘is.projected’
    histnbmap : pointfunc: no visible global function definition for
     ‘dev.set’
    histnbmap : pointfunc: no visible global function definition for
     ‘title’
    histnbmap : pointfunc: no visible global function definition for
     ‘points’
    histnbmap : pointfunc: no visible global function definition for
     ‘locator’
    histnbmap : pointfunc: no visible global function definition for
     ‘SpatialPoints’
    histnbmap : pointfunc: no visible global function definition for ‘CRS’
    histnbmap : pointfunc: no visible global function definition for
     ‘proj4string’
    histnbmap : polyfunc: no visible global function definition for
     ‘dev.set’
    histnbmap : polyfunc: no visible global function definition for ‘title’
    histnbmap : polyfunc: no visible global function definition for
     ‘points’
    histnbmap : polyfunc: no visible global function definition for
     ‘locator’
    histnbmap : polyfunc: no visible global function definition for ‘lines’
    histnbmap : barfunc: no visible global function definition for
     ‘dev.set’
    histnbmap : barfunc: no visible global function definition for ‘title’
    histnbmap : barfunc: no visible global function definition for
     ‘locator’
    histobarmap: no visible global function definition for ‘coordinates’
    histobarmap: no visible global function definition for ‘dev.list’
    histobarmap: no visible global function definition for ‘dev.new’
    histobarmap : pointfunc: no visible global function definition for
     ‘dev.set’
    histobarmap : pointfunc: no visible global function definition for
     ‘title’
    histobarmap : pointfunc: no visible global function definition for
     ‘points’
    histobarmap : pointfunc: no visible global function definition for
     ‘locator’
    histobarmap : pointfunc: no visible global function definition for
     ‘SpatialPoints’
    histobarmap : pointfunc: no visible global function definition for
     ‘CRS’
    histobarmap : pointfunc: no visible global function definition for
     ‘proj4string’
    histobarmap : pointfunc: no visible global function definition for
     ‘dev.list’
    histobarmap : polyfunc: no visible global function definition for
     ‘dev.set’
    histobarmap : polyfunc: no visible global function definition for
     ‘title’
    histobarmap : polyfunc: no visible global function definition for
     ‘points’
    histobarmap : polyfunc: no visible global function definition for
     ‘locator’
    histobarmap : polyfunc: no visible global function definition for
     ‘lines’
    histobarmap : polyfunc: no visible global function definition for
     ‘dev.list’
    histobarmap : bar1func: no visible global function definition for
     ‘dev.set’
    histobarmap : bar1func: no visible global function definition for
     ‘title’
    histobarmap : bar1func: no visible global function definition for
     ‘locator’
    histobarmap : bar1func: no visible global function definition for
     ‘dev.list’
    histobarmap : bar2func: no visible global function definition for
     ‘dev.set’
    histobarmap : bar2func: no visible global function definition for
     ‘title’
    histobarmap : bar2func: no visible global function definition for
     ‘locator’
    histobarmap : bar2func: no visible global function definition for
     ‘dev.list’
    histobarmap : graphfunc: no visible global function definition for
     ‘dev.list’
    histobarmap : graphfunc: no visible global function definition for
     ‘dev.new’
    histobarmap : SGfunc: no visible global function definition for
     ‘dev.list’
    histobarmap : OnOK: no visible global function definition for ‘dev.set’
    histobarmap : OnOK: no visible global function definition for ‘locator’
    histomap: no visible global function definition for ‘coordinates’
    histomap: no visible global function definition for ‘dev.list’
    histomap: no visible global function definition for ‘dev.new’
    histomap : pointfunc: no visible global function definition for
     ‘dev.set’
    histomap : pointfunc: no visible global function definition for ‘title’
    histomap : pointfunc: no visible global function definition for
     ‘points’
    histomap : pointfunc: no visible global function definition for
     ‘locator’
    histomap : pointfunc: no visible global function definition for
     ‘SpatialPoints’
    histomap : pointfunc: no visible global function definition for ‘CRS’
    histomap : pointfunc: no visible global function definition for
     ‘proj4string’
    histomap : pointfunc: no visible global function definition for
     ‘dev.list’
    histomap : polyfunc: no visible global function definition for
     ‘dev.set’
    histomap : polyfunc: no visible global function definition for ‘title’
    histomap : polyfunc: no visible global function definition for ‘points’
    histomap : polyfunc: no visible global function definition for
     ‘locator’
    histomap : polyfunc: no visible global function definition for ‘lines’
    histomap : polyfunc: no visible global function definition for
     ‘dev.list’
    histomap : barfunc: no visible global function definition for ‘dev.set’
    histomap : barfunc: no visible global function definition for ‘title’
    histomap : barfunc: no visible global function definition for ‘locator’
    histomap : barfunc: no visible global function definition for
     ‘dev.list’
    histomap : graphfunc: no visible global function definition for
     ‘dev.list’
    histomap : graphfunc: no visible global function definition for
     ‘dev.new’
    histomap : SGfunc: no visible global function definition for ‘dev.list’
    misolationmap: no visible global function definition for ‘coordinates’
    misolationmap: no visible global function definition for ‘dev.list’
    misolationmap: no visible global function definition for ‘dev.new’
    misolationmap : pointfunca: no visible global function definition for
     ‘dev.set’
    misolationmap : pointfunca: no visible global function definition for
     ‘title’
    misolationmap : pointfunca: no visible global function definition for
     ‘locator’
    misolationmap : polyfunca: no visible global function definition for
     ‘dev.set’
    misolationmap : polyfunca: no visible global function definition for
     ‘title’
    misolationmap : polyfunca: no visible global function definition for
     ‘locator’
    misolationmap : polyfunca: no visible global function definition for
     ‘lines’
    misolationmap : pointfunc: no visible global function definition for
     ‘dev.set’
    misolationmap : pointfunc: no visible global function definition for
     ‘title’
    misolationmap : pointfunc: no visible global function definition for
     ‘locator’
    misolationmap : polyfunc: no visible global function definition for
     ‘dev.set’
    misolationmap : polyfunc: no visible global function definition for
     ‘title’
    misolationmap : polyfunc: no visible global function definition for
     ‘locator’
    misolationmap : polyfunc: no visible global function definition for
     ‘lines’
    moranplotmap: no visible global function definition for ‘coordinates’
    moranplotmap: no visible global function definition for ‘dev.list’
    moranplotmap: no visible global function definition for ‘dev.new’
    moranplotmap : pointfunc: no visible global function definition for
     ‘dev.set’
    moranplotmap : pointfunc: no visible global function definition for
     ‘title’
    moranplotmap : pointfunc: no visible global function definition for
     ‘points’
    moranplotmap : pointfunc: no visible global function definition for
     ‘locator’
    moranplotmap : pointfunc: no visible global function definition for
     ‘SpatialPoints’
    moranplotmap : pointfunc: no visible global function definition for
     ‘CRS’
    moranplotmap : pointfunc: no visible global function definition for
     ‘proj4string’
    moranplotmap : pointfunc: no visible global function definition for
     ‘dev.list’
    moranplotmap : polyfunc: no visible global function definition for
     ‘dev.set’
    moranplotmap : polyfunc: no visible global function definition for
     ‘title’
    moranplotmap : polyfunc: no visible global function definition for
     ‘points’
    moranplotmap : polyfunc: no visible global function definition for
     ‘locator’
    moranplotmap : polyfunc: no visible global function definition for
     ‘lines’
    moranplotmap : polyfunc: no visible global function definition for
     ‘dev.list’
    moranplotmap : quadfunc: no visible global function definition for
     ‘dev.list’
    moranplotmap : graphfunc: no visible global function definition for
     ‘dev.list’
    moranplotmap : graphfunc: no visible global function definition for
     ‘dev.new’
    mvariocloudmap: no visible global function definition for ‘coordinates’
    mvariocloudmap: no visible global function definition for ‘dev.list’
    mvariocloudmap: no visible global function definition for ‘dev.new’
    mvariocloudmap : pointfunca: no visible global function definition for
     ‘dev.set’
    mvariocloudmap : pointfunca: no visible global function definition for
     ‘title’
    mvariocloudmap : pointfunca: no visible global function definition for
     ‘locator’
    mvariocloudmap : polyfunca: no visible global function definition for
     ‘dev.set’
    mvariocloudmap : polyfunca: no visible global function definition for
     ‘title’
    mvariocloudmap : polyfunca: no visible global function definition for
     ‘locator’
    mvariocloudmap : polyfunca: no visible global function definition for
     ‘lines’
    mvariocloudmap : pointfunc: no visible global function definition for
     ‘dev.set’
    mvariocloudmap : pointfunc: no visible global function definition for
     ‘title’
    mvariocloudmap : pointfunc: no visible global function definition for
     ‘locator’
    mvariocloudmap : polyfunc: no visible global function definition for
     ‘dev.set’
    mvariocloudmap : polyfunc: no visible global function definition for
     ‘title’
    mvariocloudmap : polyfunc: no visible global function definition for
     ‘locator’
    mvariocloudmap : polyfunc: no visible global function definition for
     ‘lines’
    neighbourmap: no visible global function definition for ‘coordinates’
    neighbourmap: no visible global function definition for ‘dev.list’
    neighbourmap: no visible global function definition for ‘dev.new’
    neighbourmap : pointfunc: no visible global function definition for
     ‘dev.set’
    neighbourmap : pointfunc: no visible global function definition for
     ‘title’
    neighbourmap : pointfunc: no visible global function definition for
     ‘points’
    neighbourmap : pointfunc: no visible global function definition for
     ‘locator’
    neighbourmap : pointfunc: no visible global function definition for
     ‘SpatialPoints’
    neighbourmap : pointfunc: no visible global function definition for
     ‘CRS’
    neighbourmap : pointfunc: no visible global function definition for
     ‘proj4string’
    neighbourmap : polyfunc: no visible global function definition for
     ‘dev.set’
    neighbourmap : polyfunc: no visible global function definition for
     ‘title’
    neighbourmap : polyfunc: no visible global function definition for
     ‘points’
    neighbourmap : polyfunc: no visible global function definition for
     ‘locator’
    neighbourmap : polyfunc: no visible global function definition for
     ‘lines’
    neighbourmap : voisfunc: no visible global function definition for
     ‘dev.set’
    neighbourmap : voisfunc: no visible global function definition for
     ‘title’
    neighbourmap : voisfunc: no visible global function definition for
     ‘locator’
    neighbourmap : polyscatfunc: no visible global function definition for
     ‘dev.set’
    neighbourmap : polyscatfunc: no visible global function definition for
     ‘title’
    neighbourmap : polyscatfunc: no visible global function definition for
     ‘locator’
    neighbourmap : polyscatfunc: no visible global function definition for
     ‘lines’
    pcamap: no visible global function definition for ‘coordinates’
    pcamap: no visible global function definition for ‘dev.list’
    pcamap: no visible global function definition for ‘dev.new’
    pcamap : pointfunc: no visible global function definition for ‘dev.set’
    pcamap : pointfunc: no visible global function definition for ‘title’
    pcamap : pointfunc: no visible global function definition for ‘points’
    pcamap : pointfunc: no visible global function definition for ‘locator’
    pcamap : pointfunc: no visible global function definition for
     ‘SpatialPoints’
    pcamap : pointfunc: no visible global function definition for ‘CRS’
    pcamap : pointfunc: no visible global function definition for
     ‘proj4string’
    pcamap : pointfunc: no visible global function definition for
     ‘dev.list’
    pcamap : polyfunc: no visible global function definition for ‘dev.set’
    pcamap : polyfunc: no visible global function definition for ‘title’
    pcamap : polyfunc: no visible global function definition for ‘points’
    pcamap : polyfunc: no visible global function definition for ‘locator’
    pcamap : polyfunc: no visible global function definition for ‘lines’
    pcamap : polyfunc: no visible global function definition for ‘dev.list’
    pcamap : graphfunc: no visible global function definition for
     ‘dev.list’
    pcamap : graphfunc: no visible global function definition for ‘dev.new’
    pcamap : SGfunc: no visible global function definition for ‘dev.list’
    pcamap : quitfunc: no visible global function definition for ‘dev.set’
    pcamap : quitfunc: no visible global function definition for ‘layout’
    pcamap : quitfunc: no visible global function definition for ‘par’
    pcamap : quitfunc2: no visible global function definition for ‘dev.set’
    pcamap : quitfunc2: no visible global function definition for ‘layout’
    pcamap : quitfunc2: no visible global function definition for ‘par’
    plot3dmap: no visible global function definition for ‘coordinates’
    plot3dmap: no visible global function definition for ‘dev.list’
    plot3dmap: no visible global function definition for ‘dev.new’
    plot3dmap : pointfunc: no visible global function definition for
     ‘dev.set’
    plot3dmap : pointfunc: no visible global function definition for
     ‘title’
    plot3dmap : pointfunc: no visible global function definition for
     ‘locator’
    plot3dmap : pointfunc: no visible global function definition for
     ‘dev.list’
    plot3dmap : polyfunc: no visible global function definition for
     ‘dev.set’
    plot3dmap : polyfunc: no visible global function definition for ‘title’
    plot3dmap : polyfunc: no visible global function definition for
     ‘locator’
    plot3dmap : polyfunc: no visible global function definition for ‘lines’
    plot3dmap : polyfunc: no visible global function definition for
     ‘dev.list’
    plot3dmap : graphfunc: no visible global function definition for
     ‘dev.list’
    plot3dmap : graphfunc: no visible global function definition for
     ‘dev.new’
    plot3dmap : graphfunc: no visible global function definition for
     ‘dev.set’
    plot3dmap : graphfunc: no visible global function definition for
     ‘layout’
    plot3dmap : graphfunc: no visible global function definition for ‘par’
    plot3dmap : SGfunc: no visible global function definition for
     ‘dev.list’
    plot3dmap: no visible global function definition for ‘par3d’
    plot3dmap: no visible global function definition for ‘rotationMatrix’
    plot3dmap: no visible global function definition for ‘bg3d’
    polyboxplotmap: no visible global function definition for ‘coordinates’
    polyboxplotmap: no visible global function definition for ‘dev.list’
    polyboxplotmap: no visible global function definition for ‘dev.new’
    polyboxplotmap : boxfunc: no visible global function definition for
     ‘dev.set’
    polyboxplotmap : boxfunc: no visible global function definition for
     ‘title’
    polyboxplotmap : boxfunc: no visible global function definition for
     ‘locator’
    polyboxplotmap : boxfunc: no visible global function definition for
     ‘dev.list’
    polyboxplotmap : graphfunc: no visible global function definition for
     ‘dev.list’
    polyboxplotmap : graphfunc: no visible global function definition for
     ‘dev.new’
    polyboxplotmap : SGfunc: no visible global function definition for
     ‘dev.list’
    polyboxplotmap : OnOK: no visible global function definition for
     ‘title’
    polyboxplotmap : OnOK: no visible global function definition for
     ‘dev.set’
    polyboxplotmap : OnOK: no visible global function definition for
     ‘locator’
    scattermap: no visible global function definition for ‘coordinates’
    scattermap: no visible global function definition for ‘dev.list’
    scattermap: no visible global function definition for ‘dev.new’
    scattermap : pointfunc: no visible global function definition for
     ‘dev.set’
    scattermap : pointfunc: no visible global function definition for
     ‘title’
    scattermap : pointfunc: no visible global function definition for
     ‘points’
    scattermap : pointfunc: no visible global function definition for
     ‘locator’
    scattermap : pointfunc: no visible global function definition for
     ‘SpatialPoints’
    scattermap : pointfunc: no visible global function definition for ‘CRS’
    scattermap : pointfunc: no visible global function definition for
     ‘proj4string’
    scattermap : pointfunc: no visible global function definition for
     ‘dev.list’
    scattermap : polyfunc: no visible global function definition for
     ‘dev.set’
    scattermap : polyfunc: no visible global function definition for
     ‘title’
    scattermap : polyfunc: no visible global function definition for
     ‘points’
    scattermap : polyfunc: no visible global function definition for
     ‘locator’
    scattermap : polyfunc: no visible global function definition for
     ‘lines’
    scattermap : polyfunc: no visible global function definition for
     ‘dev.list’
    scattermap : graphfunc: no visible global function definition for
     ‘dev.list’
    scattermap : graphfunc: no visible global function definition for
     ‘dev.new’
    scattermap : SGfunc: no visible global function definition for
     ‘dev.list’
    scattermap : quitfunc: no visible global function definition for
     ‘dev.set’
    scattermap : quitfunc: no visible global function definition for
     ‘layout’
    scattermap : quitfunc: no visible global function definition for ‘par’
    scattermap : quitfunc2: no visible global function definition for
     ‘dev.set’
    scattermap : quitfunc2: no visible global function definition for
     ‘layout’
    scattermap : quitfunc2: no visible global function definition for ‘par’
    selectstat: no visible global function definition for ‘barplot’
    selectstat: no visible global function definition for ‘boxplot’
    variocloudmap: no visible global function definition for ‘coordinates’
    variocloudmap: no visible global function definition for ‘dev.list’
    variocloudmap: no visible global function definition for ‘dev.new’
    variocloudmap : pointfunc: no visible global function definition for
     ‘dev.set’
    variocloudmap : pointfunc: no visible global function definition for
     ‘title’
    variocloudmap : pointfunc: no visible global function definition for
     ‘locator’
    variocloudmap : polyfunc: no visible global function definition for
     ‘dev.set’
    variocloudmap : polyfunc: no visible global function definition for
     ‘title’
    variocloudmap : polyfunc: no visible global function definition for
     ‘locator’
    variocloudmap : polyfunc: no visible global function definition for
     ‘lines’
    Undefined global functions or variables:
     CRS SpatialPoints abline axis barplot bg3d boxplot colors coordinates
     dev.cur dev.list dev.new dev.set heat.colors is.projected layout
     layout.show legend lines locator par par3d plot points polygon
     proj4string rect rotationMatrix segments text title
    Consider adding
     importFrom("grDevices", "colors", "dev.cur", "dev.list", "dev.new",
     "dev.set", "heat.colors")
     importFrom("graphics", "abline", "axis", "barplot", "boxplot",
     "layout", "layout.show", "legend", "lines", "locator",
     "par", "plot", "points", "polygon", "rect", "segments",
     "text", "title")
    to your NAMESPACE file.
Flavors: r-devel-linux-x86_64-debian-gcc, r-devel-linux-x86_64-fedora-clang, r-devel-linux-x86_64-fedora-gcc, r-devel-osx-x86_64-clang, r-devel-windows-ix86+x86_64

Version: 1.6.2
Check: R code for possible problems
Result: NOTE
    angleplotmap: no visible global function definition for ‘coordinates’
    barmap: no visible global function definition for ‘coordinates’
    barmap : pointfunc: no visible global function definition for
     ‘SpatialPoints’
    barmap : pointfunc: no visible global function definition for ‘CRS’
    barmap : pointfunc: no visible global function definition for
     ‘proj4string’
    barnbmap: no visible global function definition for ‘coordinates’
    barnbmap : pointfunc: no visible global function definition for
     ‘SpatialPoints’
    barnbmap : pointfunc: no visible global function definition for ‘CRS’
    barnbmap : pointfunc: no visible global function definition for
     ‘proj4string’
    boxplotmap: no visible global function definition for ‘coordinates’
    clustermap: no visible global function definition for ‘coordinates’
    dbledensitymap: no visible global function definition for ‘coordinates’
    dbledensitymap : pointfunc: no visible global function definition for
     ‘SpatialPoints’
    dbledensitymap : pointfunc: no visible global function definition for
     ‘CRS’
    dbledensitymap : pointfunc: no visible global function definition for
     ‘proj4string’
    dblehistomap: no visible global function definition for ‘coordinates’
    dblehistomap : pointfunc: no visible global function definition for
     ‘SpatialPoints’
    dblehistomap : pointfunc: no visible global function definition for
     ‘CRS’
    dblehistomap : pointfunc: no visible global function definition for
     ‘proj4string’
    densitymap: no visible global function definition for ‘coordinates’
    densitymap : pointfunc: no visible global function definition for
     ‘SpatialPoints’
    densitymap : pointfunc: no visible global function definition for ‘CRS’
    densitymap : pointfunc: no visible global function definition for
     ‘proj4string’
    driftmap: no visible global function definition for ‘coordinates’
    ginimap: no visible global function definition for ‘coordinates’
    histnbmap: no visible global function definition for ‘coordinates’
    histnbmap: no visible global function definition for ‘is.projected’
    histnbmap : pointfunc: no visible global function definition for
     ‘SpatialPoints’
    histnbmap : pointfunc: no visible global function definition for ‘CRS’
    histnbmap : pointfunc: no visible global function definition for
     ‘proj4string’
    histobarmap: no visible global function definition for ‘coordinates’
    histobarmap : pointfunc: no visible global function definition for
     ‘SpatialPoints’
    histobarmap : pointfunc: no visible global function definition for
     ‘CRS’
    histobarmap : pointfunc: no visible global function definition for
     ‘proj4string’
    histomap: no visible global function definition for ‘coordinates’
    histomap : pointfunc: no visible global function definition for
     ‘SpatialPoints’
    histomap : pointfunc: no visible global function definition for ‘CRS’
    histomap : pointfunc: no visible global function definition for
     ‘proj4string’
    misolationmap: no visible global function definition for ‘coordinates’
    moranplotmap: no visible global function definition for ‘coordinates’
    moranplotmap : pointfunc: no visible global function definition for
     ‘SpatialPoints’
    moranplotmap : pointfunc: no visible global function definition for
     ‘CRS’
    moranplotmap : pointfunc: no visible global function definition for
     ‘proj4string’
    mvariocloudmap: no visible global function definition for ‘coordinates’
    neighbourmap: no visible global function definition for ‘coordinates’
    neighbourmap : pointfunc: no visible global function definition for
     ‘SpatialPoints’
    neighbourmap : pointfunc: no visible global function definition for
     ‘CRS’
    neighbourmap : pointfunc: no visible global function definition for
     ‘proj4string’
    pcamap: no visible global function definition for ‘coordinates’
    pcamap : pointfunc: no visible global function definition for
     ‘SpatialPoints’
    pcamap : pointfunc: no visible global function definition for ‘CRS’
    pcamap : pointfunc: no visible global function definition for
     ‘proj4string’
    plot3dmap: no visible global function definition for ‘coordinates’
    plot3dmap: no visible global function definition for ‘par3d’
    plot3dmap: no visible global function definition for ‘rotationMatrix’
    plot3dmap: no visible global function definition for ‘bg3d’
    polyboxplotmap: no visible global function definition for ‘coordinates’
    scattermap: no visible global function definition for ‘coordinates’
    scattermap : pointfunc: no visible global function definition for
     ‘SpatialPoints’
    scattermap : pointfunc: no visible global function definition for ‘CRS’
    scattermap : pointfunc: no visible global function definition for
     ‘proj4string’
    variocloudmap: no visible global function definition for ‘coordinates’
Flavors: r-patched-linux-x86_64, r-patched-solaris-sparc, r-patched-solaris-x86, r-release-linux-x86_64, r-release-osx-x86_64-mavericks, r-release-windows-ix86+x86_64, r-oldrel-windows-ix86+x86_64