CRAN Package Check Results for Package GeoXp

Last updated on 2014-04-25 09:52:14.

Flavor Version Tinstall Tcheck Ttotal Status Flags
r-devel-linux-x86_64-debian-clang 1.6.2 6.67 112.82 119.49 OK
r-devel-linux-x86_64-debian-gcc 1.6.2 6.58 110.63 117.21 OK
r-devel-linux-x86_64-fedora-clang 1.6.2 255.21 OK
r-devel-linux-x86_64-fedora-gcc 1.6.2 241.84 OK
r-devel-osx-x86_64-clang 1.6.2 206.30 OK
r-devel-osx-x86_64-gcc 1.6.2 ERROR
r-devel-windows-ix86+x86_64 1.6.2 17.00 139.00 156.00 OK
r-patched-linux-x86_64 1.6.2 6.54 110.30 116.84 OK
r-patched-solaris-sparc 1.6.2 1296.60 OK
r-patched-solaris-x86 1.6.2 334.80 OK
r-release-linux-ix86 1.6.2 10.00 172.00 182.00 OK
r-release-linux-x86_64 1.6.2 6.67 109.48 116.15 OK
r-release-osx-x86_64-mavericks 1.6.2 ERROR
r-release-osx-x86_64-snowleopard 1.6.2 OK
r-release-windows-ix86+x86_64 1.6.2 20.00 152.00 172.00 OK
r-oldrel-windows-ix86+x86_64 1.6.2 15.00 138.00 153.00 OK

Check Details

Version: 1.6.2
Check: package dependencies
Result: ERROR
    Packages required but not available:
     ‘quantreg’ ‘spdep’ ‘rgeos’ ‘robustbase’
    
    Package suggested but not available for checking: ‘maptools’
    
    See the information on DESCRIPTION files in the chapter ‘Creating R
    packages’ of the ‘Writing R Extensions’ manual.
Flavor: r-devel-osx-x86_64-gcc

Version: 1.6.2
Check: package dependencies
Result: ERROR
    Packages required but not available: ‘spdep’ ‘rgeos’
    
    Package suggested but not available for checking: ‘maptools’
    
    See the information on DESCRIPTION files in the chapter ‘Creating R
    packages’ of the ‘Writing R Extensions’ manual.
Flavor: r-release-osx-x86_64-mavericks