CRAN Package Check Results for Package GeomComb

Last updated on 2021-12-05 05:52:47 CET.

Flavor Version Tinstall Tcheck Ttotal Status Flags
r-devel-linux-x86_64-debian-clang 1.0 17.35 194.57 211.92 NOTE
r-devel-linux-x86_64-debian-gcc 1.0 16.32 144.48 160.80 NOTE
r-devel-linux-x86_64-fedora-clang 1.0 257.48 NOTE
r-devel-linux-x86_64-fedora-gcc 1.0 237.90 NOTE
r-devel-windows-x86_64-new-UL 1.0 33.00 239.00 272.00 NOTE
r-devel-windows-x86_64-new-TK 1.0 NOTE
r-devel-windows-x86_64-old 1.0 28.00 179.00 207.00 NOTE
r-patched-linux-x86_64 1.0 25.01 176.97 201.98 NOTE
r-release-linux-x86_64 1.0 16.41 187.44 203.85 NOTE
r-release-macos-arm64 1.0 NOTE
r-release-macos-x86_64 1.0 NOTE
r-release-windows-ix86+x86_64 1.0 41.00 221.00 262.00 NOTE
r-oldrel-macos-x86_64 1.0 OK
r-oldrel-windows-ix86+x86_64 1.0 44.00 221.00 265.00 OK

Check Details

Version: 1.0
Check: LazyData
Result: NOTE
     'LazyData' is specified without a 'data' directory
Flavors: r-devel-linux-x86_64-debian-clang, r-devel-linux-x86_64-debian-gcc, r-devel-linux-x86_64-fedora-clang, r-devel-linux-x86_64-fedora-gcc, r-devel-windows-x86_64-new-UL, r-devel-windows-x86_64-new-TK, r-devel-windows-x86_64-old, r-patched-linux-x86_64, r-release-linux-x86_64, r-release-macos-arm64, r-release-macos-x86_64, r-release-windows-ix86+x86_64