CRAN Package Check Results for Package GetBCBData

Last updated on 2019-10-19 14:46:19 CEST.

Flavor Version Tinstall Tcheck Ttotal Status Flags
r-devel-linux-x86_64-debian-clang 0.5 1.99 24.78 26.77 NOTE
r-devel-linux-x86_64-debian-gcc 0.5 1.75 19.57 21.32 NOTE
r-devel-linux-x86_64-fedora-clang 0.5 34.02 NOTE
r-devel-linux-x86_64-fedora-gcc 0.5 32.45 NOTE
r-devel-windows-ix86+x86_64 0.5 5.00 46.00 51.00 OK
r-patched-linux-x86_64 0.5 1.63 24.34 25.97 OK
r-patched-solaris-x86 0.5 48.70 NOTE
r-release-linux-x86_64 0.5 1.63 24.62 26.25 OK
r-release-windows-ix86+x86_64 0.5 4.00 41.00 45.00 OK
r-release-osx-x86_64 0.5 NOTE
r-oldrel-windows-ix86+x86_64 0.5 3.00 41.00 44.00 OK
r-oldrel-osx-x86_64 0.5 NOTE

Check Details

Version: 0.5
Check: for non-standard things in the check directory
Result: NOTE
    Found the following files/directories:
     'gbcbd_cache'
Flavors: r-devel-linux-x86_64-debian-clang, r-devel-linux-x86_64-debian-gcc, r-devel-linux-x86_64-fedora-clang, r-devel-linux-x86_64-fedora-gcc

Version: 0.5
Check: dependencies in R code
Result: NOTE
    Namespaces in Imports field not imported from:
     ‘RCurl’ ‘lubridate’ ‘readr’ ‘stats’
     All declared Imports should be used.
Flavors: r-devel-linux-x86_64-fedora-clang, r-devel-linux-x86_64-fedora-gcc, r-patched-solaris-x86, r-release-osx-x86_64, r-oldrel-osx-x86_64