CRAN Package Check Results for Package GetBCBData

Last updated on 2019-12-08 11:47:13 CET.

Flavor Version Tinstall Tcheck Ttotal Status Flags
r-devel-linux-x86_64-debian-clang 0.5 1.89 27.13 29.02 NOTE
r-devel-linux-x86_64-debian-gcc 0.5 1.70 21.11 22.81 NOTE
r-devel-linux-x86_64-fedora-clang 0.5 37.20 NOTE
r-devel-linux-x86_64-fedora-gcc 0.5 35.78 NOTE
r-devel-windows-ix86+x86_64 0.5 6.00 58.00 64.00 OK
r-devel-windows-ix86+x86_64-gcc8 0.5 8.00 58.00 66.00 OK
r-patched-linux-x86_64 0.5 1.61 25.26 26.87 OK
r-patched-solaris-x86 0.5 48.60 NOTE
r-release-linux-x86_64 0.5 1.71 24.93 26.64 OK
r-release-windows-ix86+x86_64 0.5 5.00 54.00 59.00 OK
r-release-osx-x86_64 0.5 NOTE
r-oldrel-windows-ix86+x86_64 0.5 3.00 55.00 58.00 OK
r-oldrel-osx-x86_64 0.5 NOTE

Check Details

Version: 0.5
Check: for non-standard things in the check directory
Result: NOTE
    Found the following files/directories:
     'gbcbd_cache'
Flavors: r-devel-linux-x86_64-debian-clang, r-devel-linux-x86_64-debian-gcc, r-devel-linux-x86_64-fedora-clang, r-devel-linux-x86_64-fedora-gcc

Version: 0.5
Check: dependencies in R code
Result: NOTE
    Namespaces in Imports field not imported from:
     ‘RCurl’ ‘lubridate’ ‘readr’ ‘stats’
     All declared Imports should be used.
Flavors: r-devel-linux-x86_64-fedora-clang, r-devel-linux-x86_64-fedora-gcc, r-patched-solaris-x86, r-release-osx-x86_64, r-oldrel-osx-x86_64