CRAN Package Check Results for Package GetBCBData

Last updated on 2020-07-15 11:47:43 CEST.

Flavor Version Tinstall Tcheck Ttotal Status Flags
r-devel-linux-x86_64-debian-clang 0.5 2.03 27.54 29.57 NOTE
r-devel-linux-x86_64-debian-gcc 0.5 1.71 21.84 23.55 NOTE
r-devel-linux-x86_64-fedora-clang 0.5 44.86 NOTE
r-devel-linux-x86_64-fedora-gcc 0.5 37.82 NOTE
r-devel-windows-ix86+x86_64 0.5 10.00 74.00 84.00 OK
r-patched-linux-x86_64 0.5 2.12 27.65 29.77 NOTE
r-patched-solaris-x86 0.5 55.00 NOTE
r-release-linux-x86_64 0.5 1.85 27.39 29.24 NOTE
r-release-macos-x86_64 0.5 ERROR
r-release-windows-ix86+x86_64 0.5 11.00 73.00 84.00 OK
r-oldrel-macos-x86_64 0.5 NOTE
r-oldrel-windows-ix86+x86_64 0.5 5.00 77.00 82.00 OK

Check Details

Version: 0.5
Check: for non-standard things in the check directory
Result: NOTE
    Found the following files/directories:
     'gbcbd_cache'
Flavors: r-devel-linux-x86_64-debian-clang, r-devel-linux-x86_64-debian-gcc, r-devel-linux-x86_64-fedora-clang, r-devel-linux-x86_64-fedora-gcc, r-patched-linux-x86_64, r-patched-solaris-x86, r-release-linux-x86_64

Version: 0.5
Check: dependencies in R code
Result: NOTE
    Namespaces in Imports field not imported from:
     ‘RCurl’ ‘lubridate’ ‘readr’ ‘stats’
     All declared Imports should be used.
Flavors: r-devel-linux-x86_64-fedora-clang, r-devel-linux-x86_64-fedora-gcc, r-patched-solaris-x86, r-oldrel-macos-x86_64

Version: 0.5
Check: whether package can be installed
Result: ERROR
    Installation failed.
Flavor: r-release-macos-x86_64