CRAN Package Check Results for Package GetQuandlData

Last updated on 2020-02-28 15:47:20 CET.

Flavor Version Tinstall Tcheck Ttotal Status Flags
r-devel-linux-x86_64-debian-clang 0.1.0 2.14 21.30 23.44 OK
r-devel-linux-x86_64-debian-gcc 0.1.0 1.71 17.32 19.03 OK
r-devel-linux-x86_64-fedora-clang 0.1.0 31.15 NOTE
r-devel-linux-x86_64-fedora-gcc 0.1.0 29.60 NOTE
r-devel-windows-ix86+x86_64 0.1.0 7.00 34.00 41.00 OK
r-devel-windows-ix86+x86_64-gcc8 0.1.0 6.00 36.00 42.00 OK
r-patched-linux-x86_64 0.1.0 1.57 19.95 21.52 OK
r-patched-solaris-x86 0.1.0 41.20 NOTE
r-release-linux-x86_64 0.1.0 1.41 19.68 21.09 OK
r-release-windows-ix86+x86_64 0.1.0 5.00 42.00 47.00 OK
r-release-osx-x86_64 0.1.0 NOTE
r-oldrel-windows-ix86+x86_64 0.1.0 2.00 35.00 37.00 OK
r-oldrel-osx-x86_64 0.1.0 NOTE

Check Details

Version: 0.1.0
Check: dependencies in R code
Result: NOTE
    Namespaces in Imports field not imported from:
     ‘scales’ ‘stringr’
     All declared Imports should be used.
Flavors: r-devel-linux-x86_64-fedora-clang, r-devel-linux-x86_64-fedora-gcc, r-patched-solaris-x86, r-release-osx-x86_64, r-oldrel-osx-x86_64