CRAN Package Check Results for Package GetR

Last updated on 2017-01-20 23:50:27.

Flavor Version Tinstall Tcheck Ttotal Status Flags
r-devel-linux-x86_64-debian-clang 0.1 2.88 30.41 33.29 NOTE
r-devel-linux-x86_64-debian-gcc 0.1 2.85 30.15 33.00 NOTE
r-devel-linux-x86_64-fedora-clang 0.1 71.07 NOTE --no-stop-on-test-error
r-devel-linux-x86_64-fedora-gcc 0.1 76.40 NOTE --no-stop-on-test-error
r-devel-macos-x86_64-clang 0.1 55.82 NOTE --no-stop-on-test-error
r-devel-windows-ix86+x86_64 0.1 11.00 74.00 85.00 NOTE
r-patched-linux-x86_64 0.1 3.11 27.68 30.78 NOTE
r-patched-solaris-sparc 0.1 387.00 NOTE
r-patched-solaris-x86 0.1 89.70 NOTE
r-release-linux-x86_64 0.1 2.76 27.83 30.60 NOTE
r-release-osx-x86_64-mavericks 0.1 NOTE
r-release-windows-ix86+x86_64 0.1 7.00 76.00 83.00 NOTE
r-oldrel-windows-ix86+x86_64 0.1 12.00 74.00 86.00 NOTE

Check Details

Version: 0.1
Check: dependencies in R code
Result: NOTE
    'library' or 'require' call to ‘party’ which was already attached by Depends.
     Please remove these calls from your code.
    Package in Depends field not imported from: ‘party’
     These packages need to be imported from (in the NAMESPACE file)
     for when this namespace is loaded but not attached.
Flavors: r-devel-linux-x86_64-debian-clang, r-devel-linux-x86_64-debian-gcc, r-devel-windows-ix86+x86_64, r-patched-linux-x86_64, r-patched-solaris-sparc, r-patched-solaris-x86, r-release-linux-x86_64, r-release-osx-x86_64-mavericks, r-release-windows-ix86+x86_64, r-oldrel-windows-ix86+x86_64

Version: 0.1
Check: R code for possible problems
Result: NOTE
    gTree: no visible global function definition for ‘ctree’
    gTree: no visible global function definition for ‘ctree_control’
    guttmanErrors: no visible global function definition for ‘runif’
    Undefined global functions or variables:
     ctree ctree_control runif
    Consider adding
     importFrom("stats", "runif")
    to your NAMESPACE file.
Flavors: r-devel-linux-x86_64-debian-clang, r-devel-linux-x86_64-debian-gcc, r-devel-windows-ix86+x86_64, r-patched-linux-x86_64, r-patched-solaris-sparc, r-patched-solaris-x86, r-release-linux-x86_64, r-release-osx-x86_64-mavericks, r-release-windows-ix86+x86_64

Version: 0.1
Flags: --no-stop-on-test-error
Check: dependencies in R code
Result: NOTE
    'library' or 'require' call to ‘party’ which was already attached by Depends.
     Please remove these calls from your code.
    Package in Depends field not imported from: ‘party’
     These packages need to be imported from (in the NAMESPACE file)
     for when this namespace is loaded but not attached.
Flavors: r-devel-linux-x86_64-fedora-clang, r-devel-linux-x86_64-fedora-gcc, r-devel-macos-x86_64-clang

Version: 0.1
Flags: --no-stop-on-test-error
Check: R code for possible problems
Result: NOTE
    gTree: no visible global function definition for ‘ctree’
    gTree: no visible global function definition for ‘ctree_control’
    guttmanErrors: no visible global function definition for ‘runif’
    Undefined global functions or variables:
     ctree ctree_control runif
    Consider adding
     importFrom("stats", "runif")
    to your NAMESPACE file.
Flavors: r-devel-linux-x86_64-fedora-clang, r-devel-linux-x86_64-fedora-gcc, r-devel-macos-x86_64-clang

Version: 0.1
Check: R code for possible problems
Result: NOTE
    gTree: no visible global function definition for 'ctree'
    gTree: no visible global function definition for 'ctree_control'
Flavor: r-oldrel-windows-ix86+x86_64