CRAN Package Check Results for Package GetR

Last updated on 2015-08-29 17:48:07.

Flavor Version Tinstall Tcheck Ttotal Status Flags
r-devel-linux-x86_64-debian-clang 0.1 1.72 16.15 17.87 NOTE
r-devel-linux-x86_64-debian-gcc 0.1 1.23 16.16 17.39 NOTE
r-devel-linux-x86_64-fedora-clang 0.1 33.90 NOTE
r-devel-linux-x86_64-fedora-gcc 0.1 32.20 NOTE
r-devel-osx-x86_64-clang 0.1 37.24 NOTE
r-devel-windows-ix86+x86_64 0.1 7.00 29.00 36.00 NOTE
r-patched-linux-x86_64 0.1 1.38 16.58 17.95 NOTE
r-patched-solaris-sparc 0.1 232.00 NOTE
r-patched-solaris-x86 0.1 54.10 NOTE
r-release-linux-x86_64 0.1 1.70 17.47 19.16 NOTE
r-release-osx-x86_64-mavericks 0.1 NOTE
r-release-windows-ix86+x86_64 0.1 7.00 31.00 38.00 NOTE
r-oldrel-windows-ix86+x86_64 0.1 11.00 48.00 59.00 NOTE

Check Details

Version: 0.1
Check: dependencies in R code
Result: NOTE
    'library' or 'require' call to ‘party’ which was already attached by Depends.
     Please remove these calls from your code.
    Package in Depends field not imported from: ‘party’
     These packages need to be imported from (in the NAMESPACE file)
     for when this namespace is loaded but not attached.
Flavors: r-devel-linux-x86_64-debian-clang, r-devel-linux-x86_64-debian-gcc, r-devel-linux-x86_64-fedora-clang, r-devel-linux-x86_64-fedora-gcc, r-devel-osx-x86_64-clang, r-devel-windows-ix86+x86_64, r-patched-linux-x86_64, r-patched-solaris-sparc, r-patched-solaris-x86, r-release-linux-x86_64, r-release-osx-x86_64-mavericks, r-release-windows-ix86+x86_64, r-oldrel-windows-ix86+x86_64

Version: 0.1
Check: R code for possible problems
Result: NOTE
    gTree: no visible global function definition for ‘ctree’
    gTree: no visible global function definition for ‘ctree_control’
    guttmanErrors: no visible global function definition for ‘runif’
    Undefined global functions or variables:
     ctree ctree_control runif
    Consider adding
     importFrom("stats", "runif")
    to your NAMESPACE.
Flavors: r-devel-linux-x86_64-debian-clang, r-devel-linux-x86_64-debian-gcc, r-devel-linux-x86_64-fedora-clang, r-devel-linux-x86_64-fedora-gcc, r-devel-windows-ix86+x86_64

Version: 0.1
Check: R code for possible problems
Result: NOTE
    gTree: no visible global function definition for ‘ctree’
    gTree: no visible global function definition for ‘ctree_control’
    Undefined global functions or variables:
     ctree ctree_control
Flavor: r-devel-osx-x86_64-clang

Version: 0.1
Check: R code for possible problems
Result: NOTE
    gTree: no visible global function definition for ‘ctree’
    gTree: no visible global function definition for ‘ctree_control’
Flavors: r-patched-linux-x86_64, r-patched-solaris-sparc, r-patched-solaris-x86, r-release-linux-x86_64, r-release-osx-x86_64-mavericks, r-release-windows-ix86+x86_64, r-oldrel-windows-ix86+x86_64