CRAN Package Check Results for Package GetR

Last updated on 2014-11-24 00:47:44.

Flavor Version Tinstall Tcheck Ttotal Status Flags
r-devel-linux-x86_64-debian-clang 0.1 1.78 20.88 22.67 NOTE
r-devel-linux-x86_64-debian-gcc 0.1 1.58 21.00 22.58 NOTE
r-devel-linux-x86_64-fedora-clang 0.1 56.65 NOTE
r-devel-linux-x86_64-fedora-gcc 0.1 49.10 NOTE
r-devel-osx-x86_64-clang 0.1 47.47 NOTE
r-devel-windows-ix86+x86_64 0.1 6.00 35.00 41.00 NOTE
r-patched-linux-x86_64 0.1 2.37 20.95 23.32 NOTE
r-patched-solaris-sparc 0.1 260.80 NOTE
r-patched-solaris-x86 0.1 64.50 NOTE
r-release-linux-ix86 0.1 2.21 28.54 30.75 NOTE
r-release-linux-x86_64 0.1 1.68 21.16 22.84 NOTE
r-release-osx-x86_64-mavericks 0.1 NOTE
r-release-osx-x86_64-snowleopard 0.1 ERROR
r-release-windows-ix86+x86_64 0.1 7.00 37.00 44.00 NOTE
r-oldrel-windows-ix86+x86_64 0.1 7.00 36.00 43.00 NOTE

Check Details

Version: 0.1
Check: dependencies in R code
Result: NOTE
    'library' or 'require' call to ‘party’ which was already attached by Depends.
     Please remove these calls from your code.
    Package in Depends field not imported from: ‘party’
     These packages need to be imported from (in the NAMESPACE file)
     for when this namespace is loaded but not attached.
    See the information on DESCRIPTION files in the chapter ‘Creating R
    packages’ of the ‘Writing R Extensions’ manual.
Flavors: r-devel-linux-x86_64-debian-clang, r-devel-linux-x86_64-debian-gcc, r-devel-linux-x86_64-fedora-clang, r-devel-linux-x86_64-fedora-gcc, r-devel-osx-x86_64-clang, r-devel-windows-ix86+x86_64, r-patched-linux-x86_64, r-patched-solaris-sparc, r-patched-solaris-x86, r-release-linux-ix86, r-release-linux-x86_64, r-release-osx-x86_64-mavericks, r-release-windows-ix86+x86_64, r-oldrel-windows-ix86+x86_64

Version: 0.1
Check: R code for possible problems
Result: NOTE
    gTree: no visible global function definition for ‘ctree’
    gTree: no visible global function definition for ‘ctree_control’
Flavors: r-devel-linux-x86_64-debian-clang, r-devel-linux-x86_64-debian-gcc, r-devel-linux-x86_64-fedora-clang, r-devel-linux-x86_64-fedora-gcc, r-devel-osx-x86_64-clang, r-devel-windows-ix86+x86_64, r-patched-linux-x86_64, r-patched-solaris-sparc, r-patched-solaris-x86, r-release-linux-ix86, r-release-linux-x86_64, r-release-windows-ix86+x86_64

Version: 0.1
Check: whether package can be installed
Result: ERROR
    Installation failed.
Flavor: r-release-osx-x86_64-snowleopard