CRAN Package Check Results for Package GetR

Last updated on 2016-05-01 11:47:12.

Flavor Version Tinstall Tcheck Ttotal Status Flags
r-devel-linux-x86_64-debian-gcc 0.1 3.14 30.83 33.97 NOTE
r-devel-linux-x86_64-fedora-clang 0.1 66.58 NOTE
r-devel-linux-x86_64-fedora-gcc 0.1 64.37 NOTE
r-devel-osx-x86_64-clang 0.1 73.67 NOTE
r-devel-windows-ix86+x86_64 0.1 9.00 59.00 68.00 NOTE
r-patched-linux-x86_64 0.1 3.04 30.24 33.28 NOTE
r-patched-solaris-sparc 0.1 193.60 NOTE
r-patched-solaris-x86 0.1 87.50 NOTE
r-release-linux-x86_64 0.1 3.26 32.90 36.15 NOTE
r-release-osx-x86_64-mavericks 0.1 NOTE
r-release-windows-ix86+x86_64 0.1 14.00 74.00 88.00 NOTE
r-oldrel-windows-ix86+x86_64 0.1 20.00 113.00 133.00 NOTE

Check Details

Version: 0.1
Check: dependencies in R code
Result: NOTE
    'library' or 'require' call to ‘party’ which was already attached by Depends.
     Please remove these calls from your code.
    Package in Depends field not imported from: ‘party’
     These packages need to be imported from (in the NAMESPACE file)
     for when this namespace is loaded but not attached.
Flavors: r-devel-linux-x86_64-debian-gcc, r-devel-linux-x86_64-fedora-clang, r-devel-linux-x86_64-fedora-gcc, r-devel-osx-x86_64-clang, r-devel-windows-ix86+x86_64, r-patched-linux-x86_64, r-patched-solaris-sparc, r-patched-solaris-x86, r-release-linux-x86_64, r-release-osx-x86_64-mavericks, r-release-windows-ix86+x86_64, r-oldrel-windows-ix86+x86_64

Version: 0.1
Check: R code for possible problems
Result: NOTE
    gTree: no visible global function definition for ‘ctree’
    gTree: no visible global function definition for ‘ctree_control’
    guttmanErrors: no visible global function definition for ‘runif’
    Undefined global functions or variables:
     ctree ctree_control runif
    Consider adding
     importFrom("stats", "runif")
    to your NAMESPACE file.
Flavors: r-devel-linux-x86_64-debian-gcc, r-devel-linux-x86_64-fedora-clang, r-devel-linux-x86_64-fedora-gcc, r-devel-osx-x86_64-clang, r-devel-windows-ix86+x86_64, r-patched-linux-x86_64, r-patched-solaris-sparc, r-patched-solaris-x86

Version: 0.1
Check: R code for possible problems
Result: NOTE
    gTree: no visible global function definition for ‘ctree’
    gTree: no visible global function definition for ‘ctree_control’
Flavors: r-release-linux-x86_64, r-release-osx-x86_64-mavericks, r-release-windows-ix86+x86_64, r-oldrel-windows-ix86+x86_64