CRAN Package Check Results for Package GetR

Last updated on 2017-03-26 21:47:49.

Flavor Version Tinstall Tcheck Ttotal Status Flags
r-devel-linux-x86_64-debian-clang 0.1 3.11 31.69 34.80 NOTE
r-devel-linux-x86_64-debian-gcc 0.1 3.02 31.51 34.53 NOTE
r-devel-linux-x86_64-fedora-clang 0.1 73.93 NOTE --no-stop-on-test-error
r-devel-linux-x86_64-fedora-gcc 0.1 81.75 NOTE --no-stop-on-test-error
r-devel-macos-x86_64-clang 0.1 57.84 NOTE --no-stop-on-test-error
r-devel-windows-ix86+x86_64 0.1 9.00 83.00 92.00 NOTE
r-patched-linux-x86_64 0.1 3.30 30.66 33.96 NOTE
r-patched-solaris-sparc 0.1 433.50 NOTE
r-patched-solaris-x86 0.1 104.70 NOTE
r-release-linux-x86_64 0.1 3.17 28.92 32.09 NOTE
r-release-osx-x86_64-mavericks 0.1 NOTE
r-release-windows-ix86+x86_64 0.1 12.00 56.00 68.00 NOTE
r-oldrel-windows-ix86+x86_64 0.1 9.00 51.00 60.00 NOTE

Check Details

Version: 0.1
Check: dependencies in R code
Result: NOTE
    'library' or 'require' call to ‘party’ which was already attached by Depends.
     Please remove these calls from your code.
    Package in Depends field not imported from: ‘party’
     These packages need to be imported from (in the NAMESPACE file)
     for when this namespace is loaded but not attached.
Flavors: r-devel-linux-x86_64-debian-clang, r-devel-linux-x86_64-debian-gcc, r-devel-windows-ix86+x86_64, r-patched-linux-x86_64, r-patched-solaris-sparc, r-patched-solaris-x86, r-release-linux-x86_64, r-release-osx-x86_64-mavericks, r-release-windows-ix86+x86_64, r-oldrel-windows-ix86+x86_64

Version: 0.1
Check: R code for possible problems
Result: NOTE
    gTree: no visible global function definition for ‘ctree’
    gTree: no visible global function definition for ‘ctree_control’
    guttmanErrors: no visible global function definition for ‘runif’
    Undefined global functions or variables:
     ctree ctree_control runif
    Consider adding
     importFrom("stats", "runif")
    to your NAMESPACE file.
Flavors: r-devel-linux-x86_64-debian-clang, r-devel-linux-x86_64-debian-gcc, r-devel-windows-ix86+x86_64, r-patched-linux-x86_64, r-patched-solaris-sparc, r-patched-solaris-x86, r-release-linux-x86_64, r-release-osx-x86_64-mavericks, r-release-windows-ix86+x86_64

Version: 0.1
Flags: --no-stop-on-test-error
Check: dependencies in R code
Result: NOTE
    'library' or 'require' call to ‘party’ which was already attached by Depends.
     Please remove these calls from your code.
    Package in Depends field not imported from: ‘party’
     These packages need to be imported from (in the NAMESPACE file)
     for when this namespace is loaded but not attached.
Flavors: r-devel-linux-x86_64-fedora-clang, r-devel-linux-x86_64-fedora-gcc, r-devel-macos-x86_64-clang

Version: 0.1
Flags: --no-stop-on-test-error
Check: R code for possible problems
Result: NOTE
    gTree: no visible global function definition for ‘ctree’
    gTree: no visible global function definition for ‘ctree_control’
    guttmanErrors: no visible global function definition for ‘runif’
    Undefined global functions or variables:
     ctree ctree_control runif
    Consider adding
     importFrom("stats", "runif")
    to your NAMESPACE file.
Flavors: r-devel-linux-x86_64-fedora-clang, r-devel-linux-x86_64-fedora-gcc, r-devel-macos-x86_64-clang

Version: 0.1
Check: R code for possible problems
Result: NOTE
    gTree: no visible global function definition for 'ctree'
    gTree: no visible global function definition for 'ctree_control'
Flavor: r-oldrel-windows-ix86+x86_64