CRAN Package Check Results for Package GetR

Last updated on 2015-01-25 21:48:18.

Flavor Version Tinstall Tcheck Ttotal Status Flags
r-devel-linux-x86_64-debian-clang 0.1 1.65 17.89 19.54 NOTE
r-devel-linux-x86_64-debian-gcc 0.1 1.62 21.40 23.02 NOTE
r-devel-linux-x86_64-fedora-clang 0.1 51.74 NOTE
r-devel-linux-x86_64-fedora-gcc 0.1 50.61 NOTE
r-devel-osx-x86_64-clang 0.1 48.01 NOTE
r-devel-windows-ix86+x86_64 0.1 7.00 37.00 44.00 NOTE
r-patched-linux-x86_64 0.1 1.73 21.51 23.24 NOTE
r-patched-solaris-sparc 0.1 262.10 NOTE
r-patched-solaris-x86 0.1 66.50 NOTE
r-release-linux-ix86 0.1 2.14 28.56 30.70 NOTE
r-release-linux-x86_64 0.1 1.72 21.90 23.63 NOTE
r-release-osx-x86_64-mavericks 0.1 NOTE
r-release-osx-x86_64-snowleopard 0.1 ERROR
r-release-windows-ix86+x86_64 0.1 7.00 40.00 47.00 NOTE
r-oldrel-windows-ix86+x86_64 0.1 8.00 39.00 47.00 NOTE

Check Details

Version: 0.1
Check: dependencies in R code
Result: NOTE
    'library' or 'require' call to ‘party’ which was already attached by Depends.
     Please remove these calls from your code.
    Package in Depends field not imported from: ‘party’
     These packages need to be imported from (in the NAMESPACE file)
     for when this namespace is loaded but not attached.
Flavors: r-devel-linux-x86_64-debian-clang, r-devel-linux-x86_64-debian-gcc, r-devel-linux-x86_64-fedora-clang, r-devel-linux-x86_64-fedora-gcc, r-devel-osx-x86_64-clang, r-devel-windows-ix86+x86_64

Version: 0.1
Check: R code for possible problems
Result: NOTE
    gTree: no visible global function definition for ‘ctree’
    gTree: no visible global function definition for ‘ctree_control’
Flavors: r-devel-linux-x86_64-debian-clang, r-devel-linux-x86_64-debian-gcc, r-devel-linux-x86_64-fedora-clang, r-devel-linux-x86_64-fedora-gcc, r-devel-osx-x86_64-clang, r-devel-windows-ix86+x86_64, r-patched-linux-x86_64, r-patched-solaris-sparc, r-patched-solaris-x86, r-release-linux-ix86, r-release-linux-x86_64, r-release-osx-x86_64-mavericks, r-release-windows-ix86+x86_64

Version: 0.1
Check: dependencies in R code
Result: NOTE
    'library' or 'require' call to ‘party’ which was already attached by Depends.
     Please remove these calls from your code.
    Package in Depends field not imported from: ‘party’
     These packages need to be imported from (in the NAMESPACE file)
     for when this namespace is loaded but not attached.
    See the information on DESCRIPTION files in the chapter ‘Creating R
    packages’ of the ‘Writing R Extensions’ manual.
Flavors: r-patched-linux-x86_64, r-patched-solaris-sparc, r-patched-solaris-x86, r-release-linux-ix86, r-release-linux-x86_64, r-release-osx-x86_64-mavericks, r-release-windows-ix86+x86_64, r-oldrel-windows-ix86+x86_64

Version: 0.1
Check: whether package can be installed
Result: ERROR
    Installation failed.
Flavor: r-release-osx-x86_64-snowleopard