CRAN Package Check Results for Package GetR

Last updated on 2014-08-31 09:48:18.

Flavor Version Tinstall Tcheck Ttotal Status Flags
r-devel-linux-x86_64-debian-clang 0.1 1.64 19.82 21.46 NOTE
r-devel-linux-x86_64-debian-gcc 0.1 1.58 19.54 21.12 NOTE
r-devel-linux-x86_64-fedora-clang 0.1 47.92 NOTE
r-devel-linux-x86_64-fedora-gcc 0.1 44.49 NOTE
r-devel-osx-x86_64-clang 0.1 44.60 NOTE
r-devel-windows-ix86+x86_64 0.1 6.00 37.00 43.00 NOTE
r-patched-linux-x86_64 0.1 1.74 21.02 22.76 NOTE
r-patched-solaris-sparc 0.1 265.20 NOTE
r-patched-solaris-x86 0.1 66.00 NOTE
r-release-linux-ix86 0.1 2.26 30.22 32.49 NOTE
r-release-linux-x86_64 0.1 1.78 21.78 23.56 NOTE
r-release-osx-x86_64-mavericks 0.1 NOTE
r-release-osx-x86_64-snowleopard 0.1 ERROR
r-release-windows-ix86+x86_64 0.1 7.00 33.00 40.00 NOTE
r-oldrel-windows-ix86+x86_64 0.1 7.00 38.00 45.00 NOTE

Check Details

Version: 0.1
Check: dependencies in R code
Result: NOTE
    'library' or 'require' call to ‘party’ which was already attached by Depends.
     Please remove these calls from your code.
    Package in Depends field not imported from: ‘party’
     These packages need to be imported from (in the NAMESPACE file)
     for when this namespace is loaded but not attached.
    See the information on DESCRIPTION files in the chapter ‘Creating R
    packages’ of the ‘Writing R Extensions’ manual.
Flavors: r-devel-linux-x86_64-debian-clang, r-devel-linux-x86_64-debian-gcc, r-devel-linux-x86_64-fedora-clang, r-devel-linux-x86_64-fedora-gcc, r-devel-osx-x86_64-clang, r-devel-windows-ix86+x86_64, r-patched-linux-x86_64, r-patched-solaris-sparc, r-patched-solaris-x86, r-release-linux-ix86, r-release-linux-x86_64, r-release-osx-x86_64-mavericks, r-release-windows-ix86+x86_64, r-oldrel-windows-ix86+x86_64

Version: 0.1
Check: R code for possible problems
Result: NOTE
    gTree: no visible global function definition for ‘ctree’
    gTree: no visible global function definition for ‘ctree_control’
Flavors: r-devel-linux-x86_64-debian-clang, r-devel-linux-x86_64-debian-gcc, r-devel-linux-x86_64-fedora-clang, r-devel-linux-x86_64-fedora-gcc, r-devel-osx-x86_64-clang, r-devel-windows-ix86+x86_64

Version: 0.1
Check: whether package can be installed
Result: ERROR
    Installation failed.
Flavor: r-release-osx-x86_64-snowleopard