CRAN Package Check Results for Package GetR

Last updated on 2016-12-04 12:47:45.

Flavor Version Tinstall Tcheck Ttotal Status Flags
r-devel-linux-x86_64-debian-clang 0.1 2.77 30.65 33.42 NOTE
r-devel-linux-x86_64-debian-gcc 0.1 2.83 30.28 33.12 NOTE
r-devel-linux-x86_64-fedora-clang 0.1 82.28 NOTE --no-stop-on-test-error
r-devel-linux-x86_64-fedora-gcc 0.1 73.18 NOTE
r-devel-macos-x86_64-clang 0.1 57.97 NOTE
r-devel-windows-ix86+x86_64 0.1 8.00 61.00 69.00 NOTE
r-patched-linux-x86_64 0.1 2.78 28.34 31.12 NOTE
r-patched-solaris-sparc 0.1 389.50 NOTE
r-patched-solaris-x86 0.1 87.80 NOTE
r-release-linux-x86_64 0.1 3.07 27.62 30.69 NOTE
r-release-osx-x86_64-mavericks 0.1 NOTE
r-release-windows-ix86+x86_64 0.1 11.00 55.00 66.00 NOTE
r-oldrel-windows-ix86+x86_64 0.1 9.00 56.00 65.00 NOTE

Check Details

Version: 0.1
Check: dependencies in R code
Result: NOTE
    'library' or 'require' call to ‘party’ which was already attached by Depends.
     Please remove these calls from your code.
    Package in Depends field not imported from: ‘party’
     These packages need to be imported from (in the NAMESPACE file)
     for when this namespace is loaded but not attached.
Flavors: r-devel-linux-x86_64-debian-clang, r-devel-linux-x86_64-debian-gcc, r-devel-linux-x86_64-fedora-gcc, r-devel-macos-x86_64-clang, r-devel-windows-ix86+x86_64, r-patched-linux-x86_64, r-patched-solaris-sparc, r-patched-solaris-x86, r-release-linux-x86_64, r-release-osx-x86_64-mavericks, r-release-windows-ix86+x86_64, r-oldrel-windows-ix86+x86_64

Version: 0.1
Check: R code for possible problems
Result: NOTE
    gTree: no visible global function definition for ‘ctree’
    gTree: no visible global function definition for ‘ctree_control’
    guttmanErrors: no visible global function definition for ‘runif’
    Undefined global functions or variables:
     ctree ctree_control runif
    Consider adding
     importFrom("stats", "runif")
    to your NAMESPACE file.
Flavors: r-devel-linux-x86_64-debian-clang, r-devel-linux-x86_64-debian-gcc, r-devel-linux-x86_64-fedora-gcc, r-devel-macos-x86_64-clang, r-devel-windows-ix86+x86_64, r-patched-linux-x86_64, r-patched-solaris-sparc, r-patched-solaris-x86, r-release-linux-x86_64, r-release-osx-x86_64-mavericks, r-release-windows-ix86+x86_64

Version: 0.1
Flags: --no-stop-on-test-error
Check: dependencies in R code
Result: NOTE
    'library' or 'require' call to ‘party’ which was already attached by Depends.
     Please remove these calls from your code.
    Package in Depends field not imported from: ‘party’
     These packages need to be imported from (in the NAMESPACE file)
     for when this namespace is loaded but not attached.
Flavor: r-devel-linux-x86_64-fedora-clang

Version: 0.1
Flags: --no-stop-on-test-error
Check: R code for possible problems
Result: NOTE
    gTree: no visible global function definition for ‘ctree’
    gTree: no visible global function definition for ‘ctree_control’
    guttmanErrors: no visible global function definition for ‘runif’
    Undefined global functions or variables:
     ctree ctree_control runif
    Consider adding
     importFrom("stats", "runif")
    to your NAMESPACE file.
Flavor: r-devel-linux-x86_64-fedora-clang

Version: 0.1
Check: R code for possible problems
Result: NOTE
    gTree: no visible global function definition for 'ctree'
    gTree: no visible global function definition for 'ctree_control'
Flavor: r-oldrel-windows-ix86+x86_64