CRAN Package Check Results for Package GetR

Last updated on 2015-05-30 03:48:39.

Flavor Version Tinstall Tcheck Ttotal Status Flags
r-devel-linux-x86_64-debian-clang 0.1 1.36 16.69 18.05 NOTE
r-devel-linux-x86_64-debian-gcc 0.1 1.33 16.66 17.99 NOTE
r-devel-linux-x86_64-fedora-clang 0.1 38.98 NOTE
r-devel-linux-x86_64-fedora-gcc 0.1 34.27 NOTE
r-devel-osx-x86_64-clang 0.1 37.94 NOTE
r-devel-windows-ix86+x86_64 0.1 5.00 29.00 34.00 NOTE
r-patched-linux-x86_64 0.1 1.33 16.45 17.78 NOTE
r-patched-solaris-sparc 0.1 231.60 NOTE
r-patched-solaris-x86 0.1 51.00 NOTE
r-release-linux-x86_64 0.1 1.34 17.42 18.76 NOTE
r-release-osx-x86_64-mavericks 0.1 NOTE
r-release-osx-x86_64-snowleopard 0.1 ERROR
r-release-windows-ix86+x86_64 0.1 4.00 29.00 33.00 NOTE
r-oldrel-windows-ix86+x86_64 0.1 6.00 39.00 45.00 NOTE

Check Details

Version: 0.1
Check: dependencies in R code
Result: NOTE
    'library' or 'require' call to ‘party’ which was already attached by Depends.
     Please remove these calls from your code.
    Package in Depends field not imported from: ‘party’
     These packages need to be imported from (in the NAMESPACE file)
     for when this namespace is loaded but not attached.
Flavors: r-devel-linux-x86_64-debian-clang, r-devel-linux-x86_64-debian-gcc, r-devel-linux-x86_64-fedora-clang, r-devel-linux-x86_64-fedora-gcc, r-devel-osx-x86_64-clang, r-devel-windows-ix86+x86_64, r-patched-linux-x86_64, r-patched-solaris-sparc, r-patched-solaris-x86, r-release-linux-x86_64, r-release-osx-x86_64-mavericks, r-release-windows-ix86+x86_64, r-oldrel-windows-ix86+x86_64

Version: 0.1
Check: R code for possible problems
Result: NOTE
    gTree: no visible global function definition for ‘ctree’
    gTree: no visible global function definition for ‘ctree_control’
Flavors: r-devel-linux-x86_64-debian-clang, r-devel-linux-x86_64-debian-gcc, r-devel-linux-x86_64-fedora-clang, r-devel-linux-x86_64-fedora-gcc, r-devel-osx-x86_64-clang, r-devel-windows-ix86+x86_64, r-patched-linux-x86_64, r-patched-solaris-sparc, r-patched-solaris-x86, r-release-linux-x86_64, r-release-osx-x86_64-mavericks, r-release-windows-ix86+x86_64, r-oldrel-windows-ix86+x86_64

Version: 0.1
Check: package dependencies
Result: ERROR
    Package required but not available: ‘party’
    
    See section ‘The DESCRIPTION file’ in the ‘Writing R Extensions’
    manual.
Flavor: r-release-osx-x86_64-snowleopard