CRAN Package Check Results for Package GetR

Last updated on 2014-04-20 01:47:56.

Flavor Version Tinstall Tcheck Ttotal Status Flags
r-devel-linux-x86_64-debian-clang 0.1 1.80 22.67 24.47 NOTE
r-devel-linux-x86_64-debian-gcc 0.1 1.86 22.44 24.30 NOTE
r-devel-linux-x86_64-fedora-clang 0.1 52.47 NOTE
r-devel-linux-x86_64-fedora-gcc 0.1 48.77 NOTE
r-devel-macosx-x86_64-clang 0.1 51.22 NOTE
r-devel-macosx-x86_64-gcc 0.1 ERROR
r-devel-windows-ix86+x86_64 0.1 7.00 33.00 40.00 NOTE
r-patched-linux-x86_64 0.1 1.83 23.43 25.26 NOTE
r-patched-solaris-sparc 0.1 274.20 NOTE
r-patched-solaris-x86 0.1 68.60 NOTE
r-release-linux-ix86 NOTE
r-release-linux-x86_64 0.1 1.89 22.37 24.26 NOTE
r-release-macosx-x86_64 0.1 ERROR
r-release-windows-ix86+x86_64 0.1 8.00 39.00 47.00 NOTE
r-oldrel-windows-ix86+x86_64 0.1 7.00 37.00 44.00 NOTE

Check Details

Version: 0.1
Check: dependencies in R code
Result: NOTE
    'library' or 'require' call to ‘party’ which was already attached by Depends.
     Please remove these calls from your code.
    Package in Depends field not imported from: ‘party’
     These packages need to be imported from (in the NAMESPACE file)
     for when this namespace is loaded but not attached.
    See the information on DESCRIPTION files in the chapter ‘Creating R
    packages’ of the ‘Writing R Extensions’ manual.
Flavors: r-devel-linux-x86_64-debian-clang, r-devel-linux-x86_64-debian-gcc, r-devel-linux-x86_64-fedora-clang, r-devel-linux-x86_64-fedora-gcc, r-devel-macosx-x86_64-clang, r-devel-windows-ix86+x86_64, r-patched-linux-x86_64, r-patched-solaris-sparc, r-patched-solaris-x86, r-release-linux-ix86, r-release-linux-x86_64, r-release-windows-ix86+x86_64, r-oldrel-windows-ix86+x86_64

Version: 0.1
Check: package dependencies
Result: ERROR
    Package required but not available: ‘party’
    
    See the information on DESCRIPTION files in the chapter ‘Creating R
    packages’ of the ‘Writing R Extensions’ manual.
Flavor: r-devel-macosx-x86_64-gcc

Version: 0.1
Check: whether package can be installed
Result: ERROR
    Installation failed.
    See ‘/Volumes/XT3/Builds/R-dev-web/QA/Simon/packages/snowleopard-x86_64/results/3.1/GetR.Rcheck/00install.out’ for details.
Flavor: r-release-macosx-x86_64