CRAN Package Check Results for Package GetR

Last updated on 2014-07-25 14:47:36.

Flavor Version Tinstall Tcheck Ttotal Status Flags
r-devel-linux-x86_64-debian-clang 0.1 1.74 21.10 22.83 NOTE
r-devel-linux-x86_64-debian-gcc 0.1 1.68 20.99 22.66 NOTE
r-devel-linux-x86_64-fedora-clang 0.1 50.99 NOTE
r-devel-linux-x86_64-fedora-gcc 0.1 49.04 NOTE
r-devel-osx-x86_64-clang 0.1 46.50 NOTE
r-devel-windows-ix86+x86_64 0.1 6.00 37.00 43.00 NOTE
r-patched-linux-x86_64 0.1 1.70 21.47 23.17 NOTE
r-patched-solaris-sparc 0.1 274.20 NOTE
r-patched-solaris-x86 0.1 65.50 NOTE
r-release-linux-ix86 0.1 2.37 29.52 31.89 NOTE
r-release-linux-x86_64 0.1 2.07 22.17 24.24 NOTE
r-release-osx-x86_64-mavericks 0.1 NOTE
r-release-osx-x86_64-snowleopard 0.1 ERROR
r-release-windows-ix86+x86_64 0.1 7.00 38.00 45.00 NOTE
r-oldrel-windows-ix86+x86_64 0.1 6.00 37.00 43.00 NOTE

Check Details

Version: 0.1
Check: dependencies in R code
Result: NOTE
    'library' or 'require' call to ‘party’ which was already attached by Depends.
     Please remove these calls from your code.
    Package in Depends field not imported from: ‘party’
     These packages need to be imported from (in the NAMESPACE file)
     for when this namespace is loaded but not attached.
    See the information on DESCRIPTION files in the chapter ‘Creating R
    packages’ of the ‘Writing R Extensions’ manual.
Flavors: r-devel-linux-x86_64-debian-clang, r-devel-linux-x86_64-debian-gcc, r-devel-linux-x86_64-fedora-clang, r-devel-linux-x86_64-fedora-gcc, r-devel-osx-x86_64-clang, r-devel-windows-ix86+x86_64, r-patched-linux-x86_64, r-patched-solaris-sparc, r-patched-solaris-x86, r-release-linux-ix86, r-release-linux-x86_64, r-release-osx-x86_64-mavericks, r-release-windows-ix86+x86_64, r-oldrel-windows-ix86+x86_64

Version: 0.1
Check: whether package can be installed
Result: ERROR
    Installation failed.
    See ‘/Volumes/XT3/Builds/R-dev-web/QA/Simon/packages/snowleopard-x86_64/results/3.1/GetR.Rcheck/00install.out’ for details.
Flavor: r-release-osx-x86_64-snowleopard