CRAN Package Check Results for Package GetR

Last updated on 2015-04-21 06:47:26.

Flavor Version Tinstall Tcheck Ttotal Status Flags
r-devel-linux-x86_64-debian-clang 0.1 1.42 16.82 18.24 NOTE
r-devel-linux-x86_64-debian-gcc 0.1 1.35 16.44 17.79 NOTE
r-devel-linux-x86_64-fedora-clang 0.1 36.28 NOTE
r-devel-linux-x86_64-fedora-gcc 0.1 39.23 NOTE
r-devel-osx-x86_64-clang 0.1 38.62 NOTE
r-devel-windows-ix86+x86_64 0.1 6.00 37.00 43.00 NOTE
r-patched-linux-x86_64 0.1 1.33 16.62 17.95 NOTE
r-patched-solaris-sparc 0.1 222.60 NOTE
r-patched-solaris-x86 0.1 50.10 NOTE
r-release-linux-x86_64 0.1 1.34 16.96 18.30 NOTE
r-release-osx-x86_64-mavericks 0.1 NOTE
r-release-osx-x86_64-snowleopard 0.1 ERROR
r-release-windows-ix86+x86_64 0.1 3.00 24.00 27.00 NOTE
r-oldrel-windows-ix86+x86_64 0.1 8.00 35.00 43.00 NOTE

Check Details

Version: 0.1
Check: dependencies in R code
Result: NOTE
    'library' or 'require' call to ‘party’ which was already attached by Depends.
     Please remove these calls from your code.
    Package in Depends field not imported from: ‘party’
     These packages need to be imported from (in the NAMESPACE file)
     for when this namespace is loaded but not attached.
Flavors: r-devel-linux-x86_64-debian-clang, r-devel-linux-x86_64-debian-gcc, r-devel-linux-x86_64-fedora-clang, r-devel-linux-x86_64-fedora-gcc, r-devel-osx-x86_64-clang, r-devel-windows-ix86+x86_64, r-patched-linux-x86_64, r-patched-solaris-sparc, r-patched-solaris-x86, r-release-linux-x86_64, r-release-osx-x86_64-mavericks, r-release-windows-ix86+x86_64, r-oldrel-windows-ix86+x86_64

Version: 0.1
Check: R code for possible problems
Result: NOTE
    gTree: no visible global function definition for ‘ctree’
    gTree: no visible global function definition for ‘ctree_control’
Flavors: r-devel-linux-x86_64-debian-clang, r-devel-linux-x86_64-debian-gcc, r-devel-linux-x86_64-fedora-clang, r-devel-linux-x86_64-fedora-gcc, r-devel-osx-x86_64-clang, r-devel-windows-ix86+x86_64, r-patched-linux-x86_64, r-patched-solaris-sparc, r-patched-solaris-x86, r-release-linux-x86_64, r-release-osx-x86_64-mavericks, r-release-windows-ix86+x86_64, r-oldrel-windows-ix86+x86_64

Version: 0.1
Check: package dependencies
Result: ERROR
    Package required but not available: ‘party’
    
    See section ‘The DESCRIPTION file’ in the ‘Writing R Extensions’
    manual.
Flavor: r-release-osx-x86_64-snowleopard