CRAN Package Check Results for Package GetoptLong

Last updated on 2015-05-23 15:47:15.

Flavor Version Tinstall Tcheck Ttotal Status Flags
r-devel-linux-x86_64-debian-clang 0.1.0 0.73 30.38 31.11 OK
r-devel-linux-x86_64-debian-gcc 0.1.0 0.74 30.64 31.37 OK
r-devel-linux-x86_64-fedora-clang 0.1.0 61.92 OK
r-devel-linux-x86_64-fedora-gcc 0.1.0 58.45 OK
r-devel-osx-x86_64-clang 0.1.0 66.67 OK
r-devel-windows-ix86+x86_64 0.1.0 3.00 67.00 70.00 OK
r-patched-linux-x86_64 0.1.0 0.78 29.86 30.64 OK
r-patched-solaris-sparc 0.1.0 221.40 OK
r-patched-solaris-x86 0.1.0 43.80 OK
r-release-linux-x86_64 0.1.0 0.70 30.18 30.88 OK
r-release-osx-x86_64-mavericks 0.1.0 OK
r-release-osx-x86_64-snowleopard 0.1.0 ERROR
r-release-windows-ix86+x86_64 0.1.0 3.00 71.00 74.00 OK
r-oldrel-windows-ix86+x86_64 0.1.0 4.00 69.00 73.00 OK

Check Details

Version: 0.1.0
Check: package dependencies
Result: ERROR
    Package required and available but unsuitable version: ‘GlobalOptions’
    
    Package suggested but not available for checking: ‘knitr’
    
    VignetteBuilder package required for checking but not installed: ‘knitr’
    
    Files named as vignettes but with no recognized vignette engine:
     ‘inst/doc/GetoptLong.Rnw’
     ‘inst/doc/variable_interpolation.Rnw’
    (Is a VignetteBuilder field missing?)
    
    See section ‘The DESCRIPTION file’ in the ‘Writing R Extensions’
    manual.
Flavor: r-release-osx-x86_64-snowleopard