CRAN Package Check Results for Package GetoptLong

Last updated on 2015-02-01 05:47:54.

Flavor Version Tinstall Tcheck Ttotal Status Flags
r-devel-linux-x86_64-debian-clang 0.0.9 0.68 32.20 32.88 OK
r-devel-linux-x86_64-debian-gcc 0.0.9 0.68 32.37 33.05 OK
r-devel-linux-x86_64-fedora-clang 0.0.9 35.12 OK
r-devel-linux-x86_64-fedora-gcc 0.0.9 59.17 OK
r-devel-osx-x86_64-clang 0.0.9 56.05 OK
r-devel-windows-ix86+x86_64 0.0.9 5.00 106.00 111.00 OK
r-patched-linux-x86_64 0.0.9 0.76 34.31 35.07 OK
r-patched-solaris-sparc 0.0.9 183.40 OK
r-patched-solaris-x86 0.0.9 41.10 OK
r-release-linux-ix86 0.0.8 1.11 39.36 40.47 ERROR
r-release-linux-x86_64 0.0.9 0.74 35.17 35.91 OK
r-release-osx-x86_64-mavericks 0.0.9 OK
r-release-osx-x86_64-snowleopard 0.0.9 OK
r-release-windows-ix86+x86_64 0.0.9 3.00 75.00 78.00 OK
r-oldrel-windows-ix86+x86_64 0.0.9 3.00 76.00 79.00 OK

Check Details

Version: 0.0.8
Check: tests
Result: ERROR
    Running the tests in ‘tests/test-all.R’ failed.
    Last 13 lines of output:
     + }
     + }
     Test `GetoptLong` : .....................................................................................................tag is mandatory, please specify it.
     .
     Test `qq` and `qqcat` : ..........................1
    
    
     1. Failure(@test_qq.R#111): test `cat_prefix` ----------------------------------
     is.function(attr(qq.options("cat_prefix"), "FUN")) not equal to TRUE
     1 element mismatch
    
     Error: Test failures
     Execution halted
Flavor: r-release-linux-ix86