CRAN Package Check Results for Package GetoptLong

Last updated on 2014-04-24 19:53:59.

Flavor Version Tinstall Tcheck Ttotal Status Flags
r-devel-linux-x86_64-debian-clang 0.0.3 0.67 22.48 23.15 OK
r-devel-linux-x86_64-debian-gcc 0.0.3 0.67 22.00 22.67 OK
r-devel-linux-x86_64-fedora-clang 0.0.3 47.38 OK
r-devel-linux-x86_64-fedora-gcc 0.0.3 44.70 OK
r-devel-osx-x86_64-clang 0.0.3 59.34 OK
r-devel-osx-x86_64-gcc 0.0.3 OK
r-devel-windows-ix86+x86_64 0.0.3 3.00 51.00 54.00 OK
r-patched-linux-x86_64 0.0.3 0.70 22.31 23.02 OK
r-patched-solaris-sparc 0.0.3 179.80 ERROR
r-patched-solaris-x86 0.0.3 45.30 ERROR
r-release-linux-ix86 0.0.3 1.00 50.00 51.00 OK
r-release-linux-x86_64 0.0.3 0.69 21.86 22.55 OK
r-release-osx-x86_64-mavericks 0.0.3 OK
r-release-osx-x86_64-snowleopard 0.0.3 OK
r-release-windows-ix86+x86_64 0.0.3 5.00 74.00 79.00 OK
r-oldrel-windows-ix86+x86_64 0.0.3 2.00 53.00 55.00 OK

Check Details

Version: 0.0.3
Check: tests
Result: ERROR
    Running the tests in ‘tests/test-all.R’ failed.
    Last 13 lines of output:
     3: cat(qq(text, envir, code.pattern), file = file, sep = sep, fill = fill, labels = labels,
     append = append)
     4: base::cat(..., file = file, sep = sep, fill = fill, labels = labels, append = append)
     5: qq(text, envir, code.pattern)
     6: stop("All your codes should only return simple vectors.\n")
    
     Error: Test failures
     In addition: Warning messages:
     1: running command '"/bin/perl" "/tmp/RtmpfDa4pe/file87f3836930.pl" --tag 1 2' had status 255 and error message 'Illegal seek'
     2: running command '"/bin/perl" "/tmp/RtmpfDa4pe/file87f7400235.pl" --tag 1 2' had status 255 and error message 'Illegal seek'
     3: running command '"/bin/perl" "/tmp/RtmpfDa4pe/file87f23a1a1e.pl" --tag 1' had status 255 and error message 'Illegal seek'
     4: running command '"/bin/perl" "/tmp/RtmpfDa4pe/file87f37094a0c.pl" --tag 1' had status 255 and error message 'Illegal seek'
     Execution halted
Flavor: r-patched-solaris-sparc

Version: 0.0.3
Check: tests
Result: ERROR
    Running the tests in ‘tests/test-all.R’ failed.
    Last 13 lines of output:
     3: cat(qq(text, envir, code.pattern), file = file, sep = sep, fill = fill, labels = labels,
     append = append)
     4: base::cat(..., file = file, sep = sep, fill = fill, labels = labels, append = append)
     5: qq(text, envir, code.pattern)
     6: stop("All your codes should only return simple vectors.\n")
    
     Error: Test failures
     In addition: Warning messages:
     1: running command '"/bin/perl" "/tmp/Rtmp.GaW6j/file13d64a7f3e64.pl" --tag 1 2' had status 255 and error message 'Illegal seek'
     2: running command '"/bin/perl" "/tmp/Rtmp.GaW6j/file13d61a755086.pl" --tag 1 2' had status 255 and error message 'Illegal seek'
     3: running command '"/bin/perl" "/tmp/Rtmp.GaW6j/file13d6572073e5.pl" --tag 1' had status 255 and error message 'Illegal seek'
     4: running command '"/bin/perl" "/tmp/Rtmp.GaW6j/file13d6628d2009.pl" --tag 1' had status 255 and error message 'Illegal seek'
     Execution halted
Flavor: r-patched-solaris-x86