CRAN Package Check Results for Package GhcnDaily

Last updated on 2014-11-21 08:48:53.

Flavor Version Tinstall Tcheck Ttotal Status Flags
r-devel-linux-x86_64-debian-clang 1.5 1.19 16.07 17.26 NOTE
r-devel-linux-x86_64-debian-gcc 1.5 1.10 15.36 16.46 NOTE
r-devel-linux-x86_64-fedora-clang 1.5 38.77 NOTE
r-devel-linux-x86_64-fedora-gcc 1.5 35.12 NOTE
r-devel-osx-x86_64-clang 1.5 36.10 NOTE
r-devel-windows-ix86+x86_64 1.5 5.00 27.00 32.00 NOTE
r-patched-linux-x86_64 1.5 1.23 15.97 17.20 NOTE
r-patched-solaris-sparc 1.5 190.60 NOTE
r-patched-solaris-x86 1.5 47.10 NOTE
r-release-linux-ix86 1.5 1.51 22.20 23.71 NOTE
r-release-linux-x86_64 1.5 1.20 15.89 17.08 NOTE
r-release-osx-x86_64-mavericks 1.5 NOTE
r-release-osx-x86_64-snowleopard 1.5 NOTE
r-release-windows-ix86+x86_64 1.5 4.00 26.00 30.00 NOTE
r-oldrel-windows-ix86+x86_64 1.5 5.00 33.00 38.00 NOTE

Check Details

Version: 1.5
Check: dependencies in R code
Result: NOTE
    'library' or 'require' calls to packages already attached by Depends:
     ‘abind’ ‘ncdf’
     Please remove these calls from your code.
    Packages in Depends field not imported from:
     ‘R.methodsS3’ ‘R.oo’ ‘R.utils’ ‘abind’ ‘ncdf’
     These packages need to be imported from (in the NAMESPACE file)
     for when this namespace is loaded but not attached.
    See the information on DESCRIPTION files in the chapter ‘Creating R
    packages’ of the ‘Writing R Extensions’ manual.
Flavors: r-devel-linux-x86_64-debian-clang, r-devel-linux-x86_64-debian-gcc, r-devel-linux-x86_64-fedora-clang, r-devel-linux-x86_64-fedora-gcc, r-devel-osx-x86_64-clang, r-devel-windows-ix86+x86_64, r-patched-linux-x86_64, r-patched-solaris-sparc, r-patched-solaris-x86, r-release-linux-ix86, r-release-linux-x86_64, r-release-osx-x86_64-mavericks, r-release-windows-ix86+x86_64, r-oldrel-windows-ix86+x86_64

Version: 1.5
Check: R code for possible problems
Result: NOTE
    createArray: no visible global function definition for ‘afill<-’
    downloadDailyData: no visible global function definition for ‘isUrl’
    readDailyFile: no visible global function definition for ‘isUrl’
    readNetCDF: no visible global function definition for ‘open.ncdf’
    readNetCDF: no visible global function definition for ‘get.var.ncdf’
    writeNetCDF: no visible global function definition for ‘dim.def.ncdf’
    writeNetCDF: no visible global function definition for ‘var.def.ncdf’
    writeNetCDF: no visible global function definition for ‘create.ncdf’
    writeNetCDF: no visible global function definition for ‘put.var.ncdf’
    writeNetCDF: no visible global function definition for ‘att.put.ncdf’
    writeNetCDF: no visible global function definition for ‘close.ncdf’
Flavors: r-devel-linux-x86_64-debian-clang, r-devel-linux-x86_64-debian-gcc, r-devel-linux-x86_64-fedora-clang, r-devel-linux-x86_64-fedora-gcc, r-devel-osx-x86_64-clang, r-devel-windows-ix86+x86_64, r-patched-linux-x86_64, r-patched-solaris-sparc, r-patched-solaris-x86, r-release-linux-ix86, r-release-linux-x86_64, r-release-windows-ix86+x86_64

Version: 1.5
Check: dependencies in R code
Result: NOTE
    ‘library’ or ‘require’ calls to packages already attached by Depends:
     ‘abind’ ‘ncdf’
     Please remove these calls from your code.
    See the information on DESCRIPTION files in the chapter ‘Creating R
    packages’ of the ‘Writing R Extensions’ manual.
Flavor: r-release-osx-x86_64-snowleopard