CRAN Package Check Results for Package GhcnDaily

Last updated on 2015-05-29 07:47:25.

Flavor Version Tinstall Tcheck Ttotal Status Flags
r-devel-linux-x86_64-debian-clang 1.5 0.96 13.35 14.31 NOTE
r-devel-linux-x86_64-debian-gcc 1.5 1.01 13.33 14.34 NOTE
r-devel-linux-x86_64-fedora-clang 1.5 29.54 NOTE
r-devel-linux-x86_64-fedora-gcc 1.5 26.25 NOTE
r-devel-osx-x86_64-clang 1.5 31.42 NOTE
r-devel-windows-ix86+x86_64 1.5 7.00 27.00 34.00 NOTE
r-patched-linux-x86_64 1.5 0.96 13.52 14.48 NOTE
r-patched-solaris-sparc 1.5 181.40 NOTE
r-patched-solaris-x86 1.5 41.60 NOTE
r-release-linux-x86_64 1.5 0.97 13.50 14.46 NOTE
r-release-osx-x86_64-mavericks 1.5 NOTE
r-release-osx-x86_64-snowleopard 1.5 NOTE
r-release-windows-ix86+x86_64 1.5 8.00 33.00 41.00 NOTE
r-oldrel-windows-ix86+x86_64 1.5 6.00 34.00 40.00 NOTE

Check Details

Version: 1.5
Check: dependencies in R code
Result: NOTE
    'library' or 'require' calls to packages already attached by Depends:
     ‘abind’ ‘ncdf’
     Please remove these calls from your code.
    Packages in Depends field not imported from:
     ‘R.methodsS3’ ‘R.oo’ ‘R.utils’ ‘abind’ ‘ncdf’
     These packages need to be imported from (in the NAMESPACE file)
     for when this namespace is loaded but not attached.
Flavors: r-devel-linux-x86_64-debian-clang, r-devel-linux-x86_64-debian-gcc, r-devel-linux-x86_64-fedora-clang, r-devel-linux-x86_64-fedora-gcc, r-devel-osx-x86_64-clang, r-devel-windows-ix86+x86_64, r-patched-linux-x86_64, r-patched-solaris-sparc, r-patched-solaris-x86, r-release-linux-x86_64, r-release-osx-x86_64-mavericks, r-release-osx-x86_64-snowleopard, r-release-windows-ix86+x86_64, r-oldrel-windows-ix86+x86_64

Version: 1.5
Check: R code for possible problems
Result: NOTE
    createArray: no visible global function definition for ‘afill<-’
    downloadDailyData: no visible global function definition for ‘isUrl’
    readDailyFile: no visible global function definition for ‘isUrl’
    readNetCDF: no visible global function definition for ‘open.ncdf’
    readNetCDF: no visible global function definition for ‘get.var.ncdf’
    writeNetCDF: no visible global function definition for ‘dim.def.ncdf’
    writeNetCDF: no visible global function definition for ‘var.def.ncdf’
    writeNetCDF: no visible global function definition for ‘create.ncdf’
    writeNetCDF: no visible global function definition for ‘put.var.ncdf’
    writeNetCDF: no visible global function definition for ‘att.put.ncdf’
    writeNetCDF: no visible global function definition for ‘close.ncdf’
Flavors: r-devel-linux-x86_64-debian-clang, r-devel-linux-x86_64-debian-gcc, r-devel-linux-x86_64-fedora-clang, r-devel-linux-x86_64-fedora-gcc, r-devel-osx-x86_64-clang, r-devel-windows-ix86+x86_64, r-patched-linux-x86_64, r-patched-solaris-sparc, r-patched-solaris-x86, r-release-linux-x86_64, r-release-osx-x86_64-mavericks, r-release-osx-x86_64-snowleopard, r-release-windows-ix86+x86_64, r-oldrel-windows-ix86+x86_64