CRAN Package Check Results for Package GhcnDaily

Last updated on 2014-04-24 03:47:45.

Flavor Version Tinstall Tcheck Ttotal Status Flags
r-devel-linux-x86_64-debian-clang 1.5 1.24 16.52 17.76 NOTE
r-devel-linux-x86_64-debian-gcc 1.5 1.19 15.90 17.09 NOTE
r-devel-linux-x86_64-fedora-clang 1.5 34.82 NOTE
r-devel-linux-x86_64-fedora-gcc 1.5 32.62 NOTE
r-devel-osx-x86_64-clang 1.5 37.26 NOTE
r-devel-osx-x86_64-gcc 1.5 NOTE
r-devel-windows-ix86+x86_64 1.5 4.00 24.00 28.00 NOTE
r-patched-linux-x86_64 1.5 1.19 15.89 17.08 NOTE
r-patched-solaris-sparc 1.5 194.10 NOTE
r-patched-solaris-x86 1.5 48.00 NOTE
r-release-linux-ix86 1.5 2.00 33.00 35.00 NOTE
r-release-linux-x86_64 1.5 1.21 15.69 16.90 NOTE
r-release-osx-x86_64-mavericks 1.5 ERROR
r-release-osx-x86_64-snowleopard 1.5 NOTE
r-release-windows-ix86+x86_64 1.5 7.00 37.00 44.00 NOTE
r-oldrel-windows-ix86+x86_64 1.5 5.00 27.00 32.00 NOTE

Check Details

Version: 1.5
Check: dependencies in R code
Result: NOTE
    'library' or 'require' calls to packages already attached by Depends:
     ‘abind’ ‘ncdf’
     Please remove these calls from your code.
    Packages in Depends field not imported from:
     ‘R.methodsS3’ ‘R.oo’ ‘R.utils’ ‘abind’ ‘ncdf’
     These packages need to be imported from (in the NAMESPACE file)
     for when this namespace is loaded but not attached.
    See the information on DESCRIPTION files in the chapter ‘Creating R
    packages’ of the ‘Writing R Extensions’ manual.
Flavors: r-devel-linux-x86_64-debian-clang, r-devel-linux-x86_64-debian-gcc, r-devel-linux-x86_64-fedora-clang, r-devel-linux-x86_64-fedora-gcc, r-devel-osx-x86_64-clang, r-devel-osx-x86_64-gcc, r-devel-windows-ix86+x86_64, r-patched-linux-x86_64, r-patched-solaris-sparc, r-patched-solaris-x86, r-release-linux-ix86, r-release-linux-x86_64, r-release-windows-ix86+x86_64, r-oldrel-windows-ix86+x86_64

Version: 1.5
Check: package dependencies
Result: ERROR
    Package required but not available: ‘ncdf’
    
    See the information on DESCRIPTION files in the chapter ‘Creating R
    packages’ of the ‘Writing R Extensions’ manual.
Flavor: r-release-osx-x86_64-mavericks

Version: 1.5
Check: dependencies in R code
Result: NOTE
    ‘library’ or ‘require’ calls to packages already attached by Depends:
     ‘abind’ ‘ncdf’
     Please remove these calls from your code.
    See the information on DESCRIPTION files in the chapter ‘Creating R
    packages’ of the ‘Writing R Extensions’ manual.
Flavor: r-release-osx-x86_64-snowleopard